000
CDUS41 KAKQ 040545
CLISBY


CLIMATE REPORT
NATIONAL WEATHER SERVICE WAKEFIELD, VA
145 AM EDT WED MAY 4 2016


...................................

...THE SALISBURY MD CLIMATE SUMMARY FOR MAY 3 2016...

CLIMATE NORMAL PERIOD 1981 TO 2010
CLIMATE RECORD PERIOD 1900 TO 2016


WEATHER ITEM   OBSERVED TIME   RECORD YEAR NORMAL DEPARTURE LAST
                VALUE   (LST)  VALUE       VALUE  FROM      YEAR
                                                  NORMAL
..................................................................
TEMPERATURE (F)
 YESTERDAY
  MAXIMUM         73    235 PM  88    1965  70      3       80
  MINIMUM         51   1159 PM  33    2005  48      3       41
                                      1988
  AVERAGE         62                        59      3       61

PRECIPITATION (IN)
  YESTERDAY        0.53          1.76 1934   0.10   0.43     0.00
  MONTH TO DATE    1.52                      0.29   1.23     0.13
  SINCE MAR 1      6.97                      8.26  -1.29     7.87
  SINCE JAN 1     13.82                     15.22  -1.40    15.59

SNOWFALL (IN)
  YESTERDAY        0.0           0.0  2002   0.0    0.0
                                      2001
  MONTH TO DATE    0.0                       0.0    0.0
  SINCE NOV 1     19.8                       9.3   10.5
  SINCE JUL 1     19.8                       9.3   10.5
  SNOW DEPTH       0

DEGREE DAYS
 HEATING
  YESTERDAY        3                         7     -4        4
  MONTH TO DATE   14                        21     -7       30
  SINCE MAR 1    820                       996   -176     1014
  SINCE JUL 1   3491                      4301   -810     4227

 COOLING
  YESTERDAY        0                         1     -1        0
  MONTH TO DATE    2                         3     -1        0
  SINCE MAR 1     26                        20      6        7
  SINCE JAN 1     26                        20      6        7
..................................................................


WIND (MPH)
  HIGHEST WIND SPEED    17   HIGHEST WIND DIRECTION     E (100)
  HIGHEST GUST SPEED    21   HIGHEST GUST DIRECTION     E (100)
  AVERAGE WIND SPEED     8.2


SKY COVER
  POSSIBLE SUNSHINE  MM
  AVERAGE SKY COVER 0.9


WEATHER CONDITIONS
 THE FOLLOWING WEATHER WAS RECORDED YESTERDAY.
  THUNDERSTORM
  RAIN
  LIGHT RAIN
  FOG


RELATIVE HUMIDITY (PERCENT)
 HIGHEST   100           600 AM
 LOWEST     68           100 PM
 AVERAGE    84

..........................................................


THE SALISBURY MD CLIMATE NORMALS FOR TODAY
                         NORMAL    RECORD    YEAR
 MAXIMUM TEMPERATURE (F)   70        88      2001
                                             1928
 MINIMUM TEMPERATURE (F)   48        32      2005
                                             2003


SUNRISE AND SUNSET
MAY  4 2016...........SUNRISE   601 AM EDT   SUNSET   757 PM EDT
MAY  5 2016...........SUNRISE   600 AM EDT   SUNSET   758 PM EDT


-  INDICATES NEGATIVE NUMBERS.
R  INDICATES RECORD WAS SET OR TIED.
MM INDICATES DATA IS MISSING.
T  INDICATES TRACE AMOUNT.




$$
