000
CDUS41 KAKQ 270545
CLISBY


CLIMATE REPORT
NATIONAL WEATHER SERVICE WAKEFIELD, VA
145 AM EDT THU APR 27 2017


...................................

...THE SALISBURY MD CLIMATE SUMMARY FOR APRIL 26 2017...

CLIMATE NORMAL PERIOD 1981 TO 2010
CLIMATE RECORD PERIOD 1900 TO 2017


WEATHER ITEM   OBSERVED TIME   RECORD YEAR NORMAL DEPARTURE LAST
                VALUE   (LST)  VALUE       VALUE  FROM      YEAR
                                                  NORMAL
..................................................................
TEMPERATURE (F)
 YESTERDAY
  MAXIMUM         65    602 PM  96    1915  68     -3       84
  MINIMUM         55   1159 PM  30    1967  46      9       61
  AVERAGE         60                        57      3       73

PRECIPITATION (IN)
  YESTERDAY        0.01          2.57 1937   0.10  -0.09     0.14
  MONTH TO DATE    2.02                      3.14  -1.12     3.31
  SINCE MAR 1      6.65                      7.56  -0.91     5.09
  SINCE JAN 1     11.45                     14.52  -3.07    11.94

SNOWFALL (IN)
  YESTERDAY        0.0           T    1919   0.0    0.0
  MONTH TO DATE    0.0                       0.2   -0.2
  SINCE NOV 1      9.6                       9.3    0.3
  SINCE JUL 1      9.6                       9.3    0.3
  SNOW DEPTH       0

DEGREE DAYS
 HEATING
  YESTERDAY        5                         9     -4        0
  MONTH TO DATE  180                       314   -134      315
  SINCE MAR 1    804                       944   -140      759
  SINCE JUL 1   3555                      4249   -694     3430

 COOLING
  YESTERDAY        0                         1     -1        8
  MONTH TO DATE   28                        13     15       21
  SINCE MAR 1     30                        15     15       24
  SINCE JAN 1     30                        15     15       24
..................................................................


WIND (MPH)
  HIGHEST WIND SPEED    10   HIGHEST WIND DIRECTION     W (260)
  HIGHEST GUST SPEED    14   HIGHEST GUST DIRECTION    NW (330)
  AVERAGE WIND SPEED     4.7


SKY COVER
  POSSIBLE SUNSHINE  MM
  AVERAGE SKY COVER 0.9


WEATHER CONDITIONS
 THE FOLLOWING WEATHER WAS RECORDED YESTERDAY.
  LIGHT RAIN
  FOG
  FOG W/VISIBILITY <= 1/4 MILE


RELATIVE HUMIDITY (PERCENT)
 HIGHEST   100          1200 AM
 LOWEST     84           600 PM
 AVERAGE    92

..........................................................


THE SALISBURY MD CLIMATE NORMALS FOR TODAY
                         NORMAL    RECORD    YEAR
 MAXIMUM TEMPERATURE (F)   68        96      1915
 MINIMUM TEMPERATURE (F)   46        31      1933


SUNRISE AND SUNSET
APRIL 27 2017.........SUNRISE   610 AM EDT   SUNSET   750 PM EDT
APRIL 28 2017.........SUNRISE   609 AM EDT   SUNSET   751 PM EDT


-  INDICATES NEGATIVE NUMBERS.
R  INDICATES RECORD WAS SET OR TIED.
MM INDICATES DATA IS MISSING.
T  INDICATES TRACE AMOUNT.




$$
