000
CDUS41 KAKQ 090634
CLISBY


CLIMATE REPORT
NATIONAL WEATHER SERVICE WAKEFIELD, VA
133 AM EST FRI DEC 9 2016


...................................

...THE SALISBURY MD CLIMATE SUMMARY FOR DECEMBER 8 2016...

CLIMATE NORMAL PERIOD 1981 TO 2010
CLIMATE RECORD PERIOD 1900 TO 2016


WEATHER ITEM   OBSERVED TIME   RECORD YEAR NORMAL DEPARTURE LAST
                VALUE   (LST)  VALUE       VALUE  FROM      YEAR
                                                  NORMAL
..................................................................
TEMPERATURE (F)
 YESTERDAY
  MAXIMUM         44    411 PM  74    1966  50     -6       53
  MINIMUM         30    520 AM  10    1954  32     -2       30
  AVERAGE         37                        41     -4       42

PRECIPITATION (IN)
  YESTERDAY        0.01          1.30 1974   0.13  -0.12     0.00
  MONTH TO DATE    1.57                      1.02   0.55     0.96
  SINCE DEC 1      1.57                      1.02   0.55     0.96
  SINCE JAN 1     53.07                     42.99  10.08    47.84

SNOWFALL (IN)
  YESTERDAY       MM            10.0  1989   0.1   MM
  MONTH TO DATE    0.0                       0.4   -0.4
  SINCE NOV 1      0.0                       0.6   -0.6
  SINCE JUL 1      0.0                       0.6   -0.6
  SNOW DEPTH       0

DEGREE DAYS
 HEATING
  YESTERDAY       28                        24      4       23
  MONTH TO DATE  171                       183    -12      150
  SINCE DEC 1    171                       183    -12      150
  SINCE JUL 1    831                      1001   -170      797

 COOLING
  YESTERDAY        0                         0      0        0
  MONTH TO DATE    0                         0      0        0
  SINCE DEC 1      0                         0      0        0
  SINCE JAN 1   1481                      1153    328     1342
..................................................................


WIND (MPH)
  HIGHEST WIND SPEED    22   HIGHEST WIND DIRECTION    NW (330)
  HIGHEST GUST SPEED    29   HIGHEST GUST DIRECTION    NW (320)
  AVERAGE WIND SPEED     4.8


SKY COVER
  POSSIBLE SUNSHINE  MM
  AVERAGE SKY COVER 0.5


WEATHER CONDITIONS
 THE FOLLOWING WEATHER WAS RECORDED YESTERDAY.
  LIGHT RAIN
  FOG
  FOG W/VISIBILITY <= 1/4 MILE
  HAZE


RELATIVE HUMIDITY (PERCENT)
 HIGHEST   100           700 AM
 LOWEST     41           900 PM
 AVERAGE    71

..........................................................


THE SALISBURY MD CLIMATE NORMALS FOR TODAY
                         NORMAL    RECORD    YEAR
 MAXIMUM TEMPERATURE (F)   50        73      1966
 MINIMUM TEMPERATURE (F)   31        12      1976


SUNRISE AND SUNSET
DECEMBER  9 2016......SUNRISE   708 AM EST   SUNSET   441 PM EST
DECEMBER 10 2016......SUNRISE   708 AM EST   SUNSET   442 PM EST


-  INDICATES NEGATIVE NUMBERS.
R  INDICATES RECORD WAS SET OR TIED.
MM INDICATES DATA IS MISSING.
T  INDICATES TRACE AMOUNT.




$$
