000
CDUS41 KAKQ 280828
CLISBY


CLIMATE REPORT
NATIONAL WEATHER SERVICE WAKEFIELD, VA
428 AM EDT THU AUG 28 2014


...................................

...THE SALISBURY MD CLIMATE SUMMARY FOR AUGUST 27 2014...

CLIMATE NORMAL PERIOD 1981 TO 2010
CLIMATE RECORD PERIOD 1900 TO 2014


WEATHER ITEM   OBSERVED TIME   RECORD YEAR NORMAL DEPARTURE LAST
                VALUE   (LST)  VALUE       VALUE  FROM      YEAR
                                                  NORMAL
..................................................................
TEMPERATURE (F)
 YESTERDAY
  MAXIMUM         90    326 PM 100    1948  83      7       91
  MINIMUM         59    506 AM  47    1944  64     -5       70
  AVERAGE         75                        74      1       81

PRECIPITATION (IN)
  YESTERDAY        0.00          5.58 2011   0.13  -0.13     0.00
  MONTH TO DATE    4.34                      3.97   0.37     6.49
  SINCE JUN 1      8.46                     12.06  -3.60    20.22
  SINCE JAN 1     20.28                     30.61 -10.33    38.87

SNOWFALL (IN)
  YESTERDAY        0.0           0.0  2002   0.0    0.0
                                      2001
  MONTH TO DATE    0.0                       0.0    0.0
  SINCE NOV 1     22.5                       9.3   13.2
  SINCE JUL 1      0.0                       0.0    0.0
  SNOW DEPTH       0

DEGREE DAYS
 HEATING
  YESTERDAY        0                         0      0        0
  MONTH TO DATE    0                         0      0        0
  SINCE JUN 1      5                        20    -15        0
  SINCE JUL 1      0                         1     -1        0

 COOLING
  YESTERDAY       10                         9      1       16
  MONTH TO DATE  261                       275    -14      283
  SINCE JUN 1    944                       866     78     1122
  SINCE JAN 1   1079                       950    129     1313
..................................................................


WIND (MPH)
  HIGHEST WIND SPEED    10   HIGHEST WIND DIRECTION    SE (120)
  HIGHEST GUST SPEED    15   HIGHEST GUST DIRECTION    NE (60)
  AVERAGE WIND SPEED     2.2


SKY COVER
  POSSIBLE SUNSHINE  MM
  AVERAGE SKY COVER 0.3


WEATHER CONDITIONS
 THE FOLLOWING WEATHER WAS RECORDED YESTERDAY.
  FOG
  FOG W/VISIBILITY <= 1/4 MILE
  HAZE


RELATIVE HUMIDITY (PERCENT)
 HIGHEST    93           500 AM
 LOWEST     39           200 PM
 AVERAGE    66

..........................................................


THE SALISBURY MD CLIMATE NORMALS FOR TODAY
                         NORMAL    RECORD    YEAR
 MAXIMUM TEMPERATURE (F)   83        98      1948
 MINIMUM TEMPERATURE (F)   64        46      1944


SUNRISE AND SUNSET
AUGUST 28 2014........SUNRISE   628 AM EDT   SUNSET   738 PM EDT
AUGUST 29 2014........SUNRISE   629 AM EDT   SUNSET   736 PM EDT


-  INDICATES NEGATIVE NUMBERS.
R  INDICATES RECORD WAS SET OR TIED.
MM INDICATES DATA IS MISSING.
T  INDICATES TRACE AMOUNT.




$$
