000
CDUS41 KAKQ 170827
CLISBY


CLIMATE REPORT
NATIONAL WEATHER SERVICE WAKEFIELD, VA
426 AM EDT THU APR 17 2014


...................................

...THE SALISBURY MD CLIMATE SUMMARY FOR APRIL 16 2014...

CLIMATE NORMAL PERIOD 1981 TO 2010
CLIMATE RECORD PERIOD 1900 TO 2014


WEATHER ITEM   OBSERVED TIME   RECORD YEAR NORMAL DEPARTURE LAST
                VALUE   (LST)  VALUE       VALUE  FROM      YEAR
                                                  NORMAL
..................................................................
TEMPERATURE (F)
 YESTERDAY
  MAXIMUM         51    437 PM  89    1976  65    -14       76
  MINIMUM         34    521 AM  25    2008  43     -9       50
                                      1943
  AVERAGE         43                        54    -11       63

PRECIPITATION (IN)
  YESTERDAY        0.01          2.05 1983   0.12  -0.11     0.00
  MONTH TO DATE    1.93                      2.06  -0.13     1.54
  SINCE MAR 1      4.50                      6.48  -1.98     6.39
  SINCE JAN 1      8.48                     13.44  -4.96    13.09

SNOWFALL (IN)
  YESTERDAY        0.0           T    1935   0.1   -0.1
  MONTH TO DATE    0.0                       0.2   -0.2
  SINCE NOV 1     22.5                       9.3   13.2
  SINCE JUL 1     22.5                       9.3   13.2
  SNOW DEPTH       0

DEGREE DAYS
 HEATING
  YESTERDAY       22                        11     11        2
  MONTH TO DATE  144                       214    -70      155
  SINCE MAR 1    833                       844    -11      852
  SINCE JUL 1   3973                      4149   -176     3630

 COOLING
  YESTERDAY        0                         1     -1        0
  MONTH TO DATE   14                         3     11       29
  SINCE MAR 1     14                         5      9       29
  SINCE JAN 1     14                         5      9       29
..................................................................


WIND (MPH)
  HIGHEST WIND SPEED    24   HIGHEST WIND DIRECTION    NW (330)
  HIGHEST GUST SPEED    30   HIGHEST GUST DIRECTION    NW (330)
  AVERAGE WIND SPEED    11.0


SKY COVER
  POSSIBLE SUNSHINE  MM
  AVERAGE SKY COVER 0.1


WEATHER CONDITIONS
 THE FOLLOWING WEATHER WAS RECORDED YESTERDAY.
  HEAVY RAIN
  RAIN
  FOG


RELATIVE HUMIDITY (PERCENT)
 HIGHEST    92          1200 AM
 LOWEST     34           600 PM
 AVERAGE    63

..........................................................


THE SALISBURY MD CLIMATE NORMALS FOR TODAY
                         NORMAL    RECORD    YEAR
 MAXIMUM TEMPERATURE (F)   66        92      2002
 MINIMUM TEMPERATURE (F)   44        26      2008


SUNRISE AND SUNSET
APRIL 17 2014.........SUNRISE   623 AM EDT   SUNSET   740 PM EDT
APRIL 18 2014.........SUNRISE   622 AM EDT   SUNSET   741 PM EDT


-  INDICATES NEGATIVE NUMBERS.
R  INDICATES RECORD WAS SET OR TIED.
MM INDICATES DATA IS MISSING.
T  INDICATES TRACE AMOUNT.




$$
