000
CDUS41 KAKQ 180545
CLISBY


CLIMATE REPORT
NATIONAL WEATHER SERVICE WAKEFIELD, VA
145 AM EDT FRI AUG 18 2017


...................................

...THE SALISBURY MD CLIMATE SUMMARY FOR AUGUST 17 2017...

CLIMATE NORMAL PERIOD 1981 TO 2010
CLIMATE RECORD PERIOD 1900 TO 2017


WEATHER ITEM   OBSERVED TIME   RECORD YEAR NORMAL DEPARTURE LAST
                VALUE   (LST)  VALUE       VALUE  FROM      YEAR
                                                  NORMAL
..................................................................
TEMPERATURE (F)
 YESTERDAY
  MAXIMUM         86    327 PM  97    1997  84      2       93
                                      1938
  MINIMUM         71    324 AM  52    1979  66      5       72
  AVERAGE         79                        75      4       83

PRECIPITATION (IN)
  YESTERDAY        T             3.10 1943   0.13  -0.13     0.76
  MONTH TO DATE    9.82                      2.59   7.23     1.62
  SINCE JUN 1     23.12                     10.68  12.44    14.25
  SINCE JAN 1     39.65                     29.23  10.42    32.98

SNOWFALL (IN)
  YESTERDAY        0.0           0.0  2002   0.0    0.0
                                      2001
  MONTH TO DATE    0.0                       0.0    0.0
  SINCE NOV 1      9.6                       9.3    0.3
  SINCE JUL 1      0.0                       0.0    0.0
  SNOW DEPTH       0

DEGREE DAYS
 HEATING
  YESTERDAY        0                         0      0        0
  MONTH TO DATE    0                         0      0        0
  SINCE JUN 1     15                        20     -5        1
  SINCE JUL 1      0                         1     -1        0

 COOLING
  YESTERDAY       14                        10      4       18
  MONTH TO DATE  176                       181     -5      266
  SINCE JUN 1    901                       772    129      935
  SINCE JAN 1   1039                       856    183     1020
..................................................................


WIND (MPH)
  HIGHEST WIND SPEED    14   HIGHEST WIND DIRECTION     S (180)
  HIGHEST GUST SPEED    21   HIGHEST GUST DIRECTION    NE (30)
  AVERAGE WIND SPEED     4.6


SKY COVER
  POSSIBLE SUNSHINE  MM
  AVERAGE SKY COVER 0.5


WEATHER CONDITIONS
 THE FOLLOWING WEATHER WAS RECORDED YESTERDAY.
  FOG
  FOG W/VISIBILITY <= 1/4 MILE


RELATIVE HUMIDITY (PERCENT)
 HIGHEST   100           200 AM
 LOWEST     65           300 PM
 AVERAGE    83

..........................................................


THE SALISBURY MD CLIMATE NORMALS FOR TODAY
                         NORMAL    RECORD    YEAR
 MAXIMUM TEMPERATURE (F)   84        98      1914
 MINIMUM TEMPERATURE (F)   65        49      1941


SUNRISE AND SUNSET
AUGUST 18 2017........SUNRISE   619 AM EDT   SUNSET   751 PM EDT
AUGUST 19 2017........SUNRISE   620 AM EDT   SUNSET   750 PM EDT


-  INDICATES NEGATIVE NUMBERS.
R  INDICATES RECORD WAS SET OR TIED.
MM INDICATES DATA IS MISSING.
T  INDICATES TRACE AMOUNT.




$$
