000
CDUS41 KAKQ 050631
CLISBY


CLIMATE REPORT
NATIONAL WEATHER SERVICE WAKEFIELD, VA
130 AM EST THU MAR 5 2015


...................................

...THE SALISBURY MD CLIMATE SUMMARY FOR MARCH 4 2015...

CLIMATE NORMAL PERIOD 1981 TO 2010
CLIMATE RECORD PERIOD 1900 TO 2015


WEATHER ITEM   OBSERVED TIME   RECORD YEAR NORMAL DEPARTURE LAST
                VALUE   (LST)  VALUE       VALUE  FROM      YEAR
                                                  NORMAL
..................................................................
TEMPERATURE (F)
 YESTERDAY
  MAXIMUM         53    542 PM  76    1961  51      2       34
  MINIMUM         39   1218 AM   1    2009  31      8       10
  AVERAGE         46                        41      5       22

PRECIPITATION (IN)
  YESTERDAY        0.11          2.20 1993   0.13  -0.02      T
  MONTH TO DATE    0.68                      0.53   0.15     0.60
  SINCE MAR 1      0.68                      0.53   0.15     0.60
  SINCE JAN 1      8.40                      7.49   0.91     7.82

SNOWFALL (IN)
  YESTERDAY       MM             3.0  1912   0.0   MM
  MONTH TO DATE    T                         0.2   -0.2
  SINCE NOV 1     10.5                       8.5    2.0
  SINCE JUL 1     10.5                       8.5    2.0
  SNOW DEPTH       0

DEGREE DAYS
 HEATING
  YESTERDAY       19                        24     -5       43
  MONTH TO DATE  116                        97     19      129
  SINCE MAR 1    116                        97     19      129
  SINCE JUL 1   3329                      3402    -73     3269

 COOLING
  YESTERDAY        0                         0      0        0
  MONTH TO DATE    0                         0      0        0
  SINCE MAR 1      0                         0      0        0
  SINCE JAN 1      0                         0      0        0
..................................................................


WIND (MPH)
  HIGHEST WIND SPEED    24   HIGHEST WIND DIRECTION    SW (210)
  HIGHEST GUST SPEED    32   HIGHEST GUST DIRECTION    SW (210)
  AVERAGE WIND SPEED     6.8


SKY COVER
  POSSIBLE SUNSHINE  MM
  AVERAGE SKY COVER 0.9


WEATHER CONDITIONS
 THE FOLLOWING WEATHER WAS RECORDED YESTERDAY.
  LIGHT RAIN
  FOG
  FOG W/VISIBILITY <= 1/4 MILE
  HAZE


RELATIVE HUMIDITY (PERCENT)
 HIGHEST    93           700 PM
 LOWEST     80           800 AM
 AVERAGE    87

..........................................................


THE SALISBURY MD CLIMATE NORMALS FOR TODAY
                         NORMAL    RECORD    YEAR
 MAXIMUM TEMPERATURE (F)   52        82      1976
 MINIMUM TEMPERATURE (F)   32        12      2009


SUNRISE AND SUNSET
MARCH  5 2015.........SUNRISE   629 AM EST   SUNSET   559 PM EST
MARCH  6 2015.........SUNRISE   627 AM EST   SUNSET   600 PM EST


-  INDICATES NEGATIVE NUMBERS.
R  INDICATES RECORD WAS SET OR TIED.
MM INDICATES DATA IS MISSING.
T  INDICATES TRACE AMOUNT.




$$
