000
CDUS41 KAKQ 122230
CLISBY


CLIMATE REPORT
NATIONAL WEATHER SERVICE WAKEFIELD, VA
529 PM EST TUE DEC 12 2017


...................................

...THE SALISBURY MD CLIMATE SUMMARY FOR DECEMBER 12 2017...
VALID TODAY AS OF 0500 PM LOCAL TIME.

CLIMATE NORMAL PERIOD 1981 TO 2010
CLIMATE RECORD PERIOD 1900 TO 2017


WEATHER ITEM   OBSERVED TIME   RECORD YEAR NORMAL DEPARTURE LAST
                VALUE   (LST)  VALUE       VALUE  FROM      YEAR
                                                  NORMAL
..................................................................
TEMPERATURE (F)
 TODAY
  MAXIMUM         47    204 PM  72    2015  49     -2       57
  MINIMUM         37   1252 AM   7    1977  31      6       35
  AVERAGE         42

PRECIPITATION (IN)
  TODAY            0.02          1.25 1989   0.12  -0.10     0.47
  MONTH TO DATE    1.06                      1.52  -0.46     2.04
  SINCE DEC 1      1.06                      1.52  -0.46     2.04
  SINCE JAN 1     51.06                     43.49   7.57    53.54

SNOWFALL (IN)
  TODAY            0.0
  MONTH TO DATE    6.9
  SINCE NOV 1      6.9
  SINCE JUL 1      6.9
  SNOW DEPTH       0

DEGREE DAYS
 HEATING
  TODAY           23
  MONTH TO DATE  287
  SINCE DEC 1    287
  SINCE JUL 1    958

 COOLING
  TODAY            0
  MONTH TO DATE    0
  SINCE DEC 1      0
  SINCE JAN 1   1415
..................................................................


WIND (MPH)
  RESULTANT WIND SPEED   6   RESULTANT WIND DIRECTION   S (200)
  HIGHEST WIND SPEED    16   HIGHEST WIND DIRECTION     W (250)
  HIGHEST GUST SPEED    22   HIGHEST GUST DIRECTION    SW (240)


SKY COVER
  POSSIBLE SUNSHINE  MM
  AVERAGE SKY COVER 0.3


WEATHER CONDITIONS
 THE FOLLOWING WEATHER WAS RECORDED TODAY.
  LIGHT RAIN


RELATIVE HUMIDITY (PERCENT)
 HIGHEST   100
 LOWEST     65
 AVERAGE    83

..........................................................


THE SALISBURY MD CLIMATE NORMALS FOR TOMORROW
                         NORMAL    RECORD    YEAR
 MAXIMUM TEMPERATURE (F)   49        70      2015
 MINIMUM TEMPERATURE (F)   30         6      1958


SUNRISE AND SUNSET
DECEMBER 12 2017......SUNRISE   710 AM EST   SUNSET   442 PM EST
DECEMBER 13 2017......SUNRISE   711 AM EST   SUNSET   442 PM EST


-  INDICATES NEGATIVE NUMBERS.
R  INDICATES RECORD WAS SET OR TIED.
MM INDICATES DATA IS MISSING.
T  INDICATES TRACE AMOUNT.




$$
