000
CDUS41 KAKQ 300825
CLISBY


CLIMATE REPORT
NATIONAL WEATHER SERVICE WAKEFIELD, VA
425 AM EDT TUE SEP 30 2014


...................................

...THE SALISBURY MD CLIMATE SUMMARY FOR SEPTEMBER 29 2014...

CLIMATE NORMAL PERIOD 1981 TO 2010
CLIMATE RECORD PERIOD 1900 TO 2014


WEATHER ITEM   OBSERVED TIME   RECORD YEAR NORMAL DEPARTURE LAST
                VALUE   (LST)  VALUE       VALUE  FROM      YEAR
                                                  NORMAL
..................................................................
TEMPERATURE (F)
 YESTERDAY
  MAXIMUM         79    147 PM  94    1921  74      5       76
  MINIMUM         60    626 AM  35    1914  53      7       53
  AVERAGE         70                        63      7       65

PRECIPITATION (IN)
  YESTERDAY        T             1.25 1908   0.14  -0.14     0.00
  MONTH TO DATE    4.38                      3.85   0.53     0.77
  SINCE SEP 1      4.38                      3.85   0.53     0.77
  SINCE JAN 1     24.66                     34.92 -10.26    40.45

SNOWFALL (IN)
  YESTERDAY        0.0           0.0  2002   0.0    0.0
                                      2001
  MONTH TO DATE    0.0                       0.0    0.0
  SINCE NOV 1     22.5                       9.3   13.2
  SINCE JUL 1      0.0                       0.0    0.0
  SNOW DEPTH       0

DEGREE DAYS
 HEATING
  YESTERDAY        0                         4     -4        0
  MONTH TO DATE    6                        41    -35       26
  SINCE SEP 1      6                        41    -35       26
  SINCE JUL 1      6                        43    -37       26

 COOLING
  YESTERDAY        5                         2      3        0
  MONTH TO DATE  213                       140     73      169
  SINCE SEP 1    213                       140     73      169
  SINCE JAN 1   1335                      1123    212     1532
..................................................................


WIND (MPH)
  HIGHEST WIND SPEED     9   HIGHEST WIND DIRECTION     W (290)
  HIGHEST GUST SPEED    13   HIGHEST GUST DIRECTION     W (290)
  AVERAGE WIND SPEED     1.8


SKY COVER
  POSSIBLE SUNSHINE  MM
  AVERAGE SKY COVER 0.5


WEATHER CONDITIONS
 THE FOLLOWING WEATHER WAS RECORDED YESTERDAY.
  LIGHT RAIN
  FOG
  FOG W/VISIBILITY <= 1/4 MILE
  HAZE


RELATIVE HUMIDITY (PERCENT)
 HIGHEST    93           800 AM
 LOWEST     56           200 PM
 AVERAGE    75

..........................................................


THE SALISBURY MD CLIMATE NORMALS FOR TODAY
                         NORMAL    RECORD    YEAR
 MAXIMUM TEMPERATURE (F)   74        90      1921
 MINIMUM TEMPERATURE (F)   52        36      1951


SUNRISE AND SUNSET
SEPTEMBER 30 2014.....SUNRISE   657 AM EDT   SUNSET   646 PM EDT
OCTOBER  1 2014.......SUNRISE   658 AM EDT   SUNSET   645 PM EDT


-  INDICATES NEGATIVE NUMBERS.
R  INDICATES RECORD WAS SET OR TIED.
MM INDICATES DATA IS MISSING.
T  INDICATES TRACE AMOUNT.




$$
