000
CDUS41 KAKQ 260545
CLISBY


CLIMATE REPORT
NATIONAL WEATHER SERVICE WAKEFIELD, VA
145 AM EDT SUN MAR 26 2017


...................................

...THE SALISBURY MD CLIMATE SUMMARY FOR MARCH 25 2017...

CLIMATE NORMAL PERIOD 1981 TO 2010
CLIMATE RECORD PERIOD 1900 TO 2017


WEATHER ITEM   OBSERVED TIME   RECORD YEAR NORMAL DEPARTURE LAST
                VALUE   (LST)  VALUE       VALUE  FROM      YEAR
                                                  NORMAL
..................................................................
TEMPERATURE (F)
 YESTERDAY
  MAXIMUM         77    213 PM  84    1939  58     19       77
  MINIMUM         47   1159 PM  17    2009  37     10       53
  AVERAGE         62                        47     15       65

PRECIPITATION (IN)
  YESTERDAY        0.00          2.52 1984   0.15  -0.15     0.17
  MONTH TO DATE    3.61                      3.53   0.08     1.64
  SINCE MAR 1      3.61                      3.53   0.08     1.64
  SINCE JAN 1      8.41                     10.49  -2.08     8.49

SNOWFALL (IN)
  YESTERDAY        0.0           4.0  2014   0.0    0.0
  MONTH TO DATE    T                         0.7   -0.7
  SINCE NOV 1      9.6                       9.0    0.6
  SINCE JUL 1      9.6                       9.0    0.6
  SNOW DEPTH       0

DEGREE DAYS
 HEATING
  YESTERDAY        3                        18    -15        0
  MONTH TO DATE  562                       531     31      373
  SINCE MAR 1    562                       531     31      373
  SINCE JUL 1   3313                      3836   -523     3044

 COOLING
  YESTERDAY        0                         0      0        0
  MONTH TO DATE    2                         0      2        3
  SINCE MAR 1      2                         0      2        3
  SINCE JAN 1      2                         0      2        3
..................................................................


WIND (MPH)
  HIGHEST WIND SPEED    20   HIGHEST WIND DIRECTION     W (250)
  HIGHEST GUST SPEED    29   HIGHEST GUST DIRECTION    SW (230)
  AVERAGE WIND SPEED    10.3


SKY COVER
  POSSIBLE SUNSHINE  MM
  AVERAGE SKY COVER 0.0


WEATHER CONDITIONS
 THE FOLLOWING WEATHER WAS RECORDED YESTERDAY.
  NO SIGNIFICANT WEATHER WAS OBSERVED.


RELATIVE HUMIDITY (PERCENT)
 HIGHEST    86          1100 PM
 LOWEST     43           200 PM
 AVERAGE    65

..........................................................


THE SALISBURY MD CLIMATE NORMALS FOR TODAY
                         NORMAL    RECORD    YEAR
 MAXIMUM TEMPERATURE (F)   58        84      1921
 MINIMUM TEMPERATURE (F)   37        20      1974


SUNRISE AND SUNSET
MARCH 26 2017.........SUNRISE   656 AM EDT   SUNSET   720 PM EDT
MARCH 27 2017.........SUNRISE   654 AM EDT   SUNSET   721 PM EDT


-  INDICATES NEGATIVE NUMBERS.
R  INDICATES RECORD WAS SET OR TIED.
MM INDICATES DATA IS MISSING.
T  INDICATES TRACE AMOUNT.




$$
