000
CDUS46 KSTO 260837
CLISCK


CLIMATE REPORT
NATIONAL WEATHER SERVICE SACRAMENTO, CA
1236 AM PST MON JAN 26 2015


...................................

...THE STOCKTON AIRPORT CA CLIMATE SUMMARY FOR JANUARY 25 2015...

CLIMATE NORMAL PERIOD 1981 TO 2010
CLIMATE RECORD PERIOD 1948 TO 2015


WEATHER ITEM   OBSERVED TIME   RECORD YEAR NORMAL DEPARTURE LAST
                VALUE   (LST)  VALUE       VALUE  FROM      YEAR
                                                  NORMAL
..................................................................
TEMPERATURE (F)
 YESTERDAY
  MAXIMUM         56    338 PM  72    2014  56      0       72
  MINIMUM         40   1107 PM  25    1949  38      2       42
  AVERAGE         48

PRECIPITATION (IN)
  YESTERDAY        0.00          0.79 2001   0.09  -0.09     0.00
  MONTH TO DATE    0.02                      2.18  -2.16     0.00
  SINCE OCT 1      7.86                      6.91   0.95     1.43
  SINCE JAN 1      0.02                      2.18  -2.16     0.00

SNOWFALL (IN)
  YESTERDAY        0.0           0.0  2002
  MONTH TO DATE    0.0
  SINCE DEC 1      0.0
  SINCE JUL 1      0.0
  SNOW DEPTH       0

DEGREE DAYS
 HEATING
  YESTERDAY       17                        18     -1        8
  MONTH TO DATE  434                       487    -53      401
  SINCE DEC 1    805                      1090   -285     1038
  SINCE JUL 1   1091                      1547   -456     1437

 COOLING
  YESTERDAY        0                         0      0        0
  MONTH TO DATE    0                         0      0        0
  SINCE DEC 1      0                         0      0        0
  SINCE JAN 1      0                         0      0        0
..................................................................


WIND (MPH)
  RESULTANT WIND SPEED   3   RESULTANT WIND DIRECTION  SE (140)
  HIGHEST WIND SPEED    13   HIGHEST WIND DIRECTION    SE (130)
  HIGHEST GUST SPEED    16   HIGHEST GUST DIRECTION    SE (140)


SKY COVER
  POSSIBLE SUNSHINE  MM
  AVERAGE SKY COVER 0.5


WEATHER CONDITIONS
 THE FOLLOWING WEATHER WAS RECORDED YESTERDAY.
  FOG
  HAZE


RELATIVE HUMIDITY (PERCENT)
 HIGHEST   100           700 AM
 LOWEST     66           300 PM
 AVERAGE    83

..........................................................


THE STOCKTON AIRPORT CA CLIMATE NORMALS FOR TODAY
                         NORMAL    RECORD    YEAR
 MAXIMUM TEMPERATURE (F)   56        69      2014
 MINIMUM TEMPERATURE (F)   38        25      1950


SUNRISE AND SUNSET
JANUARY 26 2015.......SUNRISE   714 AM PST   SUNSET   522 PM PST
JANUARY 27 2015.......SUNRISE   713 AM PST   SUNSET   523 PM PST


-  INDICATES NEGATIVE NUMBERS.
R  INDICATES RECORD WAS SET OR TIED.
MM INDICATES DATA IS MISSING.
T  INDICATES TRACE AMOUNT.




$$
