000
CDUS46 KSTO 250042
CLISCK


CLIMATE REPORT
NATIONAL WEATHER SERVICE SACRAMENTO, CA
540 PM PDT THU APR 24 2014


...................................

...THE STOCKTON AIRPORT CA CLIMATE SUMMARY FOR APRIL 24 2014...
VALID TODAY AS OF 0500 PM LOCAL TIME.

CLIMATE NORMAL PERIOD 1981 TO 2010
CLIMATE RECORD PERIOD 1948 TO 2014


WEATHER ITEM   OBSERVED TIME   RECORD YEAR NORMAL DEPARTURE LAST
                VALUE   (LST)  VALUE       VALUE  FROM      YEAR
                                                  NORMAL
..................................................................
TEMPERATURE (F)
 TODAY
  MAXIMUM         75    238 PM  90    1966  75      0       86
  MINIMUM         50    544 AM  32    1964  47      3       49
  AVERAGE         63

PRECIPITATION (IN)
  TODAY            0.00          0.25 1978   0.02  -0.02     0.00
  MONTH TO DATE    0.40                      0.83  -0.43     0.41
  SINCE JUL 1      7.08                     13.30  -6.22     9.89
  SINCE JAN 1      5.37                      8.27  -2.90     2.77

SNOWFALL (IN)
  TODAY            0.0          MM      MM
  MONTH TO DATE    0.0
  SINCE MAR 1      0.0
  SINCE JUL 1      0.0

DEGREE DAYS
 HEATING
  TODAY            2                         5     -3        0
  MONTH TO DATE   85                       164    -79       74
  SINCE MAR 1    284                       488   -204      295
  SINCE JUL 1   2117                      2550   -433     2298

 COOLING
  TODAY            0                         1     -1        3
  MONTH TO DATE   19                         7     12       22
  SINCE MAR 1     19                         7     12       22
  SINCE JAN 1     19                         7     12       22
..................................................................


WIND (MPH)
  RESULTANT WIND SPEED   6   RESULTANT WIND DIRECTION   W (290)
  HIGHEST WIND SPEED    16   HIGHEST WIND DIRECTION    NW (320)
  HIGHEST GUST SPEED    22   HIGHEST GUST DIRECTION    NW (310)


SKY COVER
  POSSIBLE SUNSHINE  MM
  AVERAGE SKY COVER 0.0


WEATHER CONDITIONS
 THE FOLLOWING WEATHER WAS RECORDED TODAY.
  NO SIGNIFICANT WEATHER WAS OBSERVED.


RELATIVE HUMIDITY (PERCENT)
 HIGHEST    89           400 AM
 LOWEST     40          1200 PM
 AVERAGE    65

..........................................................


THE STOCKTON AIRPORT CA CLIMATE NORMALS FOR TOMORROW
                         NORMAL    RECORD    YEAR
 MAXIMUM TEMPERATURE (F)   75        92      2004
 MINIMUM TEMPERATURE (F)   48        38      1983
                                             1971
                                             1964


SUNRISE AND SUNSET
APRIL 24 2014.........SUNRISE   617 AM PDT   SUNSET   749 PM PDT
APRIL 25 2014.........SUNRISE   616 AM PDT   SUNSET   750 PM PDT


-  INDICATES NEGATIVE NUMBERS.
R  INDICATES RECORD WAS SET OR TIED.
MM INDICATES DATA IS MISSING.
T  INDICATES TRACE AMOUNT.




$$
