761
CDUS46 KSTO 200039
CLISCK


CLIMATE REPORT
NATIONAL WEATHER SERVICE SACRAMENTO, CA
439 PM PST MON FEB 19 2018


...................................

...THE STOCKTON AIRPORT CA CLIMATE SUMMARY FOR FEBRUARY 19 2018...
VALID TODAY AS OF 0400 PM LOCAL TIME.

CLIMATE NORMAL PERIOD 1981 TO 2010
CLIMATE RECORD PERIOD 1948 TO 2018


WEATHER ITEM   OBSERVED TIME   RECORD YEAR NORMAL DEPARTURE LAST
                VALUE   (LST)  VALUE       VALUE  FROM      YEAR
                                                  NORMAL
..................................................................
TEMPERATURE (F)
 TODAY
  MAXIMUM         56    309 PM  74    1991  62     -6       55
                                      1977
  MINIMUM         33    453 AM  28    1955  41     -8       43
  AVERAGE         45

PRECIPITATION (IN)
  TODAY            0.00          0.95 1996   0.09  -0.09     0.06
  MONTH TO DATE    0.00                      1.76  -1.76     3.24
  SINCE OCT 1      3.99                      9.23  -5.24    15.73
  SINCE JAN 1      3.03                      4.50  -1.47     9.57

SNOWFALL (IN)
  TODAY            0.0          MM      MM
  MONTH TO DATE    0.0
  SINCE DEC 1      0.0
  SINCE JUL 1      0.0

DEGREE DAYS
 HEATING
  TODAY           20                        14      6       16
  MONTH TO DATE  181                       292   -111      171
  SINCE DEC 1   1112                      1490   -378     1294
  SINCE JUL 1   1416                      1947   -531     1563

 COOLING
  TODAY            0                         0      0        0
  MONTH TO DATE    0                         0      0        0
  SINCE DEC 1      0                         0      0        0
  SINCE JAN 1      0                         0      0        0
..................................................................


WIND (MPH)
  RESULTANT WIND SPEED   8   RESULTANT WIND DIRECTION  NW (300)
  HIGHEST WIND SPEED    22   HIGHEST WIND DIRECTION    NW (320)
  HIGHEST GUST SPEED    28   HIGHEST GUST DIRECTION    NW (310)


SKY COVER
  POSSIBLE SUNSHINE  MM
  AVERAGE SKY COVER 0.1


WEATHER CONDITIONS
 THE FOLLOWING WEATHER WAS RECORDED TODAY.
  HAZE


RELATIVE HUMIDITY (PERCENT)
 HIGHEST    70           600 AM
 LOWEST     24           300 PM
 AVERAGE    47

..........................................................


THE STOCKTON AIRPORT CA CLIMATE NORMALS FOR TOMORROW
                         NORMAL    RECORD    YEAR
 MAXIMUM TEMPERATURE (F)   62        73      1991
 MINIMUM TEMPERATURE (F)   41        28      1955


SUNRISE AND SUNSET
FEBRUARY 19 2018......SUNRISE   650 AM PST   SUNSET   548 PM PST
FEBRUARY 20 2018......SUNRISE   648 AM PST   SUNSET   549 PM PST


-  INDICATES NEGATIVE NUMBERS.
R  INDICATES RECORD WAS SET OR TIED.
MM INDICATES DATA IS MISSING.
T  INDICATES TRACE AMOUNT.




$$
