000
CDUS46 KSTO 220839
CLISCK


CLIMATE REPORT
NATIONAL WEATHER SERVICE SACRAMENTO, CA
139 AM PDT MON MAY 22 2017


...................................

...THE STOCKTON AIRPORT CA CLIMATE SUMMARY FOR MAY 21 2017...

CLIMATE NORMAL PERIOD 1981 TO 2010
CLIMATE RECORD PERIOD 1948 TO 2017


WEATHER ITEM   OBSERVED TIME   RECORD YEAR NORMAL DEPARTURE LAST
                VALUE   (LST)  VALUE       VALUE  FROM      YEAR
                                                  NORMAL
..................................................................
TEMPERATURE (F)
 YESTERDAY
  MAXIMUM        100    227 PM 101    2001  82     18       65
                                      2000
  MINIMUM         55    513 AM  44    1999  53      2       46
                                      1960
  AVERAGE         78

PRECIPITATION (IN)
  YESTERDAY        0.00          0.50 2006   0.02  -0.02     0.02
  MONTH TO DATE    T                         0.40  -0.40     0.35
  SINCE OCT 1     21.68                     13.55   8.13    16.69
  SINCE JAN 1     15.52                      8.82   6.70    12.12

SNOWFALL (IN)
  YESTERDAY        0.0          MM      MM
  MONTH TO DATE    0.0
  SINCE MAR 1      0.0
  SINCE JUL 1      0.0
  SNOW DEPTH       0

DEGREE DAYS
 HEATING
  YESTERDAY        0                         1     -1        9
  MONTH TO DATE   24                        49    -25       29
  SINCE MAR 1    399                       563   -164      340
  SINCE JUL 1   2108                      2625   -517     2058

 COOLING
  YESTERDAY       13                         4      9        0
  MONTH TO DATE   93                        57     36       63
  SINCE MAR 1     95                        74     21       89
  SINCE JAN 1     95                        74     21       89
..................................................................


WIND (MPH)
  RESULTANT WIND SPEED   4   RESULTANT WIND DIRECTION  NW (310)
  HIGHEST WIND SPEED    14   HIGHEST WIND DIRECTION    NW (300)
  HIGHEST GUST SPEED    18   HIGHEST GUST DIRECTION    NW (310)


SKY COVER
  POSSIBLE SUNSHINE  MM
  AVERAGE SKY COVER 0.0


WEATHER CONDITIONS
 THE FOLLOWING WEATHER WAS RECORDED YESTERDAY.
  NO SIGNIFICANT WEATHER WAS OBSERVED.


RELATIVE HUMIDITY (PERCENT)
 HIGHEST    77           500 AM
 LOWEST     16           300 PM
 AVERAGE    47

..........................................................


THE STOCKTON AIRPORT CA CLIMATE NORMALS FOR TODAY
                         NORMAL    RECORD    YEAR
 MAXIMUM TEMPERATURE (F)   83       102      2000
 MINIMUM TEMPERATURE (F)   53        39      1960


SUNRISE AND SUNSET
MAY 22 2017...........SUNRISE   549 AM PDT   SUNSET   814 PM PDT
MAY 23 2017...........SUNRISE   549 AM PDT   SUNSET   815 PM PDT


-  INDICATES NEGATIVE NUMBERS.
R  INDICATES RECORD WAS SET OR TIED.
MM INDICATES DATA IS MISSING.
T  INDICATES TRACE AMOUNT.




$$
