000
CDUS46 KSTO 210847
CLISCK


CLIMATE REPORT
NATIONAL WEATHER SERVICE SACRAMENTO, CA
1247 AM PST TUE NOV 21 2017


...................................

...THE STOCKTON AIRPORT CA CLIMATE SUMMARY FOR NOVEMBER 20 2017...

CLIMATE NORMAL PERIOD 1981 TO 2010
CLIMATE RECORD PERIOD 1948 TO 2017


WEATHER ITEM   OBSERVED TIME   RECORD YEAR NORMAL DEPARTURE LAST
                VALUE   (LST)  VALUE       VALUE  FROM      YEAR
                                                  NORMAL
..................................................................
TEMPERATURE (F)
 YESTERDAY
  MAXIMUM         66    120 PM  74    2005  62      4       59
  MINIMUM         52   1208 AM  26    1964  41     11       55
                                      1956
  AVERAGE         59

PRECIPITATION (IN)
  YESTERDAY        0.00          0.92 1951   0.06  -0.06     0.61
  MONTH TO DATE    0.66                      1.09  -0.43     0.92
  SINCE OCT 1      0.78                      1.91  -1.13     3.31
  SINCE JAN 1     16.41                     11.24   5.17    15.43

SNOWFALL (IN)
  YESTERDAY        0.0           0.0  2001
  MONTH TO DATE    0.0
  SINCE SEP 1      0.0
  SINCE JUL 1      0.0
  SNOW DEPTH       0

DEGREE DAYS
 HEATING
  YESTERDAY        6                        14     -8        8
  MONTH TO DATE  168                       207    -39      101
  SINCE SEP 1    220                       304    -84      157
  SINCE JUL 1    220                       304    -84      157

 COOLING
  YESTERDAY        0                         0      0        0
  MONTH TO DATE    0                         0      0        0
  SINCE SEP 1    365                       276     89      247
  SINCE JAN 1   1796                      1320    476     1445
..................................................................


WIND (MPH)
  RESULTANT WIND SPEED   3   RESULTANT WIND DIRECTION  SE (130)
  HIGHEST WIND SPEED    14   HIGHEST WIND DIRECTION    SE (150)
  HIGHEST GUST SPEED    18   HIGHEST GUST DIRECTION    SE (150)


SKY COVER
  POSSIBLE SUNSHINE  MM
  AVERAGE SKY COVER 0.7


WEATHER CONDITIONS
 THE FOLLOWING WEATHER WAS RECORDED YESTERDAY.
  FOG
  HAZE


RELATIVE HUMIDITY (PERCENT)
 HIGHEST    89          1200 AM
 LOWEST     56          1100 AM
 AVERAGE    73

..........................................................


THE STOCKTON AIRPORT CA CLIMATE NORMALS FOR TODAY
                         NORMAL    RECORD    YEAR
 MAXIMUM TEMPERATURE (F)   62        73      2005
 MINIMUM TEMPERATURE (F)   40        28      1964


SUNRISE AND SUNSET
NOVEMBER 21 2017......SUNRISE   652 AM PST   SUNSET   449 PM PST
NOVEMBER 22 2017......SUNRISE   653 AM PST   SUNSET   449 PM PST


-  INDICATES NEGATIVE NUMBERS.
R  INDICATES RECORD WAS SET OR TIED.
MM INDICATES DATA IS MISSING.
T  INDICATES TRACE AMOUNT.




$$
