465
CDUS46 KLOX 020915
CLISDB


CLIMATE REPORT
NATIONAL WEATHER SERVICE LOS ANGELES/OXNARD CA
215 AM PDT MON MAY 2 2016


...................................

...THE SANDBERG CA CLIMATE SUMMARY FOR MAY 1 2016...

CLIMATE NORMAL PERIOD 1981 TO 2010
CLIMATE RECORD PERIOD 1934 TO 2016


WEATHER ITEM   OBSERVED TIME   RECORD YEAR NORMAL DEPARTURE LAST
                VALUE   (LST)  VALUE       VALUE  FROM      YEAR
                                                  NORMAL
..................................................................
TEMPERATURE (F)
 YESTERDAY
  MAXIMUM         74    123 PM  85    1947  63     11       78
  MINIMUM         51    352 AM  29    1964  45      6       60
  AVERAGE         63                        54      9       69

PRECIPITATION (IN)
  YESTERDAY        0.05          0.08 1978   0.03   0.02     0.00
  MONTH TO DATE    0.05                      0.03   0.02     0.00
  SINCE OCT 1      6.69                     11.67  -4.98     7.02
  SINCE JAN 1      4.99                      8.04  -3.05     2.12

DEGREE DAYS
 HEATING
  YESTERDAY        2                        11     -9        0
  MONTH TO DATE    2                        11     -9        0
  SINCE MAR 1    611                      1027   -416      506
  SINCE JUL 1   2871                      3786   -915     2137

 COOLING
  YESTERDAY        0                         0      0        4
  MONTH TO DATE    0                         0      0        4
  SINCE MAR 1     19                         8     11       59
  SINCE JAN 1     19                         8     11       62
..................................................................


WIND (MPH)
  HIGHEST WIND SPEED    22   HIGHEST WIND DIRECTION    SE (130)
  HIGHEST GUST SPEED    28   HIGHEST GUST DIRECTION    SE (140)
  AVERAGE WIND SPEED     8.3


SKY COVER
  POSSIBLE SUNSHINE  MM
  AVERAGE SKY COVER 0.4


WEATHER CONDITIONS
 THE FOLLOWING WEATHER WAS RECORDED YESTERDAY.
  LIGHT RAIN


RELATIVE HUMIDITY (PERCENT)
 HIGHEST    83          1000 PM
 LOWEST     20          1200 PM
 AVERAGE    52

..........................................................


THE SANDBERG CA CLIMATE NORMALS FOR TODAY
                         NORMAL    RECORD    YEAR
 MAXIMUM TEMPERATURE (F)   63        87      1947
 MINIMUM TEMPERATURE (F)   46        26      1964


SUNRISE AND SUNSET
MAY  2 2016...........SUNRISE   603 AM PDT   SUNSET   741 PM PDT
MAY  3 2016...........SUNRISE   602 AM PDT   SUNSET   742 PM PDT


-  INDICATES NEGATIVE NUMBERS.
R  INDICATES RECORD WAS SET OR TIED.
MM INDICATES DATA IS MISSING.
T  INDICATES TRACE AMOUNT.




$$
