000
CDUS46 KLOX 290907
CLISDB


CLIMATE REPORT
NATIONAL WEATHER SERVICE LOS ANGELES/OXNARD CA
106 AM PST MON DEC 29 2014


...................................

...THE SANDBERG CA CLIMATE SUMMARY FOR DECEMBER 28 2014...

CLIMATE NORMAL PERIOD 1981 TO 2010
CLIMATE RECORD PERIOD 1934 TO 2014


WEATHER ITEM   OBSERVED TIME   RECORD YEAR NORMAL DEPARTURE LAST
                VALUE   (LST)  VALUE       VALUE  FROM      YEAR
                                                  NORMAL
..................................................................
TEMPERATURE (F)
 YESTERDAY
  MAXIMUM         52    217 PM  69    2013  48      4       69
  MINIMUM         32    710 AM  21    1971  37     -5       51
  AVERAGE         42                        42      0       60

PRECIPITATION (IN)
  YESTERDAY        0.00          2.95 2004   0.10  -0.10     0.00
  MONTH TO DATE    4.30                      1.94   2.36     0.08
  SINCE JUL 1      5.07                      3.54   1.53     0.78
  SINCE JAN 1      8.65                     12.02  -3.37     3.69

DEGREE DAYS
 HEATING
  YESTERDAY       23                        23      0        5
  MONTH TO DATE  492                       632   -140      491
  SINCE DEC 1    492                       632   -140      491
  SINCE JUL 1    882                      1411   -529     1045

 COOLING
  YESTERDAY        0                         0      0        0
  MONTH TO DATE    0                         0      0        0
  SINCE DEC 1      0                         0      0        0
  SINCE JAN 1   1689                       998    691     1565
..................................................................


WIND (MPH)
  HIGHEST WIND SPEED    33   HIGHEST WIND DIRECTION    NW (330)
  HIGHEST GUST SPEED    38   HIGHEST GUST DIRECTION    NW (330)
  AVERAGE WIND SPEED    13.1


SKY COVER
  POSSIBLE SUNSHINE  MM
  AVERAGE SKY COVER 0.0


WEATHER CONDITIONS
 THE FOLLOWING WEATHER WAS RECORDED YESTERDAY.
  NO SIGNIFICANT WEATHER WAS OBSERVED.


RELATIVE HUMIDITY (PERCENT)
 HIGHEST    40          1200 AM
 LOWEST     19           100 PM
 AVERAGE    30

..........................................................


THE SANDBERG CA CLIMATE NORMALS FOR TODAY
                         NORMAL    RECORD    YEAR
 MAXIMUM TEMPERATURE (F)   48        66      2011
 MINIMUM TEMPERATURE (F)   37        20      1971


SUNRISE AND SUNSET
DECEMBER 29 2014......SUNRISE   702 AM PST   SUNSET   453 PM PST
DECEMBER 30 2014......SUNRISE   702 AM PST   SUNSET   453 PM PST


-  INDICATES NEGATIVE NUMBERS.
R  INDICATES RECORD WAS SET OR TIED.
MM INDICATES DATA IS MISSING.
T  INDICATES TRACE AMOUNT.




$$
