000
CDUS46 KLOX 200858
CLISDB


CLIMATE REPORT
NATIONAL WEATHER SERVICE LOS ANGELES/OXNARD CA
158 AM PDT WED SEP 20 2017


...................................

...THE SANDBERG CA CLIMATE SUMMARY FOR SEPTEMBER 19 2017...

CLIMATE NORMAL PERIOD 1981 TO 2010
CLIMATE RECORD PERIOD 1934 TO 2017


WEATHER ITEM   OBSERVED TIME   RECORD YEAR NORMAL DEPARTURE LAST
                VALUE   (LST)  VALUE       VALUE  FROM      YEAR
                                                  NORMAL
..................................................................
TEMPERATURE (F)
 YESTERDAY
  MAXIMUM         67    106 PM  94    2016  78    -11       94
  MINIMUM         52    741 AM  39    1965  59     -7       65
  AVERAGE         60                        68     -8       80

PRECIPITATION (IN)
  YESTERDAY        T             0.76 1939   0.00   0.00     0.00
  MONTH TO DATE    0.18                      0.08   0.10     0.00
  SINCE OCT 1     13.85                     12.24   1.61     6.93
  SINCE JAN 1     10.01                      8.61   1.40     5.23

DEGREE DAYS
 HEATING
  YESTERDAY        5                         2      3        0
  MONTH TO DATE   13                        26    -13       16
  SINCE SEP 1     13                        26    -13       16
  SINCE JUL 1     14                        43    -29       16

 COOLING
  YESTERDAY        0                         6     -6       15
  MONTH TO DATE  171                       136     35      155
  SINCE SEP 1    171                       136     35      155
  SINCE JAN 1   1643                       893    750     1499
..................................................................


WIND (MPH)
  HIGHEST WIND SPEED    41   HIGHEST WIND DIRECTION    NW (320)
  HIGHEST GUST SPEED    52   HIGHEST GUST DIRECTION     N (350)
  AVERAGE WIND SPEED    21.1


SKY COVER
  POSSIBLE SUNSHINE  MM
  AVERAGE SKY COVER 0.3


WEATHER CONDITIONS
 THE FOLLOWING WEATHER WAS RECORDED YESTERDAY.
  FOG
  FOG W/VISIBILITY <= 1/4 MILE


RELATIVE HUMIDITY (PERCENT)
 HIGHEST    93           600 AM
 LOWEST     43          1200 AM
 AVERAGE    68

..........................................................


THE SANDBERG CA CLIMATE NORMALS FOR TODAY
                         NORMAL    RECORD    YEAR
 MAXIMUM TEMPERATURE (F)   78        93      2015
 MINIMUM TEMPERATURE (F)   59        37      1968


SUNRISE AND SUNSET
SEPTEMBER 20 2017.....SUNRISE   642 AM PDT   SUNSET   654 PM PDT
SEPTEMBER 21 2017.....SUNRISE   642 AM PDT   SUNSET   653 PM PDT


-  INDICATES NEGATIVE NUMBERS.
R  INDICATES RECORD WAS SET OR TIED.
MM INDICATES DATA IS MISSING.
T  INDICATES TRACE AMOUNT.




$$
