000
CDUS46 KLOX 140116
CLISDB


CLIMATE REPORT
NATIONAL WEATHER SERVICE LOS ANGELES/OXNARD CA
515 PM PST WED DEC 13 2017


...................................

...THE SANDBERG CA CLIMATE SUMMARY FOR DECEMBER 13 2017...
VALID TODAY AS OF 0500 PM LOCAL TIME.

CLIMATE NORMAL PERIOD 1981 TO 2010
CLIMATE RECORD PERIOD 1934 TO 2017


WEATHER ITEM   OBSERVED TIME   RECORD YEAR NORMAL DEPARTURE LAST
                VALUE   (LST)  VALUE       VALUE  FROM      YEAR
                                                  NORMAL
..................................................................
TEMPERATURE (F)
 TODAY
  MAXIMUM         72R   133 PM  67    2010  48     24       64
                                      1988
  MINIMUM         53   1255 AM  12    1967  36     17       46
  AVERAGE         63                        42     21       55

PRECIPITATION (IN)
  TODAY            0.00          1.14 1934   0.06  -0.06     0.00
  MONTH TO DATE    0.00                      0.70  -0.70      T
  SINCE OCT 1      0.05                      2.08  -2.03     1.41
  SINCE JAN 1     10.10                     10.78  -0.68     6.64

DEGREE DAYS
 HEATING
  TODAY            2                        23    -21       10
  MONTH TO DATE  143                       287   -144      207
  SINCE DEC 1    143                       287   -144      207
  SINCE JUL 1    501                      1066   -565      656

 COOLING
  TODAY            0                         0      0        0
  MONTH TO DATE    0                         0      0        0
  SINCE DEC 1      0                         0      0        0
  SINCE JAN 1   1817                       998    819     1673
..................................................................


WIND (MPH)
  HIGHEST WIND SPEED    21   HIGHEST WIND DIRECTION     E (70)
  HIGHEST GUST SPEED    24   HIGHEST GUST DIRECTION     E (70)
  AVERAGE WIND SPEED     9.4


SKY COVER
  POSSIBLE SUNSHINE  MM
  AVERAGE SKY COVER 0.0


WEATHER CONDITIONS
 THE FOLLOWING WEATHER WAS RECORDED TODAY.
  NO SIGNIFICANT WEATHER WAS OBSERVED.


RELATIVE HUMIDITY (PERCENT)
 HIGHEST     6           800 AM
 LOWEST      4           200 AM
 AVERAGE     5

..........................................................


THE SANDBERG CA CLIMATE NORMALS FOR TOMORROW
                         NORMAL    RECORD    YEAR
 MAXIMUM TEMPERATURE (F)   48        65      2016
                                             1977
 MINIMUM TEMPERATURE (F)   36        13      1967


SUNRISE AND SUNSET
DECEMBER 13 2017......SUNRISE   654 AM PST   SUNSET   445 PM PST
DECEMBER 14 2017......SUNRISE   654 AM PST   SUNSET   445 PM PST


-  INDICATES NEGATIVE NUMBERS.
R  INDICATES RECORD WAS SET OR TIED.
MM INDICATES DATA IS MISSING.
T  INDICATES TRACE AMOUNT.




$$
