000
CDUS46 KLOX 150907
CLISDB


CLIMATE REPORT
NATIONAL WEATHER SERVICE LOS ANGELES/OXNARD CA
206 AM PDT MON SEP 15 2014


...................................

...THE SANDBERG CA CLIMATE SUMMARY FOR SEPTEMBER 14 2014...

CLIMATE NORMAL PERIOD 1981 TO 2010
CLIMATE RECORD PERIOD 1934 TO 2014


WEATHER ITEM   OBSERVED TIME   RECORD YEAR NORMAL DEPARTURE LAST
                VALUE   (LST)  VALUE       VALUE  FROM      YEAR
                                                  NORMAL
..................................................................
TEMPERATURE (F)
 YESTERDAY
  MAXIMUM         95    247 PM  96    1937  80     15       95
  MINIMUM         74    218 AM  39    1939  60     14       69
  AVERAGE         85                        70     15       82

PRECIPITATION (IN)
  YESTERDAY        0.00          0.01 1996   0.01  -0.01     0.00
  MONTH TO DATE    T                         0.06  -0.06     0.00
  SINCE JUL 1      0.17                      0.11   0.06     0.06
  SINCE JAN 1      3.75                      8.59  -4.84     2.97

DEGREE DAYS
 HEATING
  YESTERDAY        0                         2     -2        0
  MONTH TO DATE    0                        16    -16        0
  SINCE SEP 1      0                        16    -16        0
  SINCE JUL 1      0                        33    -33        0

 COOLING
  YESTERDAY       20                         7     13       17
  MONTH TO DATE  209                       106    103      207
  SINCE SEP 1    209                       106    103      207
  SINCE JAN 1   1389                       863    526     1439
..................................................................


WIND (MPH)
  HIGHEST WIND SPEED    22   HIGHEST WIND DIRECTION     N (340)
  HIGHEST GUST SPEED    31   HIGHEST GUST DIRECTION     N (360)
  AVERAGE WIND SPEED    11.2


SKY COVER
  POSSIBLE SUNSHINE  MM
  AVERAGE SKY COVER 0.3


WEATHER CONDITIONS
 THE FOLLOWING WEATHER WAS RECORDED YESTERDAY.
  NO SIGNIFICANT WEATHER WAS OBSERVED.


RELATIVE HUMIDITY (PERCENT)
 HIGHEST    30          1100 PM
 LOWEST     14           200 PM
 AVERAGE    22

..........................................................


THE SANDBERG CA CLIMATE NORMALS FOR TODAY
                         NORMAL    RECORD    YEAR
 MAXIMUM TEMPERATURE (F)   79        95      1995
 MINIMUM TEMPERATURE (F)   60        40      1959


SUNRISE AND SUNSET
SEPTEMBER 15 2014.....SUNRISE   638 AM PDT   SUNSET   702 PM PDT
SEPTEMBER 16 2014.....SUNRISE   639 AM PDT   SUNSET   700 PM PDT


-  INDICATES NEGATIVE NUMBERS.
R  INDICATES RECORD WAS SET OR TIED.
MM INDICATES DATA IS MISSING.
T  INDICATES TRACE AMOUNT.




$$
