000
CDUS46 KLOX 290857
CLISDB


CLIMATE REPORT
NATIONAL WEATHER SERVICE LOS ANGELES/OXNARD CA
157 AM PDT FRI MAY 29 2015


...................................

...THE SANDBERG CA CLIMATE SUMMARY FOR MAY 28 2015...

CLIMATE NORMAL PERIOD 1981 TO 2010
CLIMATE RECORD PERIOD 1934 TO 2015


WEATHER ITEM   OBSERVED TIME   RECORD YEAR NORMAL DEPARTURE LAST
                VALUE   (LST)  VALUE       VALUE  FROM      YEAR
                                                  NORMAL
..................................................................
TEMPERATURE (F)
 YESTERDAY
  MAXIMUM         86    256 PM  91    2003  71     15       76
  MINIMUM         59    455 AM  33    1971  51      8       57
  AVERAGE         73                        61     12       67

PRECIPITATION (IN)
  YESTERDAY        0.00          0.12 1990   0.01  -0.01     0.00
  MONTH TO DATE    0.26                      0.39  -0.13      T
  SINCE OCT 1      7.28                     12.03  -4.75     4.28
  SINCE JAN 1      2.38                      8.40  -6.02     3.58

DEGREE DAYS
 HEATING
  YESTERDAY        0                         6     -6        0
  MONTH TO DATE  245                       236      9      120
  SINCE MAR 1    751                      1252   -501      728
  SINCE JUL 1   2382                      4011  -1629     2513

 COOLING
  YESTERDAY        8                         2      6        2
  MONTH TO DATE   21                        32    -11      102
  SINCE MAR 1     76                        40     36      126
  SINCE JAN 1     79                        40     39      133
..................................................................


WIND (MPH)
  HIGHEST WIND SPEED    29   HIGHEST WIND DIRECTION     N (340)
  HIGHEST GUST SPEED    34   HIGHEST GUST DIRECTION     N (340)
  AVERAGE WIND SPEED    13.6


SKY COVER
  POSSIBLE SUNSHINE  MM
  AVERAGE SKY COVER 0.0


WEATHER CONDITIONS
 THE FOLLOWING WEATHER WAS RECORDED YESTERDAY.
  NO SIGNIFICANT WEATHER WAS OBSERVED.


RELATIVE HUMIDITY (PERCENT)
 HIGHEST    51           100 AM
 LOWEST     16           300 PM
 AVERAGE    34

..........................................................


THE SANDBERG CA CLIMATE NORMALS FOR TODAY
                         NORMAL    RECORD    YEAR
 MAXIMUM TEMPERATURE (F)   71        92      1984
 MINIMUM TEMPERATURE (F)   52        34      1988


SUNRISE AND SUNSET
MAY 29 2015...........SUNRISE   544 AM PDT   SUNSET   801 PM PDT
MAY 30 2015...........SUNRISE   544 AM PDT   SUNSET   802 PM PDT


-  INDICATES NEGATIVE NUMBERS.
R  INDICATES RECORD WAS SET OR TIED.
MM INDICATES DATA IS MISSING.
T  INDICATES TRACE AMOUNT.




$$
