000
CDUS43 KLMK 010629
CLISDF


CLIMATE REPORT
NATIONAL WEATHER SERVICE LOUISVILLE KY
227 AM EDT MON SEP 1 2014


...................................

...THE LOUISVILLE KY CLIMATE SUMMARY FOR AUGUST 31 2014...

CLIMATE NORMAL PERIOD 1981 TO 2010
CLIMATE RECORD PERIOD 1871 TO 2014


WEATHER ITEM   OBSERVED TIME   RECORD YEAR NORMAL DEPARTURE LAST
                VALUE   (LST)  VALUE       VALUE  FROM      YEAR
                                                  NORMAL
..................................................................
TEMPERATURE (F)
 YESTERDAY
  MAXIMUM         79    115 PM 101    1953  87     -8       95
  MINIMUM         73    429 AM  45    1946  66      7       71
  AVERAGE         76                        76      0       83

PRECIPITATION (IN)
  YESTERDAY        0.03          0.81 2013   0.09  -0.06     0.81
  MONTH TO DATE    6.40                      3.33   3.07     3.20
  SINCE JUN 1     11.66                     11.35   0.31    12.76
  SINCE JAN 1     31.17                     31.22  -0.05    31.81

SNOWFALL (IN)
  YESTERDAY        0.0          MM      MM   0.0    0.0      0.0
  MONTH TO DATE    0.0                       0.0    0.0      0.0
  SINCE JUN 1      0.0                       0.0    0.0      0.0
  SINCE JUL 1      0.0                       0.0    0.0      0.0
  SNOW DEPTH       0

DEGREE DAYS
 HEATING
  YESTERDAY        0                         0      0        0
  MONTH TO DATE    0                         0      0        0
  SINCE JUN 1      0                         5     -5        0
  SINCE JUL 1      0                         0      0        0

 COOLING
  YESTERDAY       11                        12     -1       18
  MONTH TO DATE  424                       416      8      403
  SINCE JUN 1   1158                      1183    -25     1112
  SINCE JAN 1   1392                      1357     35     1340
..................................................................


WIND (MPH)
  HIGHEST WIND SPEED    13   HIGHEST WIND DIRECTION     S (200)
  HIGHEST GUST SPEED    16   HIGHEST GUST DIRECTION     S (190)
  AVERAGE WIND SPEED     7.0


SKY COVER
  POSSIBLE SUNSHINE  MM
  AVERAGE SKY COVER 0.9


WEATHER CONDITIONS
 THE FOLLOWING WEATHER WAS RECORDED YESTERDAY.
  LIGHT RAIN
  FOG


RELATIVE HUMIDITY (PERCENT)
 HIGHEST    93          1200 AM
 LOWEST     74           200 PM
 AVERAGE    84

..........................................................


THE LOUISVILLE KY CLIMATE NORMALS FOR TODAY
                         NORMAL    RECORD    YEAR
 MAXIMUM TEMPERATURE (F)   87       103      1953
 MINIMUM TEMPERATURE (F)   66        50      1987


SUNRISE AND SUNSET
SEPTEMBER  1 2014.....SUNRISE   713 AM EDT   SUNSET   813 PM EDT
SEPTEMBER  2 2014.....SUNRISE   713 AM EDT   SUNSET   811 PM EDT


-  INDICATES NEGATIVE NUMBERS.
R  INDICATES RECORD WAS SET OR TIED.
MM INDICATES DATA IS MISSING.
T  INDICATES TRACE AMOUNT.

$$

SCHOETTMER
