000
CDUS43 KLMK 310627
CLISDF


CLIMATE REPORT
NATIONAL WEATHER SERVICE LOUISVILLE KY
127 AM EST SAT JAN 31 2015


...................................

...THE LOUISVILLE KY CLIMATE SUMMARY FOR JANUARY 30 2015...

CLIMATE NORMAL PERIOD 1981 TO 2010
CLIMATE RECORD PERIOD 1871 TO 2015


WEATHER ITEM   OBSERVED TIME   RECORD YEAR NORMAL DEPARTURE LAST
                VALUE   (LST)  VALUE       VALUE  FROM      YEAR
                                                  NORMAL
..................................................................
TEMPERATURE (F)
 YESTERDAY
  MAXIMUM         41    359 PM  71    2013  44     -3       39
                                      1916
  MINIMUM         28   1155 PM  -9    1966  27      1       12
  AVERAGE         35                        36     -1       26

PRECIPITATION (IN)
  YESTERDAY        T             1.37 1938   0.12  -0.12     0.00
  MONTH TO DATE    0.87                      3.13  -2.26     2.41
  SINCE DEC 1      4.44                      6.96  -2.52     7.84
  SINCE JAN 1      0.87                      3.13  -2.26     2.41

SNOWFALL (IN)
  YESTERDAY        T             6.8  1980   0.1   -0.1      0.0
  MONTH TO DATE    1.1                       3.5   -2.4      8.3
  SINCE DEC 1      1.1                       6.1   -5.0     13.6
  SINCE JUL 1      4.8                       6.3   -1.5     14.1
  SNOW DEPTH       0

DEGREE DAYS
 HEATING
  YESTERDAY       30                        29      1       39
  MONTH TO DATE  927                       898     29     1093
  SINCE DEC 1   1663                      1739    -76     1904
  SINCE JUL 1   2549                      2474     75     2734

 COOLING
  YESTERDAY        0                         0      0        0
  MONTH TO DATE    0                         0      0        0
  SINCE DEC 1      0                         1     -1        0
  SINCE JAN 1      0                         0      0        0
..................................................................


WIND (MPH)
  HIGHEST WIND SPEED    22   HIGHEST WIND DIRECTION     N (340)
  HIGHEST GUST SPEED    28   HIGHEST GUST DIRECTION     N (340)
  AVERAGE WIND SPEED     9.3


SKY COVER
  POSSIBLE SUNSHINE  MM
  AVERAGE SKY COVER 0.6


WEATHER CONDITIONS
 THE FOLLOWING WEATHER WAS RECORDED YESTERDAY.
  LIGHT RAIN
  LIGHT SNOW


RELATIVE HUMIDITY (PERCENT)
 HIGHEST    82          1200 AM
 LOWEST     37           200 PM
 AVERAGE    60

..........................................................


THE LOUISVILLE KY CLIMATE NORMALS FOR TODAY
                         NORMAL    RECORD    YEAR
 MAXIMUM TEMPERATURE (F)   44        67      1989
 MINIMUM TEMPERATURE (F)   27        -7      1936


SUNRISE AND SUNSET
JANUARY 31 2015.......SUNRISE   749 AM EST   SUNSET   604 PM EST
FEBRUARY  1 2015......SUNRISE   748 AM EST   SUNSET   605 PM EST


-  INDICATES NEGATIVE NUMBERS.
R  INDICATES RECORD WAS SET OR TIED.
MM INDICATES DATA IS MISSING.
T  INDICATES TRACE AMOUNT.




$$
