000
CDUS43 KLMK 290626
CLISDF


CLIMATE REPORT
NATIONAL WEATHER SERVICE LOUISVILLE KY
226 AM EDT FRI MAY 29 2015


...................................

...THE LOUISVILLE KY CLIMATE SUMMARY FOR MAY 28 2015...

CLIMATE NORMAL PERIOD 1981 TO 2010
CLIMATE RECORD PERIOD 1871 TO 2015


WEATHER ITEM   OBSERVED TIME   RECORD YEAR NORMAL DEPARTURE LAST
                VALUE   (LST)  VALUE       VALUE  FROM      YEAR
                                                  NORMAL
..................................................................
TEMPERATURE (F)
 YESTERDAY
  MAXIMUM         85    418 PM  98    1911  80      5       85
  MINIMUM         66    345 AM  41    1961  61      5       69
  AVERAGE         76                        70      6       77

PRECIPITATION (IN)
  YESTERDAY        T             3.31 1990   0.16  -0.16     0.20
  MONTH TO DATE    2.26                      4.79  -2.53     3.85
  SINCE MAR 1     20.90                     12.97   7.93    13.16
  SINCE JAN 1     24.00                     19.39   4.61    19.32

SNOWFALL (IN)
  YESTERDAY        0.0          MM      MM   0.0    0.0      0.0
  MONTH TO DATE    0.0                       0.0    0.0      0.0
  SINCE MAR 1     11.9                       1.5   10.4      4.2
  SINCE JUL 1     27.6                      12.5   15.1     26.0
  SNOW DEPTH       0

DEGREE DAYS
 HEATING
  YESTERDAY        0                         1     -1        0
  MONTH TO DATE   24                        65    -41       69
  SINCE MAR 1    767                       849    -82      893
  SINCE JUL 1   4387                      4090    297     4547

 COOLING
  YESTERDAY       11                         6      5       12
  MONTH TO DATE  182                       109     73      165
  SINCE MAR 1    224                       152     72      196
  SINCE JAN 1    224                       152     72      196
..................................................................


WIND (MPH)
  HIGHEST WIND SPEED    20   HIGHEST WIND DIRECTION    SE (150)
  HIGHEST GUST SPEED    25   HIGHEST GUST DIRECTION     S (200)
  AVERAGE WIND SPEED     5.4


SKY COVER
  POSSIBLE SUNSHINE  MM
  AVERAGE SKY COVER 0.8


WEATHER CONDITIONS
 THE FOLLOWING WEATHER WAS RECORDED YESTERDAY.
  LIGHT RAIN
  FOG
  HAZE


RELATIVE HUMIDITY (PERCENT)
 HIGHEST    93           400 AM
 LOWEST     55           400 PM
 AVERAGE    74

..........................................................


THE LOUISVILLE KY CLIMATE NORMALS FOR TODAY
                         NORMAL    RECORD    YEAR
 MAXIMUM TEMPERATURE (F)   81        95      1911
 MINIMUM TEMPERATURE (F)   61        43      1965


SUNRISE AND SUNSET
MAY 29 2015...........SUNRISE   623 AM EDT   SUNSET   858 PM EDT
MAY 30 2015...........SUNRISE   622 AM EDT   SUNSET   859 PM EDT


-  INDICATES NEGATIVE NUMBERS.
R  INDICATES RECORD WAS SET OR TIED.
MM INDICATES DATA IS MISSING.
T  INDICATES TRACE AMOUNT.




$$
