000
CDUS46 KMTR 230048
CLISFD


CLIMATE REPORT
NATIONAL WEATHER SERVICE SAN FRANCISCO BAY AREA
447 PM PST MON DEC 22 2014


...................................

...THE SAN FRANCISCO DWTN CA CLIMATE SUMMARY FOR DECEMBER 22 2014...
VALID TODAY AS OF 0400 PM LOCAL TIME.

CLIMATE NORMAL PERIOD 1981 TO 2010
CLIMATE RECORD PERIOD 1850 TO 2014


WEATHER ITEM   OBSERVED TIME   RECORD YEAR NORMAL DEPARTURE LAST
                VALUE   (LST)  VALUE       VALUE  FROM      YEAR
                                                  NORMAL
..................................................................
TEMPERATURE (F)
 TODAY
  MAXIMUM         64    343 PM  71    1999  56      8       64
  MINIMUM         54    743 AM  28    1990  46      8       46
  AVERAGE         59                        51      8       55

PRECIPITATION (IN)
  TODAY            0.00          2.26 1955   0.16  -0.16     0.00
  MONTH TO DATE   11.63                      3.18   8.45     0.39
  SINCE JUL 1     15.02                      7.73   7.29     2.08
  SINCE JAN 1     25.48                     22.27   3.21     5.59

DEGREE DAYS
 HEATING
  TODAY            6                        MM     MM       10
  MONTH TO DATE  151                        MM     MM      314
  SINCE DEC 1    151                        MM     MM      314
  SINCE JUL 1    520                        MM     MM     1027

 COOLING
  TODAY            0                        MM     MM        0
  MONTH TO DATE    0                         0      0        0
  SINCE DEC 1      0                         0      0        0
  SINCE JAN 1    163                         0    163       71
..................................................................







THE SAN FRANCISCO DWTN CA CLIMATE NORMALS FOR TOMORROW
                         NORMAL    RECORD    YEAR
 MAXIMUM TEMPERATURE (F)   56        68      1999
 MINIMUM TEMPERATURE (F)   45        31      1990


SUNRISE AND SUNSET
DECEMBER 22 2014......SUNRISE   722 AM PST   SUNSET   455 PM PST
DECEMBER 23 2014......SUNRISE   722 AM PST   SUNSET   455 PM PST


-  INDICATES NEGATIVE NUMBERS.
R  INDICATES RECORD WAS SET OR TIED.
MM INDICATES DATA IS MISSING.
T  INDICATES TRACE AMOUNT.




$$
