000
CDUS46 KMTR 280943
CLISFD


CLIMATE REPORT
NATIONAL WEATHER SERVICE SAN FRANCISCO BAY AREA
142 AM PST WED JAN 28 2015


...................................

...THE SAN FRANCISCO DWTN CA CLIMATE SUMMARY FOR JANUARY 27 2015...

CLIMATE NORMAL PERIOD 1981 TO 2010
CLIMATE RECORD PERIOD 1850 TO 2015


WEATHER ITEM   OBSERVED TIME   RECORD YEAR NORMAL DEPARTURE LAST
                VALUE   (LST)  VALUE       VALUE  FROM      YEAR
                                                  NORMAL
..................................................................
TEMPERATURE (F)
 YESTERDAY
  MAXIMUM         66    343 PM  75    1899  58      8       58
  MINIMUM         56   1143 PM  37    1898  46     10       48
  AVERAGE         61                        52      9       53

PRECIPITATION (IN)
  YESTERDAY        0.00          1.35 1896   0.15  -0.15     0.00
  MONTH TO DATE    0.00                      3.90  -3.90     0.03
  SINCE JUL 1     15.09                     13.01   2.08     2.11
  SINCE JAN 1      0.00                      3.90  -3.90     0.03

DEGREE DAYS
 HEATING
  YESTERDAY        4                        MM     MM       12
  MONTH TO DATE  269                        MM     MM      220
  SINCE DEC 1    533                        MM     MM      622
  SINCE JUL 1    902                        MM     MM     1335

 COOLING
  YESTERDAY        0                        MM     MM        0
  MONTH TO DATE    0                         0      0        0
  SINCE DEC 1      0                         0      0        0
  SINCE JAN 1      0                         0      0        0
..................................................................







THE SAN FRANCISCO DWTN CA CLIMATE NORMALS FOR TODAY
                         NORMAL    RECORD    YEAR
 MAXIMUM TEMPERATURE (F)   58        72      1984
 MINIMUM TEMPERATURE (F)   46        36      1957


SUNRISE AND SUNSET
JANUARY 28 2015.......SUNRISE   717 AM PST   SUNSET   529 PM PST
JANUARY 29 2015.......SUNRISE   716 AM PST   SUNSET   530 PM PST


-  INDICATES NEGATIVE NUMBERS.
R  INDICATES RECORD WAS SET OR TIED.
MM INDICATES DATA IS MISSING.
T  INDICATES TRACE AMOUNT.




$$
