726
CDUS46 KMTR 190836
CLISFD


CLIMATE REPORT
NATIONAL WEATHER SERVICE SAN FRANCISCO BAY AREA
1236 AM PST SUN NOV 19 2017


...................................

...THE SAN FRANCISCO DWTN CA CLIMATE SUMMARY FOR NOVEMBER 18 2017...

CLIMATE NORMAL PERIOD 1981 TO 2010
CLIMATE RECORD PERIOD 1850 TO 2017


WEATHER ITEM   OBSERVED TIME   RECORD YEAR NORMAL DEPARTURE LAST
                VALUE   (LST)  VALUE       VALUE  FROM      YEAR
                                                  NORMAL
..................................................................
TEMPERATURE (F)
 YESTERDAY
  MAXIMUM         60    143 PM  81    1932  62     -2       66
  MINIMUM         47    743 AM  42    1994  50     -3       49
  AVERAGE         54                        56     -2       58

PRECIPITATION (IN)
  YESTERDAY        0.00          2.24 1918   0.11  -0.11     0.00
  MONTH TO DATE    2.32                      1.71   0.61     0.00
  SINCE OCT 1      2.63                      2.83  -0.20     2.43
  SINCE JAN 1     26.04                     17.64   8.40    18.92

DEGREE DAYS
 HEATING
  YESTERDAY       11                        MM     MM        7
  MONTH TO DATE  125                        MM     MM       59
  SINCE SEP 1    258                        MM     MM      281
  SINCE JUL 1    480                        MM     MM      589

 COOLING
  YESTERDAY        0                        MM     MM        0
  MONTH TO DATE    0                         0      0        4
  SINCE SEP 1    187                         0    187       62
  SINCE JAN 1    226                         0    226       93
..................................................................







THE SAN FRANCISCO DWTN CA CLIMATE NORMALS FOR TODAY
                         NORMAL    RECORD    YEAR
 MAXIMUM TEMPERATURE (F)   62        77      1895
 MINIMUM TEMPERATURE (F)   50        40      1994


SUNRISE AND SUNSET
NOVEMBER 19 2017......SUNRISE   655 AM PST   SUNSET   456 PM PST
NOVEMBER 20 2017......SUNRISE   656 AM PST   SUNSET   455 PM PST


-  INDICATES NEGATIVE NUMBERS.
R  INDICATES RECORD WAS SET OR TIED.
MM INDICATES DATA IS MISSING.
T  INDICATES TRACE AMOUNT.




$$
