000
CDUS46 KMTR 150826
CLISFD


CLIMATE REPORT
NATIONAL WEATHER SERVICE SAN FRANCISCO BAY AREA
126 AM PDT MON SEP 15 2014


...................................

...THE SAN FRANCISCO DWTN CA CLIMATE SUMMARY FOR SEPTEMBER 14 2014...

CLIMATE NORMAL PERIOD 1981 TO 2010
CLIMATE RECORD PERIOD 1850 TO 2014


WEATHER ITEM   OBSERVED TIME   RECORD YEAR NORMAL DEPARTURE LAST
                VALUE   (LST)  VALUE       VALUE  FROM      YEAR
                                                  NORMAL
..................................................................
TEMPERATURE (F)
 YESTERDAY
  MAXIMUM         70    243 PM 101    1971  70      0       64
  MINIMUM         61   1143 PM  50    1916  55      6       55
  AVERAGE         66                        63      3       60

PRECIPITATION (IN)
  YESTERDAY        0.00          0.92 1888   0.01  -0.01     0.00
  MONTH TO DATE    0.05                      0.06  -0.01     0.00
  SINCE JUL 1      0.14                      0.12   0.02     0.04
  SINCE JAN 1     10.60                     14.66  -4.06     3.55

DEGREE DAYS
 HEATING
  YESTERDAY        0                        MM     MM        5
  MONTH TO DATE   24                        MM     MM       24
  SINCE SEP 1     24                        MM     MM       24
  SINCE JUL 1    154                        MM     MM      294

 COOLING
  YESTERDAY        1                        MM     MM        0
  MONTH TO DATE    9                         0      9       13
  SINCE SEP 1      9                         0      9       13
  SINCE JAN 1     76                         0     76       41
..................................................................







THE SAN FRANCISCO DWTN CA CLIMATE NORMALS FOR TODAY
                         NORMAL    RECORD    YEAR
 MAXIMUM TEMPERATURE (F)   70        94      1913
 MINIMUM TEMPERATURE (F)   55        49      1910


SUNRISE AND SUNSET
SEPTEMBER 15 2014.....SUNRISE   652 AM PDT   SUNSET   717 PM PDT
SEPTEMBER 16 2014.....SUNRISE   652 AM PDT   SUNSET   716 PM PDT


-  INDICATES NEGATIVE NUMBERS.
R  INDICATES RECORD WAS SET OR TIED.
MM INDICATES DATA IS MISSING.
T  INDICATES TRACE AMOUNT.




$$
