000
CDUS46 KOTX 220823
CLISFF


CLIMATE REPORT
NATIONAL WEATHER SERVICE SPOKANE, WA
123 AM PDT FRI SEP 22 2017


...................................

...THE SPOKANE WA FELTS AIRPORT CLIMATE SUMMARY FOR SEPTEMBER 21 2017...

CLIMATE NORMAL PERIOD 1981 TO 2010
CLIMATE RECORD PERIOD 9999 TO 9999


WEATHER ITEM   OBSERVED TIME   RECORD YEAR NORMAL DEPARTURE LAST
                VALUE   (LST)  VALUE       VALUE  FROM      YEAR
                                                  NORMAL
..................................................................
TEMPERATURE (F)
 YESTERDAY
  MAXIMUM         53    420 PM  MM      MM  73    -20       69
  MINIMUM         40   1110 PM  MM      MM  45     -5       42
  AVERAGE         47                        59    -12       56

PRECIPITATION (IN)
  YESTERDAY        0.11         MM      MM   0.03   0.08     0.00
  MONTH TO DATE    1.29                      0.55   0.74     0.34
  SINCE OCT 1     23.32                     17.49   5.83    16.69
  SINCE JAN 1     14.23                     11.29   2.94    11.15

SNOWFALL (IN)
  YESTERDAY       MM

DEGREE DAYS
 HEATING
  YESTERDAY       18                         7     11        9
  MONTH TO DATE   98                        87     11      107
  SINCE SEP 1     98                        87     11      107
  SINCE JUL 1     98                       133    -35      123

 COOLING
  YESTERDAY        0                         0      0        0
  MONTH TO DATE   81                        29     52        2
  SINCE SEP 1     81                        29     52        2
  SINCE JAN 1    753                       405    348      473
..................................................................


WIND (MPH)
  HIGHEST WIND SPEED     8   HIGHEST WIND DIRECTION    SW (220)
  HIGHEST GUST SPEED     9   HIGHEST GUST DIRECTION    SW (210)
  AVERAGE WIND SPEED     1.6


SKY COVER
  POSSIBLE SUNSHINE  MM
  AVERAGE SKY COVER 0.7


WEATHER CONDITIONS
 THE FOLLOWING WEATHER WAS RECORDED YESTERDAY.
  RAIN
  LIGHT RAIN
  FOG


RELATIVE HUMIDITY (PERCENT)
 HIGHEST   100          1200 AM
 LOWEST     71           400 PM
 AVERAGE    86

..........................................................


THE SPOKANE WA FELTS AIRPORT CLIMATE NORMALS FOR TODAY
                         NORMAL    RECORD    YEAR
 MAXIMUM TEMPERATURE (F)   72        MM        MM
 MINIMUM TEMPERATURE (F)   44        MM        MM


SUNRISE AND SUNSET
SEPTEMBER 22 2017.....SUNRISE   636 AM PDT   SUNSET   646 PM PDT
SEPTEMBER 23 2017.....SUNRISE   638 AM PDT   SUNSET   644 PM PDT


-  INDICATES NEGATIVE NUMBERS.
R  INDICATES RECORD WAS SET OR TIED.
MM INDICATES DATA IS MISSING.
T  INDICATES TRACE AMOUNT.




$$
