000
CDUS46 KOTX 240823
CLISFF


CLIMATE REPORT
NATIONAL WEATHER SERVICE SPOKANE, WA
123 AM PDT MON APR 24 2017


...................................

...THE SPOKANE WA FELTS AIRPORT CLIMATE SUMMARY FOR APRIL 23 2017...

CLIMATE NORMAL PERIOD 1981 TO 2010
CLIMATE RECORD PERIOD 9999 TO 9999


WEATHER ITEM   OBSERVED TIME   RECORD YEAR NORMAL DEPARTURE LAST
                VALUE   (LST)  VALUE       VALUE  FROM      YEAR
                                                  NORMAL
..................................................................
TEMPERATURE (F)
 YESTERDAY
  MAXIMUM         59    352 PM  MM      MM  61     -2       63
  MINIMUM         44    403 AM  MM      MM  36      8       49
  AVERAGE         52                        49      3       56

PRECIPITATION (IN)
  YESTERDAY        T            MM      MM   0.04  -0.04     0.13
  MONTH TO DATE    1.58                      0.98   0.60     0.44
  SINCE OCT 1     19.29                     12.08   7.21    12.32
  SINCE JAN 1     10.20                      5.88   4.32     6.78

SNOWFALL (IN)
  YESTERDAY       MM

DEGREE DAYS
 HEATING
  YESTERDAY       13                        16     -3        9
  MONTH TO DATE  408                       425    -17      212
  SINCE MAR 1   1091                      1175    -84      855
  SINCE JUL 1   5687                      5746    -59     4760

 COOLING
  YESTERDAY        0                         0      0        0
  MONTH TO DATE    0                         0      0        5
  SINCE MAR 1      0                         0      0        5
  SINCE JAN 1      0                         0      0        5
..................................................................


WIND (MPH)
  HIGHEST WIND SPEED    23   HIGHEST WIND DIRECTION    SW (220)
  HIGHEST GUST SPEED    30   HIGHEST GUST DIRECTION    SW (220)
  AVERAGE WIND SPEED     8.7


SKY COVER
  POSSIBLE SUNSHINE  MM
  AVERAGE SKY COVER 0.6


WEATHER CONDITIONS
 THE FOLLOWING WEATHER WAS RECORDED YESTERDAY.
  NO SIGNIFICANT WEATHER WAS OBSERVED.


RELATIVE HUMIDITY (PERCENT)
 HIGHEST    82          1200 AM
 LOWEST     40           200 PM
 AVERAGE    61

..........................................................


THE SPOKANE WA FELTS AIRPORT CLIMATE NORMALS FOR TODAY
                         NORMAL    RECORD    YEAR
 MAXIMUM TEMPERATURE (F)   61        MM        MM
 MINIMUM TEMPERATURE (F)   37        MM        MM


SUNRISE AND SUNSET
APRIL 24 2017.........SUNRISE   543 AM PDT   SUNSET   752 PM PDT
APRIL 25 2017.........SUNRISE   542 AM PDT   SUNSET   754 PM PDT


-  INDICATES NEGATIVE NUMBERS.
R  INDICATES RECORD WAS SET OR TIED.
MM INDICATES DATA IS MISSING.
T  INDICATES TRACE AMOUNT.




$$
