000
CDUS43 KSGF 260653
CLISGF


CLIMATE REPORT
NATIONAL WEATHER SERVICE SPRINGFIELD MO
1252 AM CST WED NOV 26 2014


...................................

...THE SPRINGFIELD MO CLIMATE SUMMARY FOR NOVEMBER 25 2014...

CLIMATE NORMAL PERIOD 1981 TO 2010
CLIMATE RECORD PERIOD 1888 TO 2014


WEATHER ITEM   OBSERVED TIME   RECORD YEAR NORMAL DEPARTURE LAST
                VALUE   (LST)  VALUE       VALUE  FROM      YEAR
                                                  NORMAL
..................................................................
TEMPERATURE (F)
 YESTERDAY
  MAXIMUM         45    207 PM  74    1990  52     -7       36
  MINIMUM         24    710 AM   9    1950  31     -7       29
  AVERAGE         35                        42     -7       33

PRECIPITATION (IN)
  YESTERDAY        0.00          1.69 1952   0.14  -0.14      T
  MONTH TO DATE    2.29                      3.53  -1.24     2.02
  SINCE SEP 1     14.84                     11.73   3.11    11.13
  SINCE JAN 1     36.81                     41.84  -5.03    49.28

SNOWFALL (IN)
  YESTERDAY        0.0
  MONTH TO DATE    1.5
  SINCE SEP 1      1.5
  SINCE JUL 1      1.5
  SNOW DEPTH       0

DEGREE DAYS
 HEATING
  YESTERDAY       30                        23      7       32
  MONTH TO DATE  625                       448    177      487
  SINCE SEP 1    857                       754    103      791
  SINCE JUL 1    857                       756    101      791

 COOLING
  YESTERDAY        0                         0      0        0
  MONTH TO DATE    0                         0      0        0
  SINCE SEP 1    224                       201     23      274
  SINCE JAN 1   1470                      1387     83     1417
..................................................................


WIND (MPH)
  HIGHEST WIND SPEED    12   HIGHEST WIND DIRECTION    SE (150)
  HIGHEST GUST SPEED    13   HIGHEST GUST DIRECTION     W (260)
  AVERAGE WIND SPEED     5.8


SKY COVER
  AVERAGE SKY COVER 0.0


WEATHER CONDITIONS
 THE FOLLOWING WEATHER WAS RECORDED YESTERDAY.
  NO SIGNIFICANT WEATHER WAS OBSERVED.


RELATIVE HUMIDITY (PERCENT)
 HIGHEST    75           800 PM
 LOWEST     30           200 PM
 AVERAGE    53

..........................................................


THE SPRINGFIELD MO CLIMATE NORMALS FOR TODAY
                         NORMAL    RECORD    YEAR
 MAXIMUM TEMPERATURE (F)   52        76      1965
 MINIMUM TEMPERATURE (F)   31        12      1977


SUNRISE AND SUNSET
NOVEMBER 26 2014......SUNRISE   704 AM CST   SUNSET   458 PM CST
NOVEMBER 27 2014......SUNRISE   705 AM CST   SUNSET   457 PM CST


-  INDICATES NEGATIVE NUMBERS.
R  INDICATES RECORD WAS SET OR TIED.
MM INDICATES DATA IS MISSING.
T  INDICATES TRACE AMOUNT.




$$
