044
CDUS45 KBYZ 260726
CLISHR


CLIMATE REPORT
NATIONAL WEATHER SERVICE BILLINGS MT
125 AM MDT TUE SEP 26 2017


...................................

...THE SHERIDAN WY CLIMATE SUMMARY FOR SEPTEMBER 25 2017...

CLIMATE NORMAL PERIOD 1981 TO 2010
CLIMATE RECORD PERIOD 1907 TO 2017


WEATHER ITEM   OBSERVED TIME   RECORD YEAR NORMAL DEPARTURE LAST
                VALUE   (LST)  VALUE       VALUE  FROM      YEAR
                                                  NORMAL
..................................................................
TEMPERATURE (F)
 YESTERDAY
  MAXIMUM         53    158 PM  94    2015  69    -16       66
  MINIMUM         34   1159 PM   6    1984  38     -4       42
  AVERAGE         44                        54    -10       54

PRECIPITATION (IN)
  YESTERDAY        0.20          0.68 1936   0.05   0.15     0.00
  MONTH TO DATE    1.89                      1.16   0.73     3.71
  SINCE OCT 1     19.51                     13.89   5.62    15.37
  SINCE JAN 1     15.78                     11.21   4.57    13.22

DEGREE DAYS
 HEATING
  YESTERDAY       21                        12      9       11
  MONTH TO DATE  222                       177     45      164
  SINCE SEP 1    222                       177     45      164
  SINCE JUL 1    246                       239      7      207

 COOLING
  YESTERDAY        0                         0      0        0
  MONTH TO DATE   52                        26     26       30
  SINCE SEP 1     52                        26     26       30
  SINCE JAN 1    481                       416     65      549
..................................................................


WIND (MPH)
  HIGHEST WIND SPEED     9   HIGHEST WIND DIRECTION     N (350)
  HIGHEST GUST SPEED    11   HIGHEST GUST DIRECTION     N (350)
  AVERAGE WIND SPEED     2.3


SKY COVER
  POSSIBLE SUNSHINE  MM
  AVERAGE SKY COVER 0.8


WEATHER CONDITIONS
 THE FOLLOWING WEATHER WAS RECORDED YESTERDAY.
  LIGHT RAIN
  FOG


RELATIVE HUMIDITY (PERCENT)
 HIGHEST   100           200 AM
 LOWEST     54           100 PM
 AVERAGE    77

..........................................................


THE SHERIDAN WY CLIMATE NORMALS FOR TODAY
                         NORMAL    RECORD    YEAR
 MAXIMUM TEMPERATURE (F)   69        97      2015
 MINIMUM TEMPERATURE (F)   38        21      1972
                                             1926


SUNRISE AND SUNSET
SEPTEMBER 26 2017.....SUNRISE   700 AM MDT   SUNSET   657 PM MDT
SEPTEMBER 27 2017.....SUNRISE   701 AM MDT   SUNSET   655 PM MDT


-  INDICATES NEGATIVE NUMBERS.
R  INDICATES RECORD WAS SET OR TIED.
MM INDICATES DATA IS MISSING.
T  INDICATES TRACE AMOUNT.




$$
