000
CDUS45 KBYZ 251034
CLISHR


CLIMATE REPORT
NATIONAL WEATHER SERVICE BILLINGS MT
333 AM MST SUN JAN 25 2015


...................................

...THE SHERIDAN WY CLIMATE SUMMARY FOR JANUARY 24 2015...

CLIMATE NORMAL PERIOD 1981 TO 2010
CLIMATE RECORD PERIOD 1907 TO 2015


WEATHER ITEM   OBSERVED TIME   RECORD YEAR NORMAL DEPARTURE LAST
                VALUE   (LST)  VALUE       VALUE  FROM      YEAR
                                                  NORMAL
..................................................................
TEMPERATURE (F)
 YESTERDAY
  MAXIMUM         49   1216 PM  69    2005  37     12       55
  MINIMUM         21    132 AM -29    1929  12      9       28
  AVERAGE         35                        24     11       42

PRECIPITATION (IN)
  YESTERDAY        0.03          0.45        0.02   0.01     0.00
  MONTH TO DATE    0.45                      0.42   0.03     0.42
  SINCE OCT 1      2.84                      3.10  -0.26     4.18
  SINCE JAN 1      0.45                      0.42   0.03     0.42

DEGREE DAYS
 HEATING
  YESTERDAY       30                        41    -11       23
  MONTH TO DATE 1021                       993     28      882
  SINCE DEC 1   2250                      2298    -48     2297
  SINCE JUL 1   4076                      4176   -100     4102

 COOLING
  YESTERDAY        0                         0      0        0
  MONTH TO DATE    0                         0      0        0
  SINCE DEC 1      0                         0      0        0
  SINCE JAN 1      0                         0      0        0
..................................................................


WIND (MPH)
  HIGHEST WIND SPEED    43   HIGHEST WIND DIRECTION     N (340)
  HIGHEST GUST SPEED    53   HIGHEST GUST DIRECTION     N (340)
  AVERAGE WIND SPEED    11.0


SKY COVER
  POSSIBLE SUNSHINE  MM
  AVERAGE SKY COVER 0.7


WEATHER CONDITIONS
 THE FOLLOWING WEATHER WAS RECORDED YESTERDAY.
  LIGHT RAIN


RELATIVE HUMIDITY (PERCENT)
 HIGHEST    89          1000 PM
 LOWEST     49          1000 AM
 AVERAGE    69

..........................................................


THE SHERIDAN WY CLIMATE NORMALS FOR TODAY
                         NORMAL    RECORD    YEAR
 MAXIMUM TEMPERATURE (F)   37        60      2002
 MINIMUM TEMPERATURE (F)   12       -30      1940


SUNRISE AND SUNSET
JANUARY 25 2015.......SUNRISE   734 AM MST   SUNSET   506 PM MST
JANUARY 26 2015.......SUNRISE   734 AM MST   SUNSET   508 PM MST


-  INDICATES NEGATIVE NUMBERS.
R  INDICATES RECORD WAS SET OR TIED.
MM INDICATES DATA IS MISSING.
T  INDICATES TRACE AMOUNT.




$$
