000
CDUS45 KBYZ 010934
CLISHR


CLIMATE REPORT
NATIONAL WEATHER SERVICE BILLINGS MT
333 AM MDT MON SEP 1 2014


...................................

...THE SHERIDAN WY CLIMATE SUMMARY FOR AUGUST 31 2014...

CLIMATE NORMAL PERIOD 1981 TO 2010
CLIMATE RECORD PERIOD 1907 TO 2014


WEATHER ITEM   OBSERVED TIME   RECORD YEAR NORMAL DEPARTURE LAST
                VALUE   (LST)  VALUE       VALUE  FROM      YEAR
                                                  NORMAL
..................................................................
TEMPERATURE (F)
 YESTERDAY
  MAXIMUM         74    256 PM 103    1954  82     -8       84
  MINIMUM         47   1133 PM  31    1910  48     -1       53
  AVERAGE         61                        65     -4       69

PRECIPITATION (IN)
  YESTERDAY        0.05          1.67 1943   0.03   0.02     0.00
  MONTH TO DATE    1.05                      0.72   0.33     0.05
  SINCE OCT 1     14.83                     12.73   2.10    12.53
  SINCE JAN 1     11.07                     10.05   1.02     9.99

SNOWFALL (IN)
  YESTERDAY       MM             0.0  2002   0.0   MM       MM
                                      2000
  MONTH TO DATE   MM                         0.0   MM       MM
  SINCE JUN 1     MM                         T     MM       MM
  SINCE JUL 1     MM                         0.0   MM       MM
  SNOW DEPTH      MM

DEGREE DAYS
 HEATING
  YESTERDAY        4                         3      1        0
  MONTH TO DATE   41                        36      5        0
  SINCE JUN 1    232                       211     21      121
  SINCE JUL 1     50                        62    -12        1

 COOLING
  YESTERDAY        0                         3     -3        4
  MONTH TO DATE  127                       158    -31      232
  SINCE JUN 1    310                       386    -76      502
  SINCE JAN 1    318                       390    -72      510
..................................................................


WIND (MPH)
  HIGHEST WIND SPEED    28   HIGHEST WIND DIRECTION     W (280)
  HIGHEST GUST SPEED    41   HIGHEST GUST DIRECTION     W (270)
  AVERAGE WIND SPEED     7.1


SKY COVER
  POSSIBLE SUNSHINE  MM
  AVERAGE SKY COVER 0.6


WEATHER CONDITIONS
 THE FOLLOWING WEATHER WAS RECORDED YESTERDAY.
  LIGHT RAIN


RELATIVE HUMIDITY (PERCENT)
 HIGHEST    96           300 AM
 LOWEST     33           300 PM
 AVERAGE    65

..........................................................


THE SHERIDAN WY CLIMATE NORMALS FOR TODAY
                         NORMAL    RECORD    YEAR
 MAXIMUM TEMPERATURE (F)   82       103      1983
 MINIMUM TEMPERATURE (F)   47        34      1930
                                             1924


SUNRISE AND SUNSET
SEPTEMBER  1 2014.....SUNRISE   630 AM MDT   SUNSET   745 PM MDT
SEPTEMBER  2 2014.....SUNRISE   631 AM MDT   SUNSET   743 PM MDT


-  INDICATES NEGATIVE NUMBERS.
R  INDICATES RECORD WAS SET OR TIED.
MM INDICATES DATA IS MISSING.
T  INDICATES TRACE AMOUNT.




$$
