000
CDUS45 KBYZ 221033
CLISHR


CLIMATE REPORT
NATIONAL WEATHER SERVICE BILLINGS MT
332 AM MST MON DEC 22 2014


...................................

...THE SHERIDAN WY CLIMATE SUMMARY FOR DECEMBER 21 2014...

CLIMATE NORMAL PERIOD 1981 TO 2010
CLIMATE RECORD PERIOD 1907 TO 2014


WEATHER ITEM   OBSERVED TIME   RECORD YEAR NORMAL DEPARTURE LAST
                VALUE   (LST)  VALUE       VALUE  FROM      YEAR
                                                  NORMAL
..................................................................
TEMPERATURE (F)
 YESTERDAY
  MAXIMUM         48    128 PM  63    1933  34     14       28
  MINIMUM         20    315 AM -35    1989  10     10       14
  AVERAGE         34                        22     12       21

PRECIPITATION (IN)
  YESTERDAY        0.01          0.31        0.01   0.00     0.02
  MONTH TO DATE    0.30                      0.39  -0.09     0.70
  SINCE OCT 1      1.95                      2.51  -0.56     3.34
  SINCE JAN 1     14.65                     13.99   0.66    17.59

DEGREE DAYS
 HEATING
  YESTERDAY       31                        43    -12       44
  MONTH TO DATE  739                       880   -141     1046
  SINCE DEC 1    739                       880   -141     1046
  SINCE JUL 1   2565                      2758   -193     2851

 COOLING
  YESTERDAY        0                         0      0        0
  MONTH TO DATE    0                         0      0        0
  SINCE DEC 1      0                         0      0        0
  SINCE JAN 1    346                       419    -73      592
..................................................................


WIND (MPH)
  HIGHEST WIND SPEED    41   HIGHEST WIND DIRECTION    NW (330)
  HIGHEST GUST SPEED    53   HIGHEST GUST DIRECTION    NW (320)
  AVERAGE WIND SPEED    12.4


SKY COVER
  POSSIBLE SUNSHINE  MM
  AVERAGE SKY COVER 0.6


WEATHER CONDITIONS
 THE FOLLOWING WEATHER WAS RECORDED YESTERDAY.
  LIGHT RAIN
  LIGHT SNOW


RELATIVE HUMIDITY (PERCENT)
 HIGHEST    81           200 AM
 LOWEST     45           400 PM
 AVERAGE    63

..........................................................


THE SHERIDAN WY CLIMATE NORMALS FOR TODAY
                         NORMAL    RECORD    YEAR
 MAXIMUM TEMPERATURE (F)   34        67      1933
 MINIMUM TEMPERATURE (F)   10       -35      1989


SUNRISE AND SUNSET
DECEMBER 22 2014......SUNRISE   743 AM MST   SUNSET   430 PM MST
DECEMBER 23 2014......SUNRISE   743 AM MST   SUNSET   431 PM MST


-  INDICATES NEGATIVE NUMBERS.
R  INDICATES RECORD WAS SET OR TIED.
MM INDICATES DATA IS MISSING.
T  INDICATES TRACE AMOUNT.




$$
