000
CDUS45 KBYZ 232226
CLISHR


CLIMATE REPORT
NATIONAL WEATHER SERVICE BILLINGS MT
425 PM MDT SAT MAY 23 2015


...................................

...THE SHERIDAN WY CLIMATE SUMMARY FOR MAY 23 2015...
VALID TODAY AS OF 0400 PM LOCAL TIME.

CLIMATE NORMAL PERIOD 1981 TO 2010
CLIMATE RECORD PERIOD 1907 TO 2015


WEATHER ITEM   OBSERVED TIME   RECORD YEAR NORMAL DEPARTURE LAST
                VALUE   (LST)  VALUE       VALUE  FROM      YEAR
                                                  NORMAL
..................................................................
TEMPERATURE (F)
 TODAY
  MAXIMUM         57    259 PM  88    1951  69    -12       80
  MINIMUM         44    308 AM  27    1966  40      4       47
  AVERAGE         51                        54     -3       64

PRECIPITATION (IN)
  TODAY            T             1.35        0.07  -0.07     0.00
  MONTH TO DATE    2.55                      1.74   0.81     1.58
  SINCE OCT 1      8.50                      8.10   0.40    10.42
  SINCE JAN 1      6.11                      5.42   0.69     6.66

DEGREE DAYS
 HEATING
  TODAY           14                        11      3        1
  MONTH TO DATE  371                       317     54      341
  SINCE MAR 1   1690                      1883   -193     1958
  SINCE JUL 1   6920                      7418   -498     7708

 COOLING
  TODAY            0                         0      0        0
  MONTH TO DATE    0                         0      0        0
  SINCE MAR 1      0                         0      0        0
  SINCE JAN 1      0                         0      0        0
..................................................................


WIND (MPH)
  HIGHEST WIND SPEED    18   HIGHEST WIND DIRECTION    SE (120)
  HIGHEST GUST SPEED    25   HIGHEST GUST DIRECTION    SE (120)
  AVERAGE WIND SPEED     6.2


SKY COVER
  POSSIBLE SUNSHINE  MM
  AVERAGE SKY COVER 0.9


WEATHER CONDITIONS
 THE FOLLOWING WEATHER WAS RECORDED TODAY.
  LIGHT RAIN


RELATIVE HUMIDITY (PERCENT)
 HIGHEST    93           600 AM
 LOWEST     80          1200 AM
 AVERAGE    87

..........................................................


THE SHERIDAN WY CLIMATE NORMALS FOR TOMORROW
                         NORMAL    RECORD    YEAR
 MAXIMUM TEMPERATURE (F)   69        90      1985
 MINIMUM TEMPERATURE (F)   41        21      2002


SUNRISE AND SUNSET
MAY 23 2015...........SUNRISE   532 AM MDT   SUNSET   838 PM MDT
MAY 24 2015...........SUNRISE   531 AM MDT   SUNSET   839 PM MDT


-  INDICATES NEGATIVE NUMBERS.
R  INDICATES RECORD WAS SET OR TIED.
MM INDICATES DATA IS MISSING.
T  INDICATES TRACE AMOUNT.




$$
