000
CDUS45 KBYZ 180938
CLISHR


CLIMATE REPORT
NATIONAL WEATHER SERVICE BILLINGS MT
336 AM MDT THU SEP 18 2014


...................................

...THE SHERIDAN WY CLIMATE SUMMARY FOR SEPTEMBER 17 2014...

CLIMATE NORMAL PERIOD 1981 TO 2010
CLIMATE RECORD PERIOD 1907 TO 2014


WEATHER ITEM   OBSERVED TIME   RECORD YEAR NORMAL DEPARTURE LAST
                VALUE   (LST)  VALUE       VALUE  FROM      YEAR
                                                  NORMAL
..................................................................
TEMPERATURE (F)
 YESTERDAY
  MAXIMUM         86    401 PM  93    1920  74     12       89
  MINIMUM         54   1007 PM  24    1965  41     13       53
  AVERAGE         70                        57     13       71

PRECIPITATION (IN)
  YESTERDAY        T             0.60 1945   0.05  -0.05     0.17
  MONTH TO DATE    1.52                      0.72   0.80     2.71
  SINCE OCT 1     16.35                     13.45   2.90    15.24
  SINCE JAN 1     12.59                     10.77   1.82    12.70

SNOWFALL (IN)
  YESTERDAY       MM             0.5  1965   0.1   MM       MM
  MONTH TO DATE   MM                         1.0   MM       MM
  SINCE SEP 1     MM                         1.0   MM       MM
  SINCE JUL 1     MM                         1.0   MM       MM
  SNOW DEPTH      MM

DEGREE DAYS
 HEATING
  YESTERDAY        0                         8     -8        0
  MONTH TO DATE  184                        95     89        5
  SINCE SEP 1    184                        95     89        5
  SINCE JUL 1    234                       157     77        6

 COOLING
  YESTERDAY        5                         1      4        6
  MONTH TO DATE   12                        25    -13       82
  SINCE SEP 1     12                        25    -13       82
  SINCE JAN 1    330                       415    -85      592
..................................................................


WIND (MPH)
  HIGHEST WIND SPEED    28   HIGHEST WIND DIRECTION     W (250)
  HIGHEST GUST SPEED    36   HIGHEST GUST DIRECTION     W (290)
  AVERAGE WIND SPEED     4.7


SKY COVER
  POSSIBLE SUNSHINE  MM
  AVERAGE SKY COVER 0.2


WEATHER CONDITIONS
 THE FOLLOWING WEATHER WAS RECORDED YESTERDAY.
  THUNDERSTORM
  LIGHT RAIN


RELATIVE HUMIDITY (PERCENT)
 HIGHEST    72           100 AM
 LOWEST     26           500 PM
 AVERAGE    49

..........................................................


THE SHERIDAN WY CLIMATE NORMALS FOR TODAY
                         NORMAL    RECORD    YEAR
 MAXIMUM TEMPERATURE (F)   73        94      1984
                                             1914
 MINIMUM TEMPERATURE (F)   41        15      1965


SUNRISE AND SUNSET
SEPTEMBER 18 2014.....SUNRISE   650 AM MDT   SUNSET   713 PM MDT
SEPTEMBER 19 2014.....SUNRISE   651 AM MDT   SUNSET   711 PM MDT


-  INDICATES NEGATIVE NUMBERS.
R  INDICATES RECORD WAS SET OR TIED.
MM INDICATES DATA IS MISSING.
T  INDICATES TRACE AMOUNT.




$$
