000
CDUS45 KBYZ 280723
CLISHR


CLIMATE REPORT
NATIONAL WEATHER SERVICE BILLINGS MT
123 AM MDT SUN MAY 28 2017


...................................

...THE SHERIDAN WY CLIMATE SUMMARY FOR MAY 27 2017...

CLIMATE NORMAL PERIOD 1981 TO 2010
CLIMATE RECORD PERIOD 1907 TO 2017


WEATHER ITEM   OBSERVED TIME   RECORD YEAR NORMAL DEPARTURE LAST
                VALUE   (LST)  VALUE       VALUE  FROM      YEAR
                                                  NORMAL
..................................................................
TEMPERATURE (F)
 YESTERDAY
  MAXIMUM         70    217 PM  93    1934  70      0       69
  MINIMUM         35    350 AM  29    1965  41     -6       38
  AVERAGE         53                        56     -3       54

PRECIPITATION (IN)
  YESTERDAY        0.00          0.92 1956   0.07  -0.07     0.00
  MONTH TO DATE    2.24                      2.04   0.20     0.97
  SINCE OCT 1     15.70                      8.40   7.30     9.52
  SINCE JAN 1     11.97                      5.72   6.25     7.37

DEGREE DAYS
 HEATING
  YESTERDAY       12                        10      2       11
  MONTH TO DATE  330                       357    -27      336
  SINCE MAR 1   1676                      1923   -247     1653
  SINCE JUL 1   7198                      7458   -260     6399

 COOLING
  YESTERDAY        0                         0      0        0
  MONTH TO DATE    0                         0      0        2
  SINCE MAR 1      0                         0      0        2
  SINCE JAN 1      0                         0      0        2
..................................................................


WIND (MPH)
  HIGHEST WIND SPEED    28   HIGHEST WIND DIRECTION     N (350)
  HIGHEST GUST SPEED    33   HIGHEST GUST DIRECTION     N (350)
  AVERAGE WIND SPEED    11.5


SKY COVER
  POSSIBLE SUNSHINE  MM
  AVERAGE SKY COVER 0.3


WEATHER CONDITIONS
 THE FOLLOWING WEATHER WAS RECORDED YESTERDAY.
  NO SIGNIFICANT WEATHER WAS OBSERVED.


RELATIVE HUMIDITY (PERCENT)
 HIGHEST    92           200 AM
 LOWEST     28           200 PM
 AVERAGE    60

..........................................................


THE SHERIDAN WY CLIMATE NORMALS FOR TODAY
                         NORMAL    RECORD    YEAR
 MAXIMUM TEMPERATURE (F)   70        93      2014
                                             1934
 MINIMUM TEMPERATURE (F)   42        28      1947


SUNRISE AND SUNSET
MAY 28 2017...........SUNRISE   528 AM MDT   SUNSET   843 PM MDT
MAY 29 2017...........SUNRISE   527 AM MDT   SUNSET   844 PM MDT


-  INDICATES NEGATIVE NUMBERS.
R  INDICATES RECORD WAS SET OR TIED.
MM INDICATES DATA IS MISSING.
T  INDICATES TRACE AMOUNT.




$$
