000
CDUS45 KBYZ 240933
CLISHR


CLIMATE REPORT
NATIONAL WEATHER SERVICE BILLINGS MT
331 AM MDT WED AUG 24 2016


...................................

...THE SHERIDAN WY CLIMATE SUMMARY FOR AUGUST 23 2016...

CLIMATE NORMAL PERIOD 1981 TO 2010
CLIMATE RECORD PERIOD 1907 TO 2016


WEATHER ITEM   OBSERVED TIME   RECORD YEAR NORMAL DEPARTURE LAST
                VALUE   (LST)  VALUE       VALUE  FROM      YEAR
                                                  NORMAL
..................................................................
TEMPERATURE (F)
 YESTERDAY
  MAXIMUM         78    311 PM 100    1937  85     -7       81
  MINIMUM         51    607 AM  30    2015  50      1       30
  AVERAGE         65                        68     -3       56

PRECIPITATION (IN)
  YESTERDAY        0.00          0.58 1968   0.02  -0.02     0.00
  MONTH TO DATE    1.44                      0.51   0.93     0.56
  SINCE OCT 1     11.66                     12.52  -0.86    15.82
  SINCE JAN 1      9.51                      9.84  -0.33    13.43

DEGREE DAYS
 HEATING
  YESTERDAY        0                         1     -1        9
  MONTH TO DATE   16                        17     -1       44
  SINCE JUN 1     38                       192   -154      108
  SINCE JUL 1     22                        43    -21       64

 COOLING
  YESTERDAY        0                         4     -4        0
  MONTH TO DATE  129                       133     -4      127
  SINCE JUN 1    490                       361    129      353
  SINCE JAN 1    492                       365    127      353
..................................................................


WIND (MPH)
  HIGHEST WIND SPEED    24   HIGHEST WIND DIRECTION    NW (300)
  HIGHEST GUST SPEED    30   HIGHEST GUST DIRECTION    NW (300)
  AVERAGE WIND SPEED     8.1


SKY COVER
  POSSIBLE SUNSHINE  MM
  AVERAGE SKY COVER 0.0


WEATHER CONDITIONS
 THE FOLLOWING WEATHER WAS RECORDED YESTERDAY.
  NO SIGNIFICANT WEATHER WAS OBSERVED.


RELATIVE HUMIDITY (PERCENT)
 HIGHEST    55           700 PM
 LOWEST     18           100 PM
 AVERAGE    37

..........................................................


THE SHERIDAN WY CLIMATE NORMALS FOR TODAY
                         NORMAL    RECORD    YEAR
 MAXIMUM TEMPERATURE (F)   85       100      1953
 MINIMUM TEMPERATURE (F)   50        32      1910


SUNRISE AND SUNSET
AUGUST 24 2016........SUNRISE   621 AM MDT   SUNSET   758 PM MDT
AUGUST 25 2016........SUNRISE   623 AM MDT   SUNSET   756 PM MDT


-  INDICATES NEGATIVE NUMBERS.
R  INDICATES RECORD WAS SET OR TIED.
MM INDICATES DATA IS MISSING.
T  INDICATES TRACE AMOUNT.




$$
