000
CDUS45 KBYZ 170723
CLISHR


CLIMATE REPORT
NATIONAL WEATHER SERVICE BILLINGS MT
1223 AM MST SUN DEC 17 2017


...................................

...THE SHERIDAN WY CLIMATE SUMMARY FOR DECEMBER 16 2017...

CLIMATE NORMAL PERIOD 1981 TO 2010
CLIMATE RECORD PERIOD 1907 TO 2017


WEATHER ITEM   OBSERVED TIME   RECORD YEAR NORMAL DEPARTURE LAST
                VALUE   (LST)  VALUE       VALUE  FROM      YEAR
                                                  NORMAL
..................................................................
TEMPERATURE (F)
 YESTERDAY
  MAXIMUM         42   1200 AM  63    1939  34      8       11
  MINIMUM         22   1159 PM -24    1964  10     12      -12
  AVERAGE         32                        22     10        0

PRECIPITATION (IN)
  YESTERDAY        0.44R         0.30 2016   0.02   0.42     0.30
  MONTH TO DATE    0.46                      0.31   0.15     0.60
  SINCE OCT 1      2.34                      2.43  -0.09     3.33
  SINCE JAN 1     18.12                     13.91   4.21    16.55

DEGREE DAYS
 HEATING
  YESTERDAY       33                        43    -10       65
  MONTH TO DATE  464                       665   -201      802
  SINCE DEC 1    464                       665   -201      802
  SINCE JUL 1   2254                      2543   -289     2279

 COOLING
  YESTERDAY        0                         0      0        0
  MONTH TO DATE    0                         0      0        0
  SINCE DEC 1      0                         0      0        0
  SINCE JAN 1    481                       419     62      549
..................................................................


WIND (MPH)
  HIGHEST WIND SPEED    17   HIGHEST WIND DIRECTION    NW (310)
  HIGHEST GUST SPEED    20   HIGHEST GUST DIRECTION    NW (310)
  AVERAGE WIND SPEED     4.4


SKY COVER
  POSSIBLE SUNSHINE  MM
  AVERAGE SKY COVER 0.9


WEATHER CONDITIONS
 THE FOLLOWING WEATHER WAS RECORDED YESTERDAY.
  SNOW
  LIGHT SNOW
  FOG
  FOG W/VISIBILITY <= 1/4 MILE


RELATIVE HUMIDITY (PERCENT)
 HIGHEST   100           700 AM
 LOWEST     41          1200 AM
 AVERAGE    71

..........................................................


THE SHERIDAN WY CLIMATE NORMALS FOR TODAY
                         NORMAL    RECORD    YEAR
 MAXIMUM TEMPERATURE (F)   34        68      1980
 MINIMUM TEMPERATURE (F)   10       -30      1924


SUNRISE AND SUNSET
DECEMBER 17 2017......SUNRISE   740 AM MST   SUNSET   428 PM MST
DECEMBER 18 2017......SUNRISE   741 AM MST   SUNSET   429 PM MST


-  INDICATES NEGATIVE NUMBERS.
R  INDICATES RECORD WAS SET OR TIED.
MM INDICATES DATA IS MISSING.
T  INDICATES TRACE AMOUNT.




$$
