000
CDUS44 KSHV 192147
CLISHV


CLIMATE REPORT
NATIONAL WEATHER SERVICE SHREVEPORT, LA
446 PM CDT THU OCT 19 2017


...................................

...THE SHREVEPORT CLIMATE SUMMARY FOR OCTOBER 19 2017...
VALID TODAY AS OF 0400 PM LOCAL TIME.

CLIMATE NORMAL PERIOD 1981 TO 2010
CLIMATE RECORD PERIOD 1874 TO 2017


WEATHER ITEM   OBSERVED TIME   RECORD YEAR NORMAL DEPARTURE LAST
                VALUE   (LST)  VALUE       VALUE  FROM      YEAR
                                                  NORMAL
..................................................................
TEMPERATURE (F)
 TODAY
  MAXIMUM         82    239 PM  94    1921  77      5       91
  MINIMUM         49    648 AM  32    1989  54     -5       73
                                      1948
  AVERAGE         66                        65      1       82

PRECIPITATION (IN)
  TODAY            0.00          0.95 2002   0.19  -0.19     0.01
  MONTH TO DATE    0.03                      2.90  -2.87     0.82
  SINCE DEC 1     33.27                     44.82 -11.55    54.24
  SINCE JAN 1     30.13                     40.05  -9.92    51.35

SNOWFALL (IN)
  TODAY            0.0
  MONTH TO DATE    0.0
  SINCE SEP 1      0.0
  SINCE JUL 1      0.0
  SNOW DEPTH       0

DEGREE DAYS
 HEATING
  TODAY            0                         3     -3        0
  MONTH TO DATE    6                        32    -26        0
  SINCE SEP 1      6                        38    -32        0
  SINCE JUL 1      6                        38    -32        0

 COOLING
  TODAY            1                         3     -2       17
  MONTH TO DATE  170                        95     75      192
  SINCE SEP 1    546                       458     88      673
  SINCE JAN 1   2653                      2420    233     2914
..................................................................


WIND (MPH)
  HIGHEST WIND SPEED    13   HIGHEST WIND DIRECTION    SE (140)
  HIGHEST GUST SPEED    17   HIGHEST GUST DIRECTION    NE (60)
  AVERAGE WIND SPEED     2.4


SKY COVER
  POSSIBLE SUNSHINE  MM
  AVERAGE SKY COVER 0.7


WEATHER CONDITIONS
 THE FOLLOWING WEATHER WAS RECORDED TODAY.
  FOG


RELATIVE HUMIDITY (PERCENT)
 HIGHEST   100           400 AM
 LOWEST     42           300 PM
 AVERAGE    71

..........................................................


THE SHREVEPORT CLIMATE NORMALS FOR TOMORROW
                         NORMAL    RECORD    YEAR
 MAXIMUM TEMPERATURE (F)   77        91      1941
 MINIMUM TEMPERATURE (F)   53        29      1989


SUNRISE AND SUNSET
OCTOBER 19 2017.......SUNRISE   722 AM CDT   SUNSET   638 PM CDT
OCTOBER 20 2017.......SUNRISE   723 AM CDT   SUNSET   636 PM CDT


-  INDICATES NEGATIVE NUMBERS.
R  INDICATES RECORD WAS SET OR TIED.
MM INDICATES DATA IS MISSING.
T  INDICATES TRACE AMOUNT.




$$
