156
CDUS44 KSHV 170849
CLISHV


CLIMATE REPORT
NATIONAL WEATHER SERVICE SHREVEPORT, LA
248 AM CST SAT FEB 17 2018


...................................

...THE SHREVEPORT CLIMATE SUMMARY FOR FEBRUARY 16 2018...

CLIMATE NORMAL PERIOD 1981 TO 2010
CLIMATE RECORD PERIOD 1874 TO 2018


WEATHER ITEM   OBSERVED TIME   RECORD YEAR NORMAL DEPARTURE LAST
                VALUE   (LST)  VALUE       VALUE  FROM      YEAR
                                                  NORMAL
..................................................................
TEMPERATURE (F)
 YESTERDAY
  MAXIMUM         72   1122 AM  84    1927  62     10       68
  MINIMUM         52   1159 PM  20    1903  40     12       33
  AVERAGE         62                        51     11       51

PRECIPITATION (IN)
  YESTERDAY        0.01          2.88 2008   0.18  -0.17     0.00
  MONTH TO DATE    3.56                      2.73   0.83     0.93
  SINCE DEC 1      9.09                     11.70  -2.61     6.63
  SINCE JAN 1      4.97                      6.93  -1.96     3.49

SNOWFALL (IN)
  YESTERDAY        0.0
  MONTH TO DATE    0.0
  SINCE DEC 1      1.8
  SINCE JUL 1      1.8
  SNOW DEPTH       0

DEGREE DAYS
 HEATING
  YESTERDAY        3                        14    -11       14
  MONTH TO DATE  255                       255      0      123
  SINCE DEC 1   1429                      1356     73      841
  SINCE JUL 1   1702                      1727    -25      995

 COOLING
  YESTERDAY        0                         0      0        0
  MONTH TO DATE    6                         0      6       26
  SINCE DEC 1     12                        11      1       73
  SINCE JAN 1      9                         4      5       48
..................................................................


WIND (MPH)
  HIGHEST WIND SPEED    20   HIGHEST WIND DIRECTION     N (360)
  HIGHEST GUST SPEED    24   HIGHEST GUST DIRECTION     N (350)
  AVERAGE WIND SPEED     9.3


SKY COVER
  POSSIBLE SUNSHINE  MM
  AVERAGE SKY COVER 0.9


WEATHER CONDITIONS
 THE FOLLOWING WEATHER WAS RECORDED YESTERDAY.
  LIGHT RAIN
  FOG


RELATIVE HUMIDITY (PERCENT)
 HIGHEST   100           900 AM
 LOWEST     79          1200 PM
 AVERAGE    90

..........................................................


THE SHREVEPORT CLIMATE NORMALS FOR TODAY
                         NORMAL    RECORD    YEAR
 MAXIMUM TEMPERATURE (F)   62        84      1986
 MINIMUM TEMPERATURE (F)   40        13      1900


SUNRISE AND SUNSET
FEBRUARY 17 2018......SUNRISE   656 AM CST   SUNSET   603 PM CST
FEBRUARY 18 2018......SUNRISE   655 AM CST   SUNSET   604 PM CST


-  INDICATES NEGATIVE NUMBERS.
R  INDICATES RECORD WAS SET OR TIED.
MM INDICATES DATA IS MISSING.
T  INDICATES TRACE AMOUNT.




$$
