000
CDUS44 KSHV 220740
CLISHV


CLIMATE REPORT
NATIONAL WEATHER SERVICE SHREVEPORT, LA
237 AM CDT MON SEP 22 2014


...................................

...THE SHREVEPORT CLIMATE SUMMARY FOR SEPTEMBER 21 2014...

CLIMATE NORMAL PERIOD 1981 TO 2010
CLIMATE RECORD PERIOD 1874 TO 2014


WEATHER ITEM   OBSERVED TIME   RECORD YEAR NORMAL DEPARTURE LAST
                VALUE   (LST)  VALUE       VALUE  FROM      YEAR
                                                  NORMAL
..................................................................
TEMPERATURE (F)
 YESTERDAY
  MAXIMUM         96    253 PM 103    2005  87      9       85
  MINIMUM         69    622 AM  46    1918  64      5       64
  AVERAGE         83                        75      8       75

PRECIPITATION (IN)
  YESTERDAY        0.00          2.45 1900   0.10  -0.10     0.01
  MONTH TO DATE    1.21                      2.11  -0.90     4.66
  SINCE DEC 1     32.18                     40.87  -8.69    37.28
  SINCE JAN 1     27.20                     36.10  -8.90    31.62

SNOWFALL (IN)
  YESTERDAY        0.0
  MONTH TO DATE    0.0
  SINCE SEP 1      0.0
  SINCE JUL 1      0.0
  SNOW DEPTH       0

DEGREE DAYS
 HEATING
  YESTERDAY        0                         0      0        0
  MONTH TO DATE    0                         0      0        0
  SINCE SEP 1      0                         0      0        0
  SINCE JUL 1      0                         0      0        0

 COOLING
  YESTERDAY       18                        10      8       10
  MONTH TO DATE  343                       284     59      408
  SINCE SEP 1    343                       284     59      408
  SINCE JAN 1   2235                      2246    -11     2453
..................................................................


WIND (MPH)
  HIGHEST WIND SPEED    14   HIGHEST WIND DIRECTION    NW (320)
  HIGHEST GUST SPEED    16   HIGHEST GUST DIRECTION    NW (330)
  AVERAGE WIND SPEED     4.0


SKY COVER
  POSSIBLE SUNSHINE  MM
  AVERAGE SKY COVER 0.2


WEATHER CONDITIONS
 THE FOLLOWING WEATHER WAS RECORDED YESTERDAY.
  NO SIGNIFICANT WEATHER WAS OBSERVED.


RELATIVE HUMIDITY (PERCENT)
 HIGHEST    90           200 AM
 LOWEST     36           100 PM
 AVERAGE    63

..........................................................


THE SHREVEPORT CLIMATE NORMALS FOR TODAY
                         NORMAL    RECORD    YEAR
 MAXIMUM TEMPERATURE (F)   86       101      2005
 MINIMUM TEMPERATURE (F)   63        43      1983


SUNRISE AND SUNSET
SEPTEMBER 22 2014.....SUNRISE   703 AM CDT   SUNSET   712 PM CDT
SEPTEMBER 23 2014.....SUNRISE   704 AM CDT   SUNSET   711 PM CDT


-  INDICATES NEGATIVE NUMBERS.
R  INDICATES RECORD WAS SET OR TIED.
MM INDICATES DATA IS MISSING.
T  INDICATES TRACE AMOUNT.




$$
