000
CDUS44 KSHV 240742
CLISHV


CLIMATE REPORT
NATIONAL WEATHER SERVICE SHREVEPORT, LA
240 AM CDT SAT JUN 24 2017


...................................

...THE SHREVEPORT CLIMATE SUMMARY FOR JUNE 23 2017...

CLIMATE NORMAL PERIOD 1981 TO 2010
CLIMATE RECORD PERIOD 1874 TO 2017


WEATHER ITEM   OBSERVED TIME   RECORD YEAR NORMAL DEPARTURE LAST
                VALUE   (LST)  VALUE       VALUE  FROM      YEAR
                                                  NORMAL
..................................................................
TEMPERATURE (F)
 YESTERDAY
  MAXIMUM         92    207 PM 102    1875  91      1       94
  MINIMUM         75   1159 PM  58    1902  71      4       74
  AVERAGE         84                        81      3       84

PRECIPITATION (IN)
  YESTERDAY        0.09          1.93 1900   0.19  -0.10     0.00
  MONTH TO DATE    2.89                      4.23  -1.34     3.95
  SINCE DEC 1     23.48                     31.21  -7.73    41.07
  SINCE JAN 1     20.34                     26.44  -6.10    38.18

SNOWFALL (IN)
  YESTERDAY        0.0
  MONTH TO DATE    0.0
  SINCE JUN 1      0.0
  SINCE JUL 1      0.0
  SNOW DEPTH       0

DEGREE DAYS
 HEATING
  YESTERDAY        0                         0      0        0
  MONTH TO DATE    0                         0      0        0
  SINCE JUN 1      0                         0      0        0
  SINCE JUL 1   1201                      2226  -1025     1451

 COOLING
  YESTERDAY       19                        16      3       19
  MONTH TO DATE  343                       328     15      383
  SINCE JUN 1    343                       328     15      383
  SINCE JAN 1    885                       726    159      843
..................................................................


WIND (MPH)
  HIGHEST WIND SPEED    21   HIGHEST WIND DIRECTION    NE (60)
  HIGHEST GUST SPEED    26   HIGHEST GUST DIRECTION    NE (60)
  AVERAGE WIND SPEED     8.1


SKY COVER
  POSSIBLE SUNSHINE  MM
  AVERAGE SKY COVER 0.8


WEATHER CONDITIONS
 THE FOLLOWING WEATHER WAS RECORDED YESTERDAY.
  THUNDERSTORM
  RAIN
  LIGHT RAIN
  FOG


RELATIVE HUMIDITY (PERCENT)
 HIGHEST   100          1200 AM
 LOWEST     60           200 PM
 AVERAGE    80

..........................................................


THE SHREVEPORT CLIMATE NORMALS FOR TODAY
                         NORMAL    RECORD    YEAR
 MAXIMUM TEMPERATURE (F)   92       101      1882
 MINIMUM TEMPERATURE (F)   71        62      1974


SUNRISE AND SUNSET
JUNE 24 2017..........SUNRISE   609 AM CDT   SUNSET   826 PM CDT
JUNE 25 2017..........SUNRISE   610 AM CDT   SUNSET   826 PM CDT


-  INDICATES NEGATIVE NUMBERS.
R  INDICATES RECORD WAS SET OR TIED.
MM INDICATES DATA IS MISSING.
T  INDICATES TRACE AMOUNT.




$$
