691
CDUS44 KSHV 240951
CLISHV


CLIMATE REPORT
NATIONAL WEATHER SERVICE SHREVEPORT, LA
325 AM CST TUE JAN 24 2017


...................................

...THE SHREVEPORT CLIMATE SUMMARY FOR JANUARY 23 2017...

CLIMATE NORMAL PERIOD 1981 TO 2010
CLIMATE RECORD PERIOD 1874 TO 2017


WEATHER ITEM   OBSERVED TIME   RECORD YEAR NORMAL DEPARTURE LAST
                VALUE   (LST)  VALUE       VALUE  FROM      YEAR
                                                  NORMAL
..................................................................
TEMPERATURE (F)
 YESTERDAY
  MAXIMUM         66    333 PM  84    1943  58      8       49
  MINIMUM         43   1159 PM  14    1963  36      7       27
                                      1940
                                      1930
  AVERAGE         55                        47      8       38

PRECIPITATION (IN)
  YESTERDAY        0.00          4.00 1920   0.14  -0.14     0.00
  MONTH TO DATE    2.53                      3.01  -0.48     2.87
  SINCE DEC 1      5.67                      7.78  -2.11     5.76
  SINCE JAN 1      2.53                      3.01  -0.48     2.87

SNOWFALL (IN)
  YESTERDAY        0.0
  MONTH TO DATE    0.0
  SINCE DEC 1      0.0
  SINCE JUL 1      0.0
  SNOW DEPTH       0

DEGREE DAYS
 HEATING
  YESTERDAY       10                        18     -8       27
  MONTH TO DATE  230                       431   -201      443
  SINCE DEC 1    630                       962   -332      743
  SINCE JUL 1    784                      1333   -549      920

 COOLING
  YESTERDAY        0                         0      0        0
  MONTH TO DATE   21                         0     21        0
  SINCE DEC 1     46                         7     39       36
  SINCE JAN 1     21                         0     21        0
..................................................................


WIND (MPH)
  HIGHEST WIND SPEED    20   HIGHEST WIND DIRECTION    NW (310)
  HIGHEST GUST SPEED    26   HIGHEST GUST DIRECTION    NW (310)
  AVERAGE WIND SPEED     6.3


SKY COVER
  POSSIBLE SUNSHINE  MM
  AVERAGE SKY COVER 0.0


WEATHER CONDITIONS
 THE FOLLOWING WEATHER WAS RECORDED YESTERDAY.
  NO SIGNIFICANT WEATHER WAS OBSERVED.


RELATIVE HUMIDITY (PERCENT)
 HIGHEST    83          1100 PM
 LOWEST     31           400 PM
 AVERAGE    57

..........................................................


THE SHREVEPORT CLIMATE NORMALS FOR TODAY
                         NORMAL    RECORD    YEAR
 MAXIMUM TEMPERATURE (F)   58        84      1972
 MINIMUM TEMPERATURE (F)   36         9      1963


SUNRISE AND SUNSET
JANUARY 24 2017.......SUNRISE   714 AM CST   SUNSET   541 PM CST
JANUARY 25 2017.......SUNRISE   713 AM CST   SUNSET   542 PM CST


-  INDICATES NEGATIVE NUMBERS.
R  INDICATES RECORD WAS SET OR TIED.
MM INDICATES DATA IS MISSING.
T  INDICATES TRACE AMOUNT.




$$
