000
CDUS44 KSHV 230835
CLISHV


CLIMATE REPORT
NATIONAL WEATHER SERVICE SHREVEPORT, LA
234 AM CST SUN NOV 23 2014


...................................

...THE SHREVEPORT CLIMATE SUMMARY FOR NOVEMBER 22 2014...

CLIMATE NORMAL PERIOD 1981 TO 2010
CLIMATE RECORD PERIOD 1874 TO 2014


WEATHER ITEM   OBSERVED TIME   RECORD YEAR NORMAL DEPARTURE LAST
                VALUE   (LST)  VALUE       VALUE  FROM      YEAR
                                                  NORMAL
..................................................................
TEMPERATURE (F)
 YESTERDAY
  MAXIMUM         72    125 PM  83    1900  65      7       71
  MINIMUM         56    732 AM  25    1898  43     13       48
  AVERAGE         64                        54     10       60

PRECIPITATION (IN)
  YESTERDAY        0.88          3.30 1940   0.14   0.74     2.74
  MONTH TO DATE    3.59                      3.33   0.26     3.51
  SINCE DEC 1     41.61                     50.21  -8.60    52.46
  SINCE JAN 1     36.63                     45.44  -8.81    46.80

SNOWFALL (IN)
  YESTERDAY        0.0
  MONTH TO DATE    T
  SINCE SEP 1      T
  SINCE JUL 1      T
  SNOW DEPTH       0

DEGREE DAYS
 HEATING
  YESTERDAY        1                        11    -10        5
  MONTH TO DATE  308                       182    126      176
  SINCE SEP 1    331                       268     63      214
  SINCE JUL 1    331                       268     63      214

 COOLING
  YESTERDAY        0                         0      0        0
  MONTH TO DATE    3                        23    -20       14
  SINCE SEP 1    596                       510     86      661
  SINCE JAN 1   2488                      2472     16     2706
..................................................................


WIND (MPH)
  HIGHEST WIND SPEED    18   HIGHEST WIND DIRECTION    SE (150)
  HIGHEST GUST SPEED    23   HIGHEST GUST DIRECTION     S (160)
  AVERAGE WIND SPEED     9.8


SKY COVER
  POSSIBLE SUNSHINE  MM
  AVERAGE SKY COVER 0.9


WEATHER CONDITIONS
 THE FOLLOWING WEATHER WAS RECORDED YESTERDAY.
  THUNDERSTORM
  HEAVY RAIN
  RAIN
  LIGHT RAIN
  FOG


RELATIVE HUMIDITY (PERCENT)
 HIGHEST    93           900 PM
 LOWEST     57           100 PM
 AVERAGE    75

..........................................................


THE SHREVEPORT CLIMATE NORMALS FOR TODAY
                         NORMAL    RECORD    YEAR
 MAXIMUM TEMPERATURE (F)   65        84      1973
 MINIMUM TEMPERATURE (F)   43        24      1975


SUNRISE AND SUNSET
NOVEMBER 23 2014......SUNRISE   652 AM CST   SUNSET   511 PM CST
NOVEMBER 24 2014......SUNRISE   653 AM CST   SUNSET   511 PM CST


-  INDICATES NEGATIVE NUMBERS.
R  INDICATES RECORD WAS SET OR TIED.
MM INDICATES DATA IS MISSING.
T  INDICATES TRACE AMOUNT.




$$
