000
CDUS44 KSHV 070838
CLISHV


CLIMATE REPORT
NATIONAL WEATHER SERVICE SHREVEPORT, LA
237 AM CST SUN FEB 7 2016


...................................

...THE SHREVEPORT CLIMATE SUMMARY FOR FEBRUARY 6 2016...

CLIMATE NORMAL PERIOD 1981 TO 2010
CLIMATE RECORD PERIOD 1874 TO 2016


WEATHER ITEM   OBSERVED TIME   RECORD YEAR NORMAL DEPARTURE LAST
                VALUE   (LST)  VALUE       VALUE  FROM      YEAR
                                                  NORMAL
..................................................................
TEMPERATURE (F)
 YESTERDAY
  MAXIMUM         56    445 PM  82    1911  60     -4       58
  MINIMUM         34   1231 AM  20    1988  38     -4       31
                                      1984
  AVERAGE         45                        49     -4       45

PRECIPITATION (IN)
  YESTERDAY        0.00          3.25 1881   0.17  -0.17     0.00
  MONTH TO DATE    T                         0.98  -0.98     0.38
  SINCE DEC 1      5.76                      9.95  -4.19    11.58
  SINCE JAN 1      2.87                      5.18  -2.31     7.83

SNOWFALL (IN)
  YESTERDAY        0.0
  MONTH TO DATE    0.0
  SINCE DEC 1      T
  SINCE JUL 1      T
  SNOW DEPTH       0

DEGREE DAYS
 HEATING
  YESTERDAY       20                        16      4       20
  MONTH TO DATE   81                       101    -20      124
  SINCE DEC 1    908                      1202   -294     1173
  SINCE JUL 1   1085                      1573   -488     1577

 COOLING
  YESTERDAY        0                         0      0        0
  MONTH TO DATE    3                         0      3        0
  SINCE DEC 1     45                        11     34        2
  SINCE JAN 1      9                         4      5        0
..................................................................


WIND (MPH)
  HIGHEST WIND SPEED    14   HIGHEST WIND DIRECTION     N (10)
  HIGHEST GUST SPEED    14   HIGHEST GUST DIRECTION     N (10)
  AVERAGE WIND SPEED     4.0


SKY COVER
  POSSIBLE SUNSHINE  MM
  AVERAGE SKY COVER 0.5


WEATHER CONDITIONS
 THE FOLLOWING WEATHER WAS RECORDED YESTERDAY.
  NO SIGNIFICANT WEATHER WAS OBSERVED.


RELATIVE HUMIDITY (PERCENT)
 HIGHEST    79          1000 PM
 LOWEST     32           500 PM
 AVERAGE    56

..........................................................


THE SHREVEPORT CLIMATE NORMALS FOR TODAY
                         NORMAL    RECORD    YEAR
 MAXIMUM TEMPERATURE (F)   60        82      1950
 MINIMUM TEMPERATURE (F)   38         4      1895


SUNRISE AND SUNSET
FEBRUARY  7 2016......SUNRISE   705 AM CST   SUNSET   554 PM CST
FEBRUARY  8 2016......SUNRISE   705 AM CST   SUNSET   555 PM CST


-  INDICATES NEGATIVE NUMBERS.
R  INDICATES RECORD WAS SET OR TIED.
MM INDICATES DATA IS MISSING.
T  INDICATES TRACE AMOUNT.




$$
