000
CDUS46 KMFR 300837
CLISIY


CLIMATE REPORT
NATIONAL WEATHER SERVICE MEDFORD, OR
136 AM PDT WED JUL 30 2014


...................................

...THE MONTAGUE CA CLIMATE SUMMARY FOR JULY 29 2014...

CLIMATE NORMAL PERIOD 1981 TO 2010
CLIMATE RECORD PERIOD 1948 TO 2014


WEATHER ITEM   OBSERVED TIME   RECORD YEAR NORMAL DEPARTURE LAST
                VALUE   (LST)  VALUE       VALUE  FROM      YEAR
                                                  NORMAL
..................................................................
TEMPERATURE (F)
 YESTERDAY
  MAXIMUM        101    128 PM 104    2009  93      8       91
                                      2003
                                      1968
  MINIMUM         61    536 AM  41    1950  55      6       53
  AVERAGE         81                        74      7       72

PRECIPITATION (IN)
  YESTERDAY        0.00          0.40 1996   0.02  -0.02     0.00
  MONTH TO DATE    0.13                      0.41  -0.28      T
  SINCE SEP 1      7.54                     18.09 -10.55     8.62
  SINCE JAN 1      6.16                     10.62  -4.46     3.80

SNOWFALL (IN)
  YESTERDAY       MM                        MM     MM       MM
  MONTH TO DATE   MM                        MM     MM       MM
  SINCE JUL 1     MM                        MM     MM       MM
  SNOW DEPTH      MM

DEGREE DAYS
 HEATING
  YESTERDAY        0                         0      0        0
  MONTH TO DATE    0                         1     -1        0
  SINCE JUN 1     46                        94    -48       70
  SINCE JUL 1      0                         1     -1        0

 COOLING
  YESTERDAY       16                         9      7        7
  MONTH TO DATE  402                       224    178      343
  SINCE JUN 1    485                       282    203      470
  SINCE JAN 1    492                       295    197      482
..................................................................


WIND (MPH)
  HIGHEST WIND SPEED    37   HIGHEST WIND DIRECTION     W (250)
  HIGHEST GUST SPEED    50   HIGHEST GUST DIRECTION    SW (240)
  AVERAGE WIND SPEED     5.0


SKY COVER
  POSSIBLE SUNSHINE  MM
  AVERAGE SKY COVER 0.0


WEATHER CONDITIONS
 THE FOLLOWING WEATHER WAS RECORDED YESTERDAY.
  NO SIGNIFICANT WEATHER WAS OBSERVED.


RELATIVE HUMIDITY (PERCENT)
 HIGHEST    43           500 AM
 LOWEST     11          1200 PM

..........................................................


THE MONTAGUE CA CLIMATE NORMALS FOR TODAY
                         NORMAL    RECORD    YEAR
 MAXIMUM TEMPERATURE (F)   93       107      2003
                                             1988
 MINIMUM TEMPERATURE (F)   55        41      1995


SUNRISE AND SUNSET
JULY 30 2014..........SUNRISE   602 AM PDT   SUNSET   830 PM PDT
JULY 31 2014..........SUNRISE   603 AM PDT   SUNSET   829 PM PDT


-  INDICATES NEGATIVE NUMBERS.
R  INDICATES RECORD WAS SET OR TIED.
MM INDICATES DATA IS MISSING.
T  INDICATES TRACE AMOUNT.




$$
