000
CDUS46 KMFR 270835
CLISIY


CLIMATE REPORT
NATIONAL WEATHER SERVICE MEDFORD, OR
135 AM PDT SAT MAY 27 2017


...................................

...THE MONTAGUE CA CLIMATE SUMMARY FOR MAY 26 2017...

CLIMATE NORMAL PERIOD 1981 TO 2010
CLIMATE RECORD PERIOD 1948 TO 2017


WEATHER ITEM   OBSERVED TIME   RECORD YEAR NORMAL DEPARTURE LAST
                VALUE   (LST)  VALUE       VALUE  FROM      YEAR
                                                  NORMAL
..................................................................
TEMPERATURE (F)
 YESTERDAY
  MAXIMUM         79    430 PM  93    1983  75      4       77
  MINIMUM         36    420 AM  31    1989  42     -6       38
  AVERAGE         58                        58      0       58

PRECIPITATION (IN)
  YESTERDAY        0.00          0.52 1971   0.02  -0.02     0.00
  MONTH TO DATE    0.49                      1.31  -0.82     0.78
  SINCE OCT 1     15.39                     16.22  -0.83    13.89
  SINCE JAN 1      7.18                      9.39  -2.21     8.80

SNOWFALL (IN)
  YESTERDAY       MM                        MM     MM       MM
  MONTH TO DATE   MM                        MM     MM       MM
  SINCE JUL 1     MM                        MM     MM       MM
  SNOW DEPTH      MM

DEGREE DAYS
 HEATING
  YESTERDAY        7                         7      0        7
  MONTH TO DATE  250                       256     -6      189
  SINCE MAR 1   1424                      1477    -53     1133
  SINCE JUL 1   5321                      5354    -33     4550

 COOLING
  YESTERDAY        0                         1     -1        0
  MONTH TO DATE    8                        11     -3        1
  SINCE MAR 1      8                        11     -3        1
  SINCE JAN 1      8                        11     -3        1
..................................................................


WIND (MPH)
  HIGHEST WIND SPEED    10   HIGHEST WIND DIRECTION     W (280)
  HIGHEST GUST SPEED    15   HIGHEST GUST DIRECTION    SW (220)
  AVERAGE WIND SPEED     2.5


SKY COVER
  POSSIBLE SUNSHINE  MM
  AVERAGE SKY COVER 0.0


WEATHER CONDITIONS
 THE FOLLOWING WEATHER WAS RECORDED YESTERDAY.
  NO SIGNIFICANT WEATHER WAS OBSERVED.


RELATIVE HUMIDITY (PERCENT)
 HIGHEST    82           500 AM
 LOWEST     18           500 PM

..........................................................


THE MONTAGUE CA CLIMATE NORMALS FOR TODAY
                         NORMAL    RECORD    YEAR
 MAXIMUM TEMPERATURE (F)   75        96      1983
 MINIMUM TEMPERATURE (F)   43        30      1977


SUNRISE AND SUNSET
MAY 27 2017...........SUNRISE   540 AM PDT   SUNSET   835 PM PDT
MAY 28 2017...........SUNRISE   539 AM PDT   SUNSET   835 PM PDT


-  INDICATES NEGATIVE NUMBERS.
R  INDICATES RECORD WAS SET OR TIED.
MM INDICATES DATA IS MISSING.
T  INDICATES TRACE AMOUNT.




$$
