000
CDUS46 KMFR 240835
CLISIY


CLIMATE REPORT
NATIONAL WEATHER SERVICE MEDFORD, OR
135 AM PDT SUN SEP 24 2017


...................................

...THE MONTAGUE CA CLIMATE SUMMARY FOR SEPTEMBER 23 2017...

CLIMATE NORMAL PERIOD 1981 TO 2010
CLIMATE RECORD PERIOD 1948 TO 2017


WEATHER ITEM   OBSERVED TIME   RECORD YEAR NORMAL DEPARTURE LAST
                VALUE   (LST)  VALUE       VALUE  FROM      YEAR
                                                  NORMAL
..................................................................
TEMPERATURE (F)
 YESTERDAY
  MAXIMUM         68    336 PM  98    2009  79    -11       61
  MINIMUM         33    631 AM  32    1955  41     -8       34
  AVERAGE         51                        60     -9       48

PRECIPITATION (IN)
  YESTERDAY        0.00          0.43 1983   0.03  -0.03      T
  MONTH TO DATE    0.07                      0.42  -0.35     0.18
  SINCE OCT 1     15.98                     18.25  -2.27    15.32
  SINCE JAN 1      7.77                     11.42  -3.65    10.23

SNOWFALL (IN)
  YESTERDAY       MM                        MM     MM       MM
  MONTH TO DATE   MM                        MM     MM       MM
  SINCE JUL 1     MM                        MM     MM       MM
  SNOW DEPTH      MM

DEGREE DAYS
 HEATING
  YESTERDAY       14                         6      8       17
  MONTH TO DATE   95                        77     18       84
  SINCE SEP 1     95                        77     18       84
  SINCE JUL 1     95                        94      1       97

 COOLING
  YESTERDAY        0                         1     -1        0
  MONTH TO DATE   85                        39     46       21
  SINCE SEP 1     85                        39     46       21
  SINCE JAN 1    902                       540    362      675
..................................................................


WIND (MPH)
  HIGHEST WIND SPEED    17   HIGHEST WIND DIRECTION     N (360)
  HIGHEST GUST SPEED    20   HIGHEST GUST DIRECTION     N (360)
  AVERAGE WIND SPEED     7.9


SKY COVER
  POSSIBLE SUNSHINE  MM
  AVERAGE SKY COVER 0.1


WEATHER CONDITIONS
 THE FOLLOWING WEATHER WAS RECORDED YESTERDAY.
  HAZE


RELATIVE HUMIDITY (PERCENT)
 HIGHEST    82           500 AM
 LOWEST     28           300 PM

..........................................................


THE MONTAGUE CA CLIMATE NORMALS FOR TODAY
                         NORMAL    RECORD    YEAR
 MAXIMUM TEMPERATURE (F)   79        95      2009
                                             2003
 MINIMUM TEMPERATURE (F)   41        30      2007
                                             1958


SUNRISE AND SUNSET
SEPTEMBER 24 2017.....SUNRISE   700 AM PDT   SUNSET   703 PM PDT
SEPTEMBER 25 2017.....SUNRISE   701 AM PDT   SUNSET   701 PM PDT


-  INDICATES NEGATIVE NUMBERS.
R  INDICATES RECORD WAS SET OR TIED.
MM INDICATES DATA IS MISSING.
T  INDICATES TRACE AMOUNT.




$$
