000
CDUS46 KMFR 150036
CLISIY


CLIMATE REPORT
NATIONAL WEATHER SERVICE MEDFORD, OR
536 PM PDT SUN SEP 14 2014


...................................

...THE MONTAGUE CA CLIMATE SUMMARY FOR SEPTEMBER 14 2014...
VALID TODAY AS OF 0500 PM LOCAL TIME.

CLIMATE NORMAL PERIOD 1981 TO 2010
CLIMATE RECORD PERIOD 1948 TO 2014


WEATHER ITEM   OBSERVED TIME   RECORD YEAR NORMAL DEPARTURE LAST
                VALUE   (LST)  VALUE       VALUE  FROM      YEAR
                                                  NORMAL
..................................................................
TEMPERATURE (F)
 TODAY
  MAXIMUM         93    351 PM  98    1953  82     11       95
  MINIMUM         48    610 AM  31    1970  43      5       52
  AVERAGE         71                        63      8       74

PRECIPITATION (IN)
  TODAY            0.00          0.47 1985   0.03  -0.03     0.00
  MONTH TO DATE    0.00                      0.16  -0.16     0.02
  SINCE SEP 1      0.00                      0.16  -0.16     0.02
  SINCE JAN 1      6.17                     11.16  -4.99     4.35

SNOWFALL (IN)
  TODAY           MM                        MM     MM       MM
  MONTH TO DATE   MM                        MM     MM       MM
  SINCE JUL 1     MM                        MM     MM       MM
  SNOW DEPTH      MM

DEGREE DAYS
 HEATING
  TODAY            0                         4     -4        0
  MONTH TO DATE    0                        35    -35        4
  SINCE SEP 1      0                        35    -35        4
  SINCE JUL 1      0                        52    -52        4

 COOLING
  TODAY            6                         1      5        9
  MONTH TO DATE   60                        30     30       81
  SINCE SEP 1     60                        30     30       81
  SINCE JAN 1    861                       531    330      770
..................................................................


WIND (MPH)
  HIGHEST WIND SPEED    10   HIGHEST WIND DIRECTION     W (250)
  HIGHEST GUST SPEED    13   HIGHEST GUST DIRECTION     S (190)
  AVERAGE WIND SPEED     1.7


SKY COVER
  POSSIBLE SUNSHINE  MM
  AVERAGE SKY COVER 0.0


WEATHER CONDITIONS
 THE FOLLOWING WEATHER WAS RECORDED TODAY.
  NO SIGNIFICANT WEATHER WAS OBSERVED.


RELATIVE HUMIDITY (PERCENT)
 HIGHEST    42           500 AM
 LOWEST     14           200 PM

..........................................................


THE MONTAGUE CA CLIMATE NORMALS FOR TOMORROW
                         NORMAL    RECORD    YEAR
 MAXIMUM TEMPERATURE (F)   82        98      1981
 MINIMUM TEMPERATURE (F)   43        33      1970


SUNRISE AND SUNSET
SEPTEMBER 14 2014.....SUNRISE   649 AM PDT   SUNSET   721 PM PDT
SEPTEMBER 15 2014.....SUNRISE   650 AM PDT   SUNSET   719 PM PDT


-  INDICATES NEGATIVE NUMBERS.
R  INDICATES RECORD WAS SET OR TIED.
MM INDICATES DATA IS MISSING.
T  INDICATES TRACE AMOUNT.




$$
