695
CDUS46 KMFR 210035
CLISIY


CLIMATE REPORT
NATIONAL WEATHER SERVICE MEDFORD, OR
435 PM PST MON NOV 20 2017


...................................

...THE MONTAGUE CA CLIMATE SUMMARY FOR NOVEMBER 20 2017...
VALID TODAY AS OF 0400 PM LOCAL TIME.

CLIMATE NORMAL PERIOD 1981 TO 2010
CLIMATE RECORD PERIOD 1948 TO 2017


WEATHER ITEM   OBSERVED TIME   RECORD YEAR NORMAL DEPARTURE LAST
                VALUE   (LST)  VALUE       VALUE  FROM      YEAR
                                                  NORMAL
..................................................................
TEMPERATURE (F)
 TODAY
  MAXIMUM         52    239 PM  65    1960  48      4       53
  MINIMUM         37   1219 AM  11    1977  28      9       33
  AVERAGE         45                        38      7       43

PRECIPITATION (IN)
  TODAY            0.23          0.79 1996   0.11   0.12     0.14
  MONTH TO DATE    1.05                      1.85  -0.80     1.16
  SINCE OCT 1      1.48                      3.05  -1.57     5.34
  SINCE JAN 1      9.25                     14.69  -5.44    15.57

SNOWFALL (IN)
  TODAY           MM                        MM     MM       MM
  MONTH TO DATE   MM                        MM     MM       MM
  SINCE JUL 1     MM                        MM     MM       MM
  SNOW DEPTH      MM

DEGREE DAYS
 HEATING
  TODAY           20                        27     -7       22
  MONTH TO DATE  462                       471     -9      335
  SINCE SEP 1   1027                      1007     20      861
  SINCE JUL 1   1027                      1024      3      874

 COOLING
  TODAY            0                         0      0        0
  MONTH TO DATE    0                         0      0        0
  SINCE SEP 1     85                        43     42       35
  SINCE JAN 1    902                       544    358      689
..................................................................


WIND (MPH)
  HIGHEST WIND SPEED    13   HIGHEST WIND DIRECTION     N (350)
  HIGHEST GUST SPEED    15   HIGHEST GUST DIRECTION     N (350)
  AVERAGE WIND SPEED     7.3


SKY COVER
  POSSIBLE SUNSHINE  MM
  AVERAGE SKY COVER 0.9


WEATHER CONDITIONS
 THE FOLLOWING WEATHER WAS RECORDED TODAY.
  LIGHT RAIN
  FOG


RELATIVE HUMIDITY (PERCENT)
 HIGHEST   100           300 AM
 LOWEST     83           200 PM

..........................................................


THE MONTAGUE CA CLIMATE NORMALS FOR TOMORROW
                         NORMAL    RECORD    YEAR
 MAXIMUM TEMPERATURE (F)   48        61      1971
 MINIMUM TEMPERATURE (F)   28        14      1977


SUNRISE AND SUNSET
NOVEMBER 20 2017......SUNRISE   706 AM PST   SUNSET   445 PM PST
NOVEMBER 21 2017......SUNRISE   707 AM PST   SUNSET   444 PM PST


-  INDICATES NEGATIVE NUMBERS.
R  INDICATES RECORD WAS SET OR TIED.
MM INDICATES DATA IS MISSING.
T  INDICATES TRACE AMOUNT.




$$
