000
CDUS46 KMTR 260842
CLISJC


CLIMATE REPORT
NATIONAL WEATHER SERVICE SAN FRANCISCO BAY AREA
1242 AM PST MON JAN 26 2015


...................................

...THE SAN JOSE AIRPORT CLIMATE SUMMARY FOR JANUARY 25 2015...

CLIMATE NORMAL PERIOD 1981 TO 2010
CLIMATE RECORD PERIOD 1893 TO 2015


WEATHER ITEM   OBSERVED TIME   RECORD YEAR NORMAL DEPARTURE LAST
                VALUE   (LST)  VALUE       VALUE  FROM      YEAR
                                                  NORMAL
..................................................................
TEMPERATURE (F)
 YESTERDAY
  MAXIMUM         64    345 PM  71    2014  60      4       71
                                      1948
  MINIMUM         38    458 AM  27    1895  43     -5       44
  AVERAGE         51                        52     -1       58

PRECIPITATION (IN)
  YESTERDAY        0.00          1.22 1969   0.08  -0.08     0.00
  MONTH TO DATE    0.02                      2.47  -2.45     0.01
  SINCE JUL 1     10.33                      7.48   2.85     1.57
  SINCE JAN 1      0.02                      2.47  -2.45     0.01

SNOWFALL (IN)
  YESTERDAY        0.0                      MM     MM        0.0
  MONTH TO DATE    0.0                      MM     MM        0.0
  SINCE DEC 1      0.0                      MM     MM        0.0
  SINCE JUL 1      0.0                      MM     MM        0.0

DEGREE DAYS
 HEATING
  YESTERDAY       14                        14      0        7
  MONTH TO DATE  357                       350      7      291
  SINCE DEC 1    678                       762    -84      818
  SINCE JUL 1    962                      1087   -125     1198

 COOLING
  YESTERDAY        0                         0      0        0
  MONTH TO DATE    0                         0      0        0
  SINCE DEC 1      0                         0      0        0
  SINCE JAN 1      0                         0      0        0
..................................................................


WIND (MPH)
  RESULTANT WIND SPEED   0   RESULTANT WIND DIRECTION  SW (210)
  HIGHEST WIND SPEED     8   HIGHEST WIND DIRECTION    NW (300)
  HIGHEST GUST SPEED    10   HIGHEST GUST DIRECTION    NW (330)
  AVERAGE WIND SPEED     1.7


SKY COVER
  POSSIBLE SUNSHINE  MM
  AVERAGE SKY COVER 0.1


WEATHER CONDITIONS
 THE FOLLOWING WEATHER WAS RECORDED YESTERDAY.
  NO SIGNIFICANT WEATHER WAS OBSERVED.


RELATIVE HUMIDITY (PERCENT)
 HIGHEST    89           700 AM
 LOWEST     48           300 PM
 AVERAGE    69

..........................................................


THE SAN JOSE AIRPORT CLIMATE NORMALS FOR TODAY
                         NORMAL    RECORD    YEAR
 MAXIMUM TEMPERATURE (F)   60        71      2014
 MINIMUM TEMPERATURE (F)   43        23      1895


SUNRISE AND SUNSET
JANUARY 26 2015.......SUNRISE   715 AM PST   SUNSET   525 PM PST
JANUARY 27 2015.......SUNRISE   715 AM PST   SUNSET   526 PM PST


-  INDICATES NEGATIVE NUMBERS.
R  INDICATES RECORD WAS SET OR TIED.
MM INDICATES DATA IS MISSING.
T  INDICATES TRACE AMOUNT.




$$
