000
CDUS46 KMTR 240027
CLISJC


CLIMATE REPORT
NATIONAL WEATHER SERVICE SAN FRANCISCO BAY AREA
526 PM PDT THU MAR 23 2017


...................................

...THE SAN JOSE CA CLIMATE SUMMARY FOR MARCH 23 2017...
VALID TODAY AS OF 0500 PM LOCAL TIME.

CLIMATE NORMAL PERIOD 1981 TO 2010
CLIMATE RECORD PERIOD 1893 TO 2017


WEATHER ITEM   OBSERVED TIME   RECORD YEAR NORMAL DEPARTURE LAST
                VALUE   (LST)  VALUE       VALUE  FROM      YEAR
                                                  NORMAL
..................................................................
TEMPERATURE (F)
 TODAY
  MAXIMUM         64    310 PM  80    2000  66     -2       67
  MINIMUM         49    712 AM  29    1894  47      2       45
  AVERAGE         57                        57      0       56

PRECIPITATION (IN)
  TODAY            0.00          1.02 1907   0.07  -0.07     0.00
  MONTH TO DATE    1.08                      2.05  -0.97     3.92
  SINCE OCT 1     16.34                     13.32   3.02    13.02
  SINCE JAN 1     11.96                      8.23   3.73     8.32

SNOWFALL (IN)
  TODAY            0.0           0.0  1947
  MONTH TO DATE    0.0
  SINCE MAR 1      0.0
  SINCE JUL 1      0.0

DEGREE DAYS
 HEATING
  TODAY            8                         8      0        9
  MONTH TO DATE  164                       212    -48      144
  SINCE MAR 1    164                       212    -48      144
  SINCE JUL 1   1595                      1877   -282     1514

 COOLING
  TODAY            0                         0      0        0
  MONTH TO DATE    2                         0      2        0
  SINCE MAR 1      2                         0      2        0
  SINCE JAN 1      2                         0      2        0
..................................................................


WIND (MPH)
  RESULTANT WIND SPEED   5   RESULTANT WIND DIRECTION   W (280)
  HIGHEST WIND SPEED    14   HIGHEST WIND DIRECTION     W (290)
  HIGHEST GUST SPEED    18   HIGHEST GUST DIRECTION    NW (310)
  AVERAGE WIND SPEED     6.0


SKY COVER
  POSSIBLE SUNSHINE  MM
  AVERAGE SKY COVER 0.5


WEATHER CONDITIONS
 THE FOLLOWING WEATHER WAS RECORDED TODAY.
  NO SIGNIFICANT WEATHER WAS OBSERVED.


RELATIVE HUMIDITY (PERCENT)
 HIGHEST    77           400 AM
 LOWEST     51           100 PM
 AVERAGE    64

..........................................................


THE SAN JOSE CA CLIMATE NORMALS FOR TOMORROW
                         NORMAL    RECORD    YEAR
 MAXIMUM TEMPERATURE (F)   66        81      1896
 MINIMUM TEMPERATURE (F)   47        30      1894


SUNRISE AND SUNSET
MARCH 23 2017.........SUNRISE   706 AM PDT   SUNSET   723 PM PDT
MARCH 24 2017.........SUNRISE   705 AM PDT   SUNSET   724 PM PDT


-  INDICATES NEGATIVE NUMBERS.
R  INDICATES RECORD WAS SET OR TIED.
MM INDICATES DATA IS MISSING.
T  INDICATES TRACE AMOUNT.




$$
