000
CDUS46 KMTR 200826
CLISJC


CLIMATE REPORT
NATIONAL WEATHER SERVICE SAN FRANCISCO BAY AREA
1226 AM PST MON NOV 20 2017


...................................

...THE SAN JOSE AIRPORT CLIMATE SUMMARY FOR NOVEMBER 19 2017...

CLIMATE NORMAL PERIOD 1981 TO 2010
CLIMATE RECORD PERIOD 1893 TO 2017


WEATHER ITEM   OBSERVED TIME   RECORD YEAR NORMAL DEPARTURE LAST
                VALUE   (LST)  VALUE       VALUE  FROM      YEAR
                                                  NORMAL
..................................................................
TEMPERATURE (F)
 YESTERDAY
  MAXIMUM         65    353 PM  79    1936  63      2       65
  MINIMUM         42    646 AM  28    1893  45     -3       53
  AVERAGE         54                        54      0       59

PRECIPITATION (IN)
  YESTERDAY        0.00          1.34 1913   0.06  -0.06     0.04
  MONTH TO DATE    1.10                      0.94   0.16     0.07
  SINCE OCT 1      1.32                      1.74  -0.42     1.63
  SINCE JAN 1     15.40                     12.47   2.93    11.84

SNOWFALL (IN)
  YESTERDAY        0.0                       0.0    0.0      0.0
  MONTH TO DATE    0.0                       0.0    0.0      0.0
  SINCE SEP 1      0.0                       0.0    0.0      0.0
  SINCE JUL 1      0.0                       0.0    0.0      0.0

DEGREE DAYS
 HEATING
  YESTERDAY       11                        11      0        6
  MONTH TO DATE  124                       161    -37       62
  SINCE SEP 1    172                       265    -93       98
  SINCE JUL 1    172                       271    -99       98

 COOLING
  YESTERDAY        0                         0      0        0
  MONTH TO DATE    0                         0      0        7
  SINCE SEP 1    345                       153    192      185
  SINCE JAN 1    990                       636    354      706
..................................................................


WIND (MPH)
  RESULTANT WIND SPEED   0   RESULTANT WIND DIRECTION  SW (220)
  HIGHEST WIND SPEED     9   HIGHEST WIND DIRECTION    SE (130)
  HIGHEST GUST SPEED    12   HIGHEST GUST DIRECTION     N (360)
  AVERAGE WIND SPEED     2.3


SKY COVER
  POSSIBLE SUNSHINE  MM
  AVERAGE SKY COVER 0.5


WEATHER CONDITIONS
 THE FOLLOWING WEATHER WAS RECORDED YESTERDAY.
  NO SIGNIFICANT WEATHER WAS OBSERVED.


RELATIVE HUMIDITY (PERCENT)
 HIGHEST    89           600 AM
 LOWEST     44           200 PM
 AVERAGE    67

..........................................................


THE SAN JOSE AIRPORT CLIMATE NORMALS FOR TODAY
                         NORMAL    RECORD    YEAR
 MAXIMUM TEMPERATURE (F)   63        74      1936
 MINIMUM TEMPERATURE (F)   45        22      1893


SUNRISE AND SUNSET
NOVEMBER 20 2017......SUNRISE   653 AM PST   SUNSET   454 PM PST
NOVEMBER 21 2017......SUNRISE   654 AM PST   SUNSET   453 PM PST


-  INDICATES NEGATIVE NUMBERS.
R  INDICATES RECORD WAS SET OR TIED.
MM INDICATES DATA IS MISSING.
T  INDICATES TRACE AMOUNT.




$$
