000
CDUS46 KMTR 310826
CLISJC


CLIMATE REPORT
NATIONAL WEATHER SERVICE SAN FRANCISCO BAY AREA
125 AM PDT THU JUL 31 2014


...................................

...THE SAN JOSE AIRPORT CLIMATE SUMMARY FOR JULY 30 2014...

CLIMATE NORMAL PERIOD 1981 TO 2010
CLIMATE RECORD PERIOD 1893 TO 2014


WEATHER ITEM   OBSERVED TIME   RECORD YEAR NORMAL DEPARTURE LAST
                VALUE   (LST)  VALUE       VALUE  FROM      YEAR
                                                  NORMAL
..................................................................
TEMPERATURE (F)
 YESTERDAY
  MAXIMUM         82    133 PM 102    1995  83     -1       77
  MINIMUM         61   1159 PM  40    1895  59      2       55
  AVERAGE         72                        71      1       66

PRECIPITATION (IN)
  YESTERDAY        0.00          0.21 1966   0.00   0.00     0.00
  MONTH TO DATE    T                         0.00   0.00      T
  SINCE JUL 1      T                         0.00   0.00      T
  SINCE JAN 1      4.79                      9.89  -5.10     2.24

SNOWFALL (IN)
  YESTERDAY        0.0                      MM     MM        0.0
  MONTH TO DATE    0.0                      MM     MM        0.0
  SINCE JUN 1      0.0                      MM     MM        0.0
  SINCE JUL 1      0.0                      MM     MM        0.0

DEGREE DAYS
 HEATING
  YESTERDAY        0                         0      0        0
  MONTH TO DATE    0                         0      0        0
  SINCE JUN 1      9                        15     -6       12
  SINCE JUL 1      0                         0      0        0

 COOLING
  YESTERDAY        7                         6      1        1
  MONTH TO DATE  170                       180    -10      125
  SINCE JUN 1    256                       295    -39      230
  SINCE JAN 1    347                       365    -18      297
..................................................................


WIND (MPH)
  RESULTANT WIND SPEED   6   RESULTANT WIND DIRECTION  NW (300)
  HIGHEST WIND SPEED    15   HIGHEST WIND DIRECTION    NW (300)
  HIGHEST GUST SPEED    18   HIGHEST GUST DIRECTION     W (290)
  AVERAGE WIND SPEED     6.9


SKY COVER
  POSSIBLE SUNSHINE  MM
  AVERAGE SKY COVER 0.2


WEATHER CONDITIONS
 THE FOLLOWING WEATHER WAS RECORDED YESTERDAY.
  NO SIGNIFICANT WEATHER WAS OBSERVED.


RELATIVE HUMIDITY (PERCENT)
 HIGHEST    97           400 AM
 LOWEST     51           100 PM
 AVERAGE    74

..........................................................


THE SAN JOSE AIRPORT CLIMATE NORMALS FOR TODAY
                         NORMAL    RECORD    YEAR
 MAXIMUM TEMPERATURE (F)   83       101      1993
 MINIMUM TEMPERATURE (F)   59        42      1895


SUNRISE AND SUNSET
JULY 31 2014..........SUNRISE   611 AM PDT   SUNSET   816 PM PDT
AUGUST  1 2014........SUNRISE   612 AM PDT   SUNSET   815 PM PDT


-  INDICATES NEGATIVE NUMBERS.
R  INDICATES RECORD WAS SET OR TIED.
MM INDICATES DATA IS MISSING.
T  INDICATES TRACE AMOUNT.




$$
