000
CDUS46 KMTR 280922
CLISJC


CLIMATE REPORT
NATIONAL WEATHER SERVICE SAN FRANCISCO BAY AREA
222 AM PDT THU JUL 28 2016


...................................

...THE SAN JOSE AIRPORT CLIMATE SUMMARY FOR JULY 27 2016...

CLIMATE NORMAL PERIOD 1981 TO 2010
CLIMATE RECORD PERIOD 1893 TO 2016


WEATHER ITEM   OBSERVED TIME   RECORD YEAR NORMAL DEPARTURE LAST
                VALUE   (LST)  VALUE       VALUE  FROM      YEAR
                                                  NORMAL
..................................................................
TEMPERATURE (F)
 YESTERDAY
  MAXIMUM         91    213 PM  96    1954  83      8       86
  MINIMUM         64   1159 PM  44    1894  59      5       58
  AVERAGE         78                        71      7       72

PRECIPITATION (IN)
  YESTERDAY        0.00          0.00 1947   0.00   0.00     0.00
  MONTH TO DATE    0.00                      0.00   0.00      T
  SINCE OCT 1     14.91                     14.67   0.24    13.36
  SINCE JAN 1     10.21                      9.89   0.32     3.41

SNOWFALL (IN)
  YESTERDAY        0.0                      MM     MM        0.0
  MONTH TO DATE    0.0                      MM     MM        0.0
  SINCE JUN 1      0.0                      MM     MM        0.0
  SINCE JUL 1      0.0                      MM     MM        0.0

DEGREE DAYS
 HEATING
  YESTERDAY        0                         0      0        0
  MONTH TO DATE    0                         0      0        0
  SINCE JUN 1      6                        15     -9       10
  SINCE JUL 1      0                         0      0        0

 COOLING
  YESTERDAY       13                         6      7        7
  MONTH TO DATE  125                       162    -37      134
  SINCE JUN 1    272                       277     -5      234
  SINCE JAN 1    354                       347      7      261
..................................................................


WIND (MPH)
  RESULTANT WIND SPEED   6   RESULTANT WIND DIRECTION  NW (300)
  HIGHEST WIND SPEED    14   HIGHEST WIND DIRECTION     W (290)
  HIGHEST GUST SPEED    17   HIGHEST GUST DIRECTION    NW (310)
  AVERAGE WIND SPEED     6.6


SKY COVER
  POSSIBLE SUNSHINE  MM
  AVERAGE SKY COVER 0.6


WEATHER CONDITIONS
 THE FOLLOWING WEATHER WAS RECORDED YESTERDAY.
  NO SIGNIFICANT WEATHER WAS OBSERVED.


RELATIVE HUMIDITY (PERCENT)
 HIGHEST    84           400 AM
 LOWEST     32           100 PM
 AVERAGE    58

..........................................................


THE SAN JOSE AIRPORT CLIMATE NORMALS FOR TODAY
                         NORMAL    RECORD    YEAR
 MAXIMUM TEMPERATURE (F)   83       100      1954
 MINIMUM TEMPERATURE (F)   59        40      1893


SUNRISE AND SUNSET
JULY 28 2016..........SUNRISE   609 AM PDT   SUNSET   819 PM PDT
JULY 29 2016..........SUNRISE   610 AM PDT   SUNSET   818 PM PDT


-  INDICATES NEGATIVE NUMBERS.
R  INDICATES RECORD WAS SET OR TIED.
MM INDICATES DATA IS MISSING.
T  INDICATES TRACE AMOUNT.




$$
