000
CDUS44 KSJT 250751
CLISJT


CLIMATE REPORT
NATIONAL WEATHER SERVICE SAN ANGELO TX
250 AM CDT TUE APR 25 2017


...................................

...THE SAN ANGELO CLIMATE SUMMARY FOR APRIL 24 2017...

CLIMATE NORMAL PERIOD 1981 TO 2010
CLIMATE RECORD PERIOD 1907 TO 2017


WEATHER ITEM   OBSERVED TIME   RECORD YEAR NORMAL DEPARTURE LAST
                VALUE   (LST)  VALUE       VALUE  FROM      YEAR
                                                  NORMAL
..................................................................
TEMPERATURE (F)
 YESTERDAY
  MAXIMUM         89    436 PM 101    2002  83      6       85
  MINIMUM         47    211 AM  35    1995  54     -7       59
                                      1913
  AVERAGE         68                        68      0       72

PRECIPITATION (IN)
  YESTERDAY        0.00          2.77 1938   0.05  -0.05     0.00
  MONTH TO DATE    1.46                      1.07   0.39     5.09
  SINCE MAR 1      1.71                      2.57  -0.86     8.42
  SINCE JAN 1      4.42                      4.85  -0.43     9.22

SNOWFALL (IN)
  YESTERDAY        0.0           0.0  2002   0.0    0.0      0.0
  MONTH TO DATE    T                         0.0    0.0      0.0
  SINCE NOV 1      T                         2.2   -2.2      3.1
  SINCE JUL 1      T                         2.2   -2.2      3.1
  SNOW DEPTH       0

DEGREE DAYS
 HEATING
  YESTERDAY        0                         2     -2        0
  MONTH TO DATE   47                        81    -34       55
  SINCE MAR 1    167                       338   -171      210
  SINCE JUL 1   1491                      2299   -808     1803

 COOLING
  YESTERDAY        3                         5     -2        7
  MONTH TO DATE  119                        83     36       49
  SINCE MAR 1    236                       116    120       91
  SINCE JAN 1    263                       121    142      101
..................................................................


WIND (MPH)
  HIGHEST WIND SPEED    28   HIGHEST WIND DIRECTION     S (190)
  HIGHEST GUST SPEED    38   HIGHEST GUST DIRECTION     S (180)
  AVERAGE WIND SPEED    13.3


SKY COVER
  POSSIBLE SUNSHINE  MM
  AVERAGE SKY COVER 0.0


WEATHER CONDITIONS
 THE FOLLOWING WEATHER WAS RECORDED YESTERDAY.
  NO SIGNIFICANT WEATHER WAS OBSERVED.


RELATIVE HUMIDITY (PERCENT)
 HIGHEST    61           200 AM
 LOWEST     22           500 PM
 AVERAGE    42

..........................................................


THE SAN ANGELO CLIMATE NORMALS FOR TODAY
                         NORMAL    RECORD    YEAR
 MAXIMUM TEMPERATURE (F)   83       104      2012
 MINIMUM TEMPERATURE (F)   55        34      1913


SUNRISE AND SUNSET
APRIL 25 2017.........SUNRISE   703 AM CDT   SUNSET   818 PM CDT
APRIL 26 2017.........SUNRISE   702 AM CDT   SUNSET   818 PM CDT


-  INDICATES NEGATIVE NUMBERS.
R  INDICATES RECORD WAS SET OR TIED.
MM INDICATES DATA IS MISSING.
T  INDICATES TRACE AMOUNT.




$$
