000
CDUS44 KSJT 062327
CLISJT


CLIMATE REPORT
NATIONAL WEATHER SERVICE SAN ANGELO TX
526 PM CST FRI MAR 6 2015


...................................

...THE SAN ANGELO CLIMATE SUMMARY FOR MARCH 6 2015...
VALID TODAY AS OF 0500 PM LOCAL TIME.

CLIMATE NORMAL PERIOD 1981 TO 2010
CLIMATE RECORD PERIOD 1907 TO 2015


WEATHER ITEM   OBSERVED TIME   RECORD YEAR NORMAL DEPARTURE LAST
                VALUE   (LST)  VALUE       VALUE  FROM      YEAR
                                                  NORMAL
..................................................................
TEMPERATURE (F)
 TODAY
  MAXIMUM         59    459 PM  91    1918  68     -9       67
  MINIMUM         22    652 AM  16    1915  42    -20       29
  AVERAGE         41                        55    -14       48

PRECIPITATION (IN)
  TODAY            0.00          0.63 1937   0.06  -0.06     0.00
  MONTH TO DATE    0.09                      0.31  -0.22     0.02
  SINCE MAR 1      0.09                      0.31  -0.22     0.02
  SINCE JAN 1      2.35                      2.59  -0.24     0.08

SNOWFALL (IN)
  TODAY            0.0           T    2008   0.0    0.0      0.0
                                      1947
  MONTH TO DATE    0.2                       0.0    0.2       T
  SINCE NOV 1      1.4                       2.1   -0.7      1.6
  SINCE JUL 1      1.4                       2.1   -0.7      1.6

DEGREE DAYS
 HEATING
  TODAY           24                        11     13       17
  MONTH TO DATE  146                        67     79       97
  SINCE MAR 1    146                        67     79       97
  SINCE JUL 1   1993                      2028    -35     2217

 COOLING
  TODAY            0                         1     -1        0
  MONTH TO DATE    0                         3     -3        1
  SINCE MAR 1      0                         3     -3        1
  SINCE JAN 1      2                         8     -6        4
..................................................................


WIND (MPH)
  HIGHEST WIND SPEED    12   HIGHEST WIND DIRECTION    SW (220)
  HIGHEST GUST SPEED    15   HIGHEST GUST DIRECTION     S (200)
  AVERAGE WIND SPEED     4.4


SKY COVER
  POSSIBLE SUNSHINE  MM
  AVERAGE SKY COVER 0.0


WEATHER CONDITIONS
 THE FOLLOWING WEATHER WAS RECORDED TODAY.
  NO SIGNIFICANT WEATHER WAS OBSERVED.


RELATIVE HUMIDITY (PERCENT)
 HIGHEST    84           700 AM
 LOWEST     26           500 PM
 AVERAGE    55

..........................................................


THE SAN ANGELO CLIMATE NORMALS FOR TOMORROW
                         NORMAL    RECORD    YEAR
 MAXIMUM TEMPERATURE (F)   68        92      1972
                                             1951
 MINIMUM TEMPERATURE (F)   42        19      1944
                                             1943
                                             1915


SUNRISE AND SUNSET
MARCH  6 2015.........SUNRISE   703 AM CST   SUNSET   644 PM CST
MARCH  7 2015.........SUNRISE   702 AM CST   SUNSET   644 PM CST


-  INDICATES NEGATIVE NUMBERS.
R  INDICATES RECORD WAS SET OR TIED.
MM INDICATES DATA IS MISSING.
T  INDICATES TRACE AMOUNT.




$$
