510
CDUS44 KSJT 191826
CLISJT


CLIMATE REPORT
NATIONAL WEATHER SERVICE SAN ANGELO TX
1225 PM CST THU JAN 19 2017


...................................

...THE SAN ANGELO CLIMATE SUMMARY FOR JANUARY 18 2017...

CLIMATE NORMAL PERIOD 1981 TO 2010
CLIMATE RECORD PERIOD 1907 TO 2017


WEATHER ITEM   OBSERVED TIME   RECORD YEAR NORMAL DEPARTURE LAST
                VALUE   (LST)  VALUE       VALUE  FROM      YEAR
                                                  NORMAL
..................................................................
TEMPERATURE (F)
 YESTERDAY
  MAXIMUM         55    446 PM  86    1914  60     -5       52
  MINIMUM         42   1111 PM   1    1930  33      9       29
  AVERAGE         49                        46      3       41

PRECIPITATION (IN)
  YESTERDAY        T             0.58 1934   0.03  -0.03     0.00
  MONTH TO DATE    1.35                      0.49   0.86      T
  SINCE DEC 1      2.09                      1.34   0.75     2.26
  SINCE JAN 1      1.35                      0.49   0.86      T

SNOWFALL (IN)
  YESTERDAY       MM             3.1  1956   0.1   MM        0.0
  MONTH TO DATE    T                         0.8   -0.8      0.0
  SINCE NOV 1      T                         1.4   -1.4      3.1
  SINCE JUL 1      T                         1.4   -1.4      3.1
  SNOW DEPTH       0

DEGREE DAYS
 HEATING
  YESTERDAY       16                        19     -3       24
  MONTH TO DATE  302                       342    -40      362
  SINCE DEC 1    776                       909   -133      782
  SINCE JUL 1    944                      1309   -365     1068

 COOLING
  YESTERDAY        0                         0      0        0
  MONTH TO DATE    0                         0      0        0
  SINCE DEC 1      1                         1      0        0
  SINCE JAN 1      0                         0      0        0
..................................................................


WIND (MPH)
  HIGHEST WIND SPEED    13   HIGHEST WIND DIRECTION     S (190)
  HIGHEST GUST SPEED    17   HIGHEST GUST DIRECTION     S (190)
  AVERAGE WIND SPEED     5.0


SKY COVER
  POSSIBLE SUNSHINE  MM
  AVERAGE SKY COVER 0.7


WEATHER CONDITIONS
 THE FOLLOWING WEATHER WAS RECORDED YESTERDAY.
  FOG


RELATIVE HUMIDITY (PERCENT)
 HIGHEST   100           400 AM
 LOWEST     71           400 PM
 AVERAGE    86

..........................................................


THE SAN ANGELO CLIMATE NORMALS FOR TODAY
                         NORMAL    RECORD    YEAR
 MAXIMUM TEMPERATURE (F)   60        87      2000
 MINIMUM TEMPERATURE (F)   33         8      1943


SUNRISE AND SUNSET
JANUARY 19 2017.......SUNRISE   740 AM CST   SUNSET   606 PM CST
JANUARY 20 2017.......SUNRISE   740 AM CST   SUNSET   606 PM CST


-  INDICATES NEGATIVE NUMBERS.
R  INDICATES RECORD WAS SET OR TIED.
MM INDICATES DATA IS MISSING.
T  INDICATES TRACE AMOUNT.




$$
