000
CDUS44 KSJT 012226
CLISJT


CLIMATE REPORT
NATIONAL WEATHER SERVICE SAN ANGELO TX
526 PM CDT FRI AUG 1 2014


...................................

...THE SAN ANGELO CLIMATE SUMMARY FOR AUGUST 1 2014...
VALID TODAY AS OF 0500 PM LOCAL TIME.

CLIMATE NORMAL PERIOD 1981 TO 2010
CLIMATE RECORD PERIOD 1907 TO 2014


WEATHER ITEM   OBSERVED TIME   RECORD YEAR NORMAL DEPARTURE LAST
                VALUE   (LST)  VALUE       VALUE  FROM      YEAR
                                                  NORMAL
..................................................................
TEMPERATURE (F)
 TODAY
  MAXIMUM         91    322 PM 107    2010  96     -5      102
  MINIMUM         63    557 AM  58    1925  72     -9       70
  AVERAGE         77                        84     -7       86

PRECIPITATION (IN)
  TODAY            0.00          1.63 1971   0.05  -0.05     0.00
  MONTH TO DATE    0.00                      0.05  -0.05     0.00
  SINCE JUN 1      3.06                      3.84  -0.78     4.57
  SINCE JAN 1     11.33                     11.86  -0.53    10.95

DEGREE DAYS
 HEATING
  TODAY            0                         0      0        0
  MONTH TO DATE    0                         0      0        0
  SINCE JUN 1      0                         0      0        0
  SINCE JUL 1      0                         0      0        0

 COOLING
  TODAY           12                        19     -7       21
  MONTH TO DATE   12                        19     -7       21
  SINCE JUN 1   1075                      1046     29     1136
  SINCE JAN 1   1677                      1506    171     1732
..................................................................


WIND (MPH)
  HIGHEST WIND SPEED    15   HIGHEST WIND DIRECTION    NE (40)
  HIGHEST GUST SPEED    19   HIGHEST GUST DIRECTION     E (80)
  AVERAGE WIND SPEED     3.9


SKY COVER
  POSSIBLE SUNSHINE  MM
  AVERAGE SKY COVER 0.1


WEATHER CONDITIONS
 THE FOLLOWING WEATHER WAS RECORDED TODAY.
  NO SIGNIFICANT WEATHER WAS OBSERVED.


RELATIVE HUMIDITY (PERCENT)
 HIGHEST    90           600 AM
 LOWEST     32           300 PM
 AVERAGE    61

..........................................................


THE SAN ANGELO CLIMATE NORMALS FOR TOMORROW
                         NORMAL    RECORD    YEAR
 MAXIMUM TEMPERATURE (F)   96       109      1912
 MINIMUM TEMPERATURE (F)   72        58      1936


SUNRISE AND SUNSET
AUGUST  1 2014........SUNRISE   659 AM CDT   SUNSET   838 PM CDT
AUGUST  2 2014........SUNRISE   659 AM CDT   SUNSET   837 PM CDT


-  INDICATES NEGATIVE NUMBERS.
R  INDICATES RECORD WAS SET OR TIED.
MM INDICATES DATA IS MISSING.
T  INDICATES TRACE AMOUNT.




$$
