000
CDUS44 KSJT 240805
CLISJT


CLIMATE REPORT
NATIONAL WEATHER SERVICE SAN ANGELO TX
304 AM CDT SAT JUN 24 2017


...................................

...THE SAN ANGELO CLIMATE SUMMARY FOR JUNE 23 2017...

CLIMATE NORMAL PERIOD 1981 TO 2010
CLIMATE RECORD PERIOD 1907 TO 2017


WEATHER ITEM   OBSERVED TIME   RECORD YEAR NORMAL DEPARTURE LAST
                VALUE   (LST)  VALUE       VALUE  FROM      YEAR
                                                  NORMAL
..................................................................
TEMPERATURE (F)
 YESTERDAY
  MAXIMUM        109R   339 PM 106    1969  93     16       96
  MINIMUM         66    738 PM  49    1912  70     -4       74
  AVERAGE         88                        82      6       85

PRECIPITATION (IN)
  YESTERDAY        1.30R         1.20 1909   0.07   1.23     0.00
  MONTH TO DATE    1.51                      2.16  -0.65     3.12
  SINCE JUN 1      1.51                      2.16  -0.65     3.12
  SINCE JAN 1      7.99                     10.18  -2.19    18.75

DEGREE DAYS
 HEATING
  YESTERDAY        0                         0      0        0
  MONTH TO DATE    0                         0      0        0
  SINCE JUN 1      0                         0      0        0
  SINCE JUL 1   1507                      2316   -809     1825

 COOLING
  YESTERDAY       23                        16      7       20
  MONTH TO DATE  444                       344    100      338
  SINCE JUN 1    444                       344    100      338
  SINCE JAN 1   1020                       804    216      749
..................................................................


WIND (MPH)
  HIGHEST WIND SPEED    66   HIGHEST WIND DIRECTION     N (340)
  HIGHEST GUST SPEED    78   HIGHEST GUST DIRECTION     N (350)
  AVERAGE WIND SPEED     8.2


SKY COVER
  POSSIBLE SUNSHINE  MM
  AVERAGE SKY COVER 0.1


WEATHER CONDITIONS
 THE FOLLOWING WEATHER WAS RECORDED YESTERDAY.
  THUNDERSTORM
  HEAVY RAIN
  LIGHT RAIN
  FOG
  HAZE


RELATIVE HUMIDITY (PERCENT)
 HIGHEST    54           600 AM
 LOWEST     17           300 PM
 AVERAGE    36

..........................................................


THE SAN ANGELO CLIMATE NORMALS FOR TODAY
                         NORMAL    RECORD    YEAR
 MAXIMUM TEMPERATURE (F)   93       107      1928
                                             1911
 MINIMUM TEMPERATURE (F)   70        47      1912


SUNRISE AND SUNSET
JUNE 24 2017..........SUNRISE   639 AM CDT   SUNSET   850 PM CDT
JUNE 25 2017..........SUNRISE   639 AM CDT   SUNSET   850 PM CDT


-  INDICATES NEGATIVE NUMBERS.
R  INDICATES RECORD WAS SET OR TIED.
MM INDICATES DATA IS MISSING.
T  INDICATES TRACE AMOUNT.




$$
