000
CDUS44 KSJT 300707
CLISJT


CLIMATE REPORT
NATIONAL WEATHER SERVICE SAN ANGELO TX
206 AM CDT TUE SEP 30 2014


...................................

...THE SAN ANGELO CLIMATE SUMMARY FOR SEPTEMBER 29 2014...

CLIMATE NORMAL PERIOD 1981 TO 2010
CLIMATE RECORD PERIOD 1907 TO 2014


WEATHER ITEM   OBSERVED TIME   RECORD YEAR NORMAL DEPARTURE LAST
                VALUE   (LST)  VALUE       VALUE  FROM      YEAR
                                                  NORMAL
..................................................................
TEMPERATURE (F)
 YESTERDAY
  MAXIMUM         87    258 PM 101    1977  84      3       80
  MINIMUM         57    620 AM  39    1908  59     -2       57
  AVERAGE         72                        71      1       69

PRECIPITATION (IN)
  YESTERDAY        0.00          2.66 2012   0.07  -0.07     0.00
  MONTH TO DATE    0.89                      2.39  -1.50     4.62
  SINCE SEP 1      0.89                      2.39  -1.50     4.62
  SINCE JAN 1     12.87                     16.46  -3.59    16.38

DEGREE DAYS
 HEATING
  YESTERDAY        0                         1     -1        0
  MONTH TO DATE    5                         7     -2        0
  SINCE SEP 1      5                         7     -2        0
  SINCE JUL 1      5                         7     -2        0

 COOLING
  YESTERDAY        7                         7      0        4
  MONTH TO DATE  381                       322     59      383
  SINCE SEP 1    381                       322     59      383
  SINCE JAN 1   2639                      2358    281     2709
..................................................................


WIND (MPH)
  HIGHEST WIND SPEED    14   HIGHEST WIND DIRECTION     E (80)
  HIGHEST GUST SPEED    17   HIGHEST GUST DIRECTION     E (80)
  AVERAGE WIND SPEED     4.8


SKY COVER
  POSSIBLE SUNSHINE  MM
  AVERAGE SKY COVER 0.1


WEATHER CONDITIONS
 THE FOLLOWING WEATHER WAS RECORDED YESTERDAY.
  NO SIGNIFICANT WEATHER WAS OBSERVED.


RELATIVE HUMIDITY (PERCENT)
 HIGHEST    93           700 AM
 LOWEST     37           200 PM
 AVERAGE    65

..........................................................


THE SAN ANGELO CLIMATE NORMALS FOR TODAY
                         NORMAL    RECORD    YEAR
 MAXIMUM TEMPERATURE (F)   83       102      1977
 MINIMUM TEMPERATURE (F)   59        38      1984


SUNRISE AND SUNSET
SEPTEMBER 30 2014.....SUNRISE   735 AM CDT   SUNSET   728 PM CDT
OCTOBER  1 2014.......SUNRISE   736 AM CDT   SUNSET   727 PM CDT


-  INDICATES NEGATIVE NUMBERS.
R  INDICATES RECORD WAS SET OR TIED.
MM INDICATES DATA IS MISSING.
T  INDICATES TRACE AMOUNT.




$$
