000
CDUS44 KSJT 200753
CLISJT


CLIMATE REPORT
NATIONAL WEATHER SERVICE SAN ANGELO TX
151 AM CST MON FEB 20 2017


...................................

...THE SAN ANGELO CLIMATE SUMMARY FOR FEBRUARY 19 2017...

CLIMATE NORMAL PERIOD 1981 TO 2010
CLIMATE RECORD PERIOD 1907 TO 2017


WEATHER ITEM   OBSERVED TIME   RECORD YEAR NORMAL DEPARTURE LAST
                VALUE   (LST)  VALUE       VALUE  FROM      YEAR
                                                  NORMAL
..................................................................
TEMPERATURE (F)
 YESTERDAY
  MAXIMUM         78    154 PM  90    1986  64     14       84
  MINIMUM         53   1234 AM  13    1936  38     15       56
  AVERAGE         66                        51     15       70

PRECIPITATION (IN)
  YESTERDAY        0.22R         0.14 1957   0.05   0.17     0.00
  MONTH TO DATE    1.23                      0.90   0.33     0.00
  SINCE DEC 1      3.45                      2.68   0.77     2.29
  SINCE JAN 1      2.71                      1.83   0.88     0.03

SNOWFALL (IN)
  YESTERDAY        0.0           0.0  2011   0.0    0.0      0.0
  MONTH TO DATE    0.0                       0.2   -0.2      0.0
  SINCE NOV 1      T                         2.0   -2.0      3.1
  SINCE JUL 1      T                         2.0   -2.0      3.1
  SNOW DEPTH       0

DEGREE DAYS
 HEATING
  YESTERDAY        0                        14    -14        0
  MONTH TO DATE  161                       300   -139      230
  SINCE DEC 1   1110                      1444   -334     1205
  SINCE JUL 1   1278                      1844   -566     1491

 COOLING
  YESTERDAY        1                         0      1        5
  MONTH TO DATE   11                         0     11        8
  SINCE DEC 1     13                         2     11        8
  SINCE JAN 1     12                         1     11        8
..................................................................


WIND (MPH)
  HIGHEST WIND SPEED    28   HIGHEST WIND DIRECTION     W (280)
  HIGHEST GUST SPEED    36   HIGHEST GUST DIRECTION     W (290)
  AVERAGE WIND SPEED     8.0


SKY COVER
  POSSIBLE SUNSHINE  MM
  AVERAGE SKY COVER 0.5


WEATHER CONDITIONS
 THE FOLLOWING WEATHER WAS RECORDED YESTERDAY.
  THUNDERSTORM
  HEAVY RAIN
  RAIN
  LIGHT RAIN
  FOG
  HAZE


RELATIVE HUMIDITY (PERCENT)
 HIGHEST    86          1000 PM
 LOWEST     47           200 PM
 AVERAGE    67

..........................................................


THE SAN ANGELO CLIMATE NORMALS FOR TODAY
                         NORMAL    RECORD    YEAR
 MAXIMUM TEMPERATURE (F)   65        91      1986
 MINIMUM TEMPERATURE (F)   38        20      1936


SUNRISE AND SUNSET
FEBRUARY 20 2017......SUNRISE   718 AM CST   SUNSET   634 PM CST
FEBRUARY 21 2017......SUNRISE   717 AM CST   SUNSET   634 PM CST


-  INDICATES NEGATIVE NUMBERS.
R  INDICATES RECORD WAS SET OR TIED.
MM INDICATES DATA IS MISSING.
T  INDICATES TRACE AMOUNT.




$$
