000
CDUS44 KSJT 231152
CLISJT


CLIMATE REPORT
NATIONAL WEATHER SERVICE SAN ANGELO TX
651 AM CDT TUE MAY 23 2017


...................................

...THE SAN ANGELO CLIMATE SUMMARY FOR MAY 22 2017...

CLIMATE NORMAL PERIOD 1981 TO 2010
CLIMATE RECORD PERIOD 1907 TO 2017


WEATHER ITEM   OBSERVED TIME   RECORD YEAR NORMAL DEPARTURE LAST
                VALUE   (LST)  VALUE       VALUE  FROM      YEAR
                                                  NORMAL
..................................................................
TEMPERATURE (F)
 YESTERDAY
  MAXIMUM         78    527 PM 107    1984  88    -10       87
  MINIMUM         58    530 AM  43    1928  64     -6       72
  AVERAGE         68                        76     -8       80

PRECIPITATION (IN)
  YESTERDAY        0.15          1.90 1909   0.11   0.04     0.01
  MONTH TO DATE    2.06                      1.82   0.24     2.99
  SINCE MAR 1      3.77                      4.74  -0.97    11.42
  SINCE JAN 1      6.48                      7.02  -0.54    12.22

DEGREE DAYS
 HEATING
  YESTERDAY        0                         0      0        0
  MONTH TO DATE    4                         8     -4       22
  SINCE MAR 1    178                       353   -175      232
  SINCE JUL 1   1502                      2314   -812     1825

 COOLING
  YESTERDAY        3                        11     -8       15
  MONTH TO DATE  174                       194    -20      154
  SINCE MAR 1    448                       345    103      278
  SINCE JAN 1    475                       350    125      288
..................................................................


WIND (MPH)
  HIGHEST WIND SPEED    36   HIGHEST WIND DIRECTION     W (290)
  HIGHEST GUST SPEED    45   HIGHEST GUST DIRECTION     W (280)
  AVERAGE WIND SPEED     7.3


SKY COVER
  POSSIBLE SUNSHINE  MM
  AVERAGE SKY COVER 0.9


WEATHER CONDITIONS
 THE FOLLOWING WEATHER WAS RECORDED YESTERDAY.
  THUNDERSTORM
  RAIN
  LIGHT RAIN
  FOG
  HAZE


RELATIVE HUMIDITY (PERCENT)
 HIGHEST    93           500 AM
 LOWEST     64           500 PM
 AVERAGE    79

..........................................................


THE SAN ANGELO CLIMATE NORMALS FOR TODAY
                         NORMAL    RECORD    YEAR
 MAXIMUM TEMPERATURE (F)   89       105      2011
                                             2000
 MINIMUM TEMPERATURE (F)   64        50      1910


SUNRISE AND SUNSET
MAY 23 2017...........SUNRISE   641 AM CDT   SUNSET   837 PM CDT
MAY 24 2017...........SUNRISE   641 AM CDT   SUNSET   837 PM CDT


-  INDICATES NEGATIVE NUMBERS.
R  INDICATES RECORD WAS SET OR TIED.
MM INDICATES DATA IS MISSING.
T  INDICATES TRACE AMOUNT.




$$
