000
CDUS44 KSJT 271351
CLISJT


CLIMATE REPORT
NATIONAL WEATHER SERVICE SAN ANGELO TX
850 AM CDT MON MAR 27 2017


...................................

...THE SAN ANGELO CLIMATE SUMMARY FOR MARCH 26 2017...

CLIMATE NORMAL PERIOD 1981 TO 2010
CLIMATE RECORD PERIOD 1907 TO 2017


WEATHER ITEM   OBSERVED TIME   RECORD YEAR NORMAL DEPARTURE LAST
                VALUE   (LST)  VALUE       VALUE  FROM      YEAR
                                                  NORMAL
..................................................................
TEMPERATURE (F)
 YESTERDAY
  MAXIMUM         89    229 PM  91    2000  74     15       84
                                      1938
                                      1908
  MINIMUM         49   1214 AM  22    1955  47      2       49
  AVERAGE         69                        60      9       67

PRECIPITATION (IN)
  YESTERDAY        0.00          1.22 2007   0.05  -0.05     0.00
  MONTH TO DATE    0.04                      1.28  -1.24     3.33
  SINCE MAR 1      0.04                      1.28  -1.24     3.33
  SINCE JAN 1      2.75                      3.56  -0.81     4.13

SNOWFALL (IN)
  YESTERDAY        0.0           0.0  2002   0.0    0.0      0.0
  MONTH TO DATE    0.0                       0.1   -0.1       T
  SINCE NOV 1      T                         2.2   -2.2      3.1
  SINCE JUL 1      T                         2.2   -2.2      3.1
  SNOW DEPTH       0

DEGREE DAYS
 HEATING
  YESTERDAY        0                         6     -6        0
  MONTH TO DATE  108                       230   -122      138
  SINCE MAR 1    108                       230   -122      138
  SINCE JUL 1   1432                      2191   -759     1731

 COOLING
  YESTERDAY        4                         2      2        2
  MONTH TO DATE  104                        26     78       25
  SINCE MAR 1    104                        26     78       25
  SINCE JAN 1    131                        31    100       35
..................................................................


WIND (MPH)
  HIGHEST WIND SPEED    25   HIGHEST WIND DIRECTION     W (260)
  HIGHEST GUST SPEED    32   HIGHEST GUST DIRECTION    SW (240)
  AVERAGE WIND SPEED    10.6


SKY COVER
  POSSIBLE SUNSHINE  MM
  AVERAGE SKY COVER 0.0


WEATHER CONDITIONS
 THE FOLLOWING WEATHER WAS RECORDED YESTERDAY.
  NO SIGNIFICANT WEATHER WAS OBSERVED.


RELATIVE HUMIDITY (PERCENT)
 HIGHEST    80           700 AM
 LOWEST     10           400 PM
 AVERAGE    45

..........................................................


THE SAN ANGELO CLIMATE NORMALS FOR TODAY
                         NORMAL    RECORD    YEAR
 MAXIMUM TEMPERATURE (F)   74        96      1971
 MINIMUM TEMPERATURE (F)   47        23      1955


SUNRISE AND SUNSET
MARCH 27 2017.........SUNRISE   737 AM CDT   SUNSET   758 PM CDT
MARCH 28 2017.........SUNRISE   735 AM CDT   SUNSET   759 PM CDT


-  INDICATES NEGATIVE NUMBERS.
R  INDICATES RECORD WAS SET OR TIED.
MM INDICATES DATA IS MISSING.
T  INDICATES TRACE AMOUNT.




$$
