000
CDUS44 KSJT 220751
CLISJT


CLIMATE REPORT
NATIONAL WEATHER SERVICE SAN ANGELO TX
151 AM CST MON JAN 22 2018


...................................

...THE SAN ANGELO CLIMATE SUMMARY FOR JANUARY 21 2018...

CLIMATE NORMAL PERIOD 1981 TO 2010
CLIMATE RECORD PERIOD 1907 TO 2018


WEATHER ITEM   OBSERVED TIME   RECORD YEAR NORMAL DEPARTURE LAST
                VALUE   (LST)  VALUE       VALUE  FROM      YEAR
                                                  NORMAL
..................................................................
TEMPERATURE (F)
 YESTERDAY
  MAXIMUM         73    307 PM  86    1974  60     13       75
  MINIMUM         46   1132 PM  12    1935  34     12       39
  AVERAGE         60                        47     13       57

PRECIPITATION (IN)
  YESTERDAY        0.00          0.72 1994   0.04  -0.04      T
  MONTH TO DATE    T                         0.59  -0.59     1.35
  SINCE DEC 1      1.13                      1.44  -0.31     2.09
  SINCE JAN 1      T                         0.59  -0.59     1.35

SNOWFALL (IN)
  YESTERDAY        0.0           7.4  1978   0.0    0.0      0.0
  MONTH TO DATE    T                         0.9   -0.9       T
  SINCE NOV 1      T                         1.5   -1.5       T
  SINCE JUL 1      T                         1.5   -1.5       T
  SNOW DEPTH       0

DEGREE DAYS
 HEATING
  YESTERDAY        5                        18    -13        8
  MONTH TO DATE  460                       397     63      327
  SINCE DEC 1   1014                       964     50      801
  SINCE JUL 1   1314                      1364    -50      969

 COOLING
  YESTERDAY        0                         0      0        0
  MONTH TO DATE    0                         0      0        0
  SINCE DEC 1      3                         1      2        1
  SINCE JAN 1      0                         0      0        0
..................................................................


WIND (MPH)
  HIGHEST WIND SPEED    23   HIGHEST WIND DIRECTION     W (260)
  HIGHEST GUST SPEED    33   HIGHEST GUST DIRECTION     W (290)
  AVERAGE WIND SPEED    15.8


SKY COVER
  POSSIBLE SUNSHINE  MM
  AVERAGE SKY COVER 0.1


WEATHER CONDITIONS
 THE FOLLOWING WEATHER WAS RECORDED YESTERDAY.
  NO SIGNIFICANT WEATHER WAS OBSERVED.


RELATIVE HUMIDITY (PERCENT)
 HIGHEST    80           600 AM
 LOWEST     11           900 PM
 AVERAGE    46

..........................................................


THE SAN ANGELO CLIMATE NORMALS FOR TODAY
                         NORMAL    RECORD    YEAR
 MAXIMUM TEMPERATURE (F)   60        85      2010
                                             2009
                                             1971
 MINIMUM TEMPERATURE (F)   34         6      1918


SUNRISE AND SUNSET
JANUARY 22 2018.......SUNRISE   739 AM CST   SUNSET   608 PM CST
JANUARY 23 2018.......SUNRISE   739 AM CST   SUNSET   609 PM CST


-  INDICATES NEGATIVE NUMBERS.
R  INDICATES RECORD WAS SET OR TIED.
MM INDICATES DATA IS MISSING.
T  INDICATES TRACE AMOUNT.




$$
