000
CDUS44 KSJT 312226
CLISJT


CLIMATE REPORT
NATIONAL WEATHER SERVICE SAN ANGELO TX
525 PM CDT WED AUG 31 2016


...................................

...THE SAN ANGELO CLIMATE SUMMARY FOR AUGUST 31 2016...
VALID TODAY AS OF 0500 PM LOCAL TIME.

CLIMATE NORMAL PERIOD 1981 TO 2010
CLIMATE RECORD PERIOD 1907 TO 2016


WEATHER ITEM   OBSERVED TIME   RECORD YEAR NORMAL DEPARTURE LAST
                VALUE   (LST)  VALUE       VALUE  FROM      YEAR
                                                  NORMAL
..................................................................
TEMPERATURE (F)
 TODAY
  MAXIMUM         93    200 PM 104    1952  92      1       98
                                      1927
                                      1924
  MINIMUM         73    617 AM  45    1915  69      4       63
  AVERAGE         83                        80      3       81

PRECIPITATION (IN)
  TODAY            0.00          2.06 1993   0.11  -0.11     0.00
  MONTH TO DATE    2.87                      2.26   0.61     1.28
  SINCE JUN 1      9.89                      6.05   3.84     5.38
  SINCE JAN 1     25.52                     14.07  11.45    20.24

DEGREE DAYS
 HEATING
  TODAY            0                         0      0        0
  MONTH TO DATE    0                         0      0        0
  SINCE JUN 1      0                         0      0        0
  SINCE JUL 1      0                         0      0        0

 COOLING
  TODAY           18                        15      3       16
  MONTH TO DATE  602                       549     53      674
  SINCE JUN 1   1749                      1576    173     1748
  SINCE JAN 1   2160                      2036    124     2215
..................................................................


WIND (MPH)
  HIGHEST WIND SPEED    22   HIGHEST WIND DIRECTION     N (350)
  HIGHEST GUST SPEED    27   HIGHEST GUST DIRECTION     N (350)
  AVERAGE WIND SPEED     6.3


SKY COVER
  POSSIBLE SUNSHINE  MM
  AVERAGE SKY COVER 0.4


WEATHER CONDITIONS
 THE FOLLOWING WEATHER WAS RECORDED TODAY.
  THUNDERSTORM


RELATIVE HUMIDITY (PERCENT)
 HIGHEST    87           500 AM
 LOWEST     38           200 PM
 AVERAGE    63

..........................................................


THE SAN ANGELO CLIMATE NORMALS FOR TOMORROW
                         NORMAL    RECORD    YEAR
 MAXIMUM TEMPERATURE (F)   92       107      1952
 MINIMUM TEMPERATURE (F)   68        51      1915


SUNRISE AND SUNSET
AUGUST 31 2016........SUNRISE   718 AM CDT   SUNSET   806 PM CDT
SEPTEMBER  1 2016.....SUNRISE   718 AM CDT   SUNSET   805 PM CDT


-  INDICATES NEGATIVE NUMBERS.
R  INDICATES RECORD WAS SET OR TIED.
MM INDICATES DATA IS MISSING.
T  INDICATES TRACE AMOUNT.




$$
