000
CDUS44 KSJT 210653
CLISJT


CLIMATE REPORT
NATIONAL WEATHER SERVICE SAN ANGELO TX
152 AM CDT SUN SEP 21 2014


...................................

...THE SAN ANGELO CLIMATE SUMMARY FOR SEPTEMBER 20 2014...

CLIMATE NORMAL PERIOD 1981 TO 2010
CLIMATE RECORD PERIOD 1907 TO 2014


WEATHER ITEM   OBSERVED TIME   RECORD YEAR NORMAL DEPARTURE LAST
                VALUE   (LST)  VALUE       VALUE  FROM      YEAR
                                                  NORMAL
..................................................................
TEMPERATURE (F)
 YESTERDAY
  MAXIMUM         85    329 PM 102    1953  86     -1       71
  MINIMUM         72    709 AM  37    1913  62     10       66
  AVERAGE         79                        74      5       69

PRECIPITATION (IN)
  YESTERDAY        0.08          1.81 1990   0.07   0.01     1.00
  MONTH TO DATE    0.89                      1.70  -0.81     3.69
  SINCE SEP 1      0.89                      1.70  -0.81     3.69
  SINCE JAN 1     12.87                     15.77  -2.90    15.45

DEGREE DAYS
 HEATING
  YESTERDAY        0                         0      0        0
  MONTH TO DATE    5                         0      5        0
  SINCE SEP 1      5                         0      5        0
  SINCE JUL 1      5                         0      5        0

 COOLING
  YESTERDAY       14                        10      4        4
  MONTH TO DATE  294                       248     46      309
  SINCE SEP 1    294                       248     46      309
  SINCE JAN 1   2552                      2284    268     2635
..................................................................


WIND (MPH)
  HIGHEST WIND SPEED    17   HIGHEST WIND DIRECTION     E (70)
  HIGHEST GUST SPEED    21   HIGHEST GUST DIRECTION    NE (60)
  AVERAGE WIND SPEED     5.4


SKY COVER
  POSSIBLE SUNSHINE  MM
  AVERAGE SKY COVER 0.8


WEATHER CONDITIONS
 THE FOLLOWING WEATHER WAS RECORDED YESTERDAY.
  THUNDERSTORM
  LIGHT RAIN


RELATIVE HUMIDITY (PERCENT)
 HIGHEST    93           600 AM
 LOWEST     65           300 PM
 AVERAGE    79

..........................................................


THE SAN ANGELO CLIMATE NORMALS FOR TODAY
                         NORMAL    RECORD    YEAR
 MAXIMUM TEMPERATURE (F)   86       101      1977
 MINIMUM TEMPERATURE (F)   62        37      1913


SUNRISE AND SUNSET
SEPTEMBER 21 2014.....SUNRISE   730 AM CDT   SUNSET   740 PM CDT
SEPTEMBER 22 2014.....SUNRISE   730 AM CDT   SUNSET   739 PM CDT


-  INDICATES NEGATIVE NUMBERS.
R  INDICATES RECORD WAS SET OR TIED.
MM INDICATES DATA IS MISSING.
T  INDICATES TRACE AMOUNT.




$$
