812
CDUS44 KSJT 220705
CLISJT


CLIMATE REPORT
NATIONAL WEATHER SERVICE SAN ANGELO TX
204 AM CDT FRI MAY 22 2015


...................................

...THE SAN ANGELO CLIMATE SUMMARY FOR MAY 21 2015...

CLIMATE NORMAL PERIOD 1981 TO 2010
CLIMATE RECORD PERIOD 1907 TO 2015


WEATHER ITEM   OBSERVED TIME   RECORD YEAR NORMAL DEPARTURE LAST
                VALUE   (LST)  VALUE       VALUE  FROM      YEAR
                                                  NORMAL
..................................................................
TEMPERATURE (F)
 YESTERDAY
  MAXIMUM         65    513 PM 104    1953  88    -23       93
                                      1927
  MINIMUM         55    738 AM  47    1911  64     -9       70
  AVERAGE         60                        76    -16       82

PRECIPITATION (IN)
  YESTERDAY        0.00          1.30 1928   0.10  -0.10     0.00
  MONTH TO DATE    6.73                      1.71   5.02     0.33
  SINCE MAR 1     10.21                      4.63   5.58     0.79
  SINCE JAN 1     12.47                      6.91   5.56     0.85

DEGREE DAYS
 HEATING
  YESTERDAY        5                         0      5        0
  MONTH TO DATE    8                         8      0       28
  SINCE MAR 1    338                       353    -15      377
  SINCE JUL 1   2185                      2314   -129     2497

 COOLING
  YESTERDAY        0                        11    -11       17
  MONTH TO DATE  187                       183      4      240
  SINCE MAR 1    381                       334     47      490
  SINCE JAN 1    383                       339     44      493
..................................................................


WIND (MPH)
  HIGHEST WIND SPEED    20   HIGHEST WIND DIRECTION    NE (50)
  HIGHEST GUST SPEED    25   HIGHEST GUST DIRECTION    NE (50)
  AVERAGE WIND SPEED    11.9


SKY COVER
  POSSIBLE SUNSHINE  MM
  AVERAGE SKY COVER 1.0


WEATHER CONDITIONS
 THE FOLLOWING WEATHER WAS RECORDED YESTERDAY.
  FOG


RELATIVE HUMIDITY (PERCENT)
 HIGHEST    93          1200 AM
 LOWEST     72           300 PM
 AVERAGE    83

..........................................................


THE SAN ANGELO CLIMATE NORMALS FOR TODAY
                         NORMAL    RECORD    YEAR
 MAXIMUM TEMPERATURE (F)   88       107      1984
 MINIMUM TEMPERATURE (F)   64        43      1928


SUNRISE AND SUNSET
MAY 22 2015...........SUNRISE   642 AM CDT   SUNSET   836 PM CDT
MAY 23 2015...........SUNRISE   642 AM CDT   SUNSET   836 PM CDT


-  INDICATES NEGATIVE NUMBERS.
R  INDICATES RECORD WAS SET OR TIED.
MM INDICATES DATA IS MISSING.
T  INDICATES TRACE AMOUNT.




$$
