000
CDCA42 TJSJ 250441
CLISJU


CLIMATE REPORT
NATIONAL WEATHER SERVICE SAN JUAN, PR
1240 AM AST SUN FEB 25 2018


...................................

...THE SAN JUAN AREA/PR CLIMATE SUMMARY FOR FEBRUARY 24 2018...

CLIMATE NORMAL PERIOD 1981 TO 2010
CLIMATE RECORD PERIOD 1898 TO 2018


WEATHER ITEM   OBSERVED TIME   RECORD YEAR NORMAL DEPARTURE LAST
                VALUE   (LST)  VALUE       VALUE  FROM      YEAR
                                                  NORMAL
..................................................................
TEMPERATURE (F)
 YESTERDAY
  MAXIMUM         80    404 PM  92    1983  84     -4       90
  MINIMUM         69    715 AM  64    1951  72     -3       73
  AVERAGE         75                        78     -3       82

PRECIPITATION (IN)
  YESTERDAY        0.31          0.93 1940   0.07   0.24     0.00
  MONTH TO DATE    2.37                      2.09   0.28     1.45
  SINCE DEC 1     10.88                     10.87   0.01     7.64
  SINCE JAN 1      7.55                      5.85   1.70     3.34

SNOWFALL (IN)
  YESTERDAY        0.0                       0.0    0.0      0.0
  MONTH TO DATE    0.0                       0.0    0.0      0.0
  SINCE DEC 1      0.0                       0.0    0.0      0.0
  SINCE JUL 1      0.0                       0.0    0.0      0.0

DEGREE DAYS
 HEATING
  YESTERDAY        0                         0      0        0
  MONTH TO DATE    0                         0      0        0
  SINCE DEC 1      0                         0      0        0
  SINCE JUL 1      0                         0      0        0

 COOLING
  YESTERDAY       10                        13     -3       17
  MONTH TO DATE  296                       312    -16      358
  SINCE DEC 1   1207                      1126     81     1286
  SINCE JAN 1    735                       703     32      791
..................................................................


WIND (MPH)
  HIGHEST WIND SPEED    25   HIGHEST WIND DIRECTION     E (70)
  HIGHEST GUST SPEED    30   HIGHEST GUST DIRECTION     E (80)
  AVERAGE WIND SPEED    11.8


SKY COVER
  AVERAGE SKY COVER 0.6


WEATHER CONDITIONS
 THE FOLLOWING WEATHER WAS RECORDED YESTERDAY.
  HEAVY RAIN
  RAIN
  LIGHT RAIN
  FOG


RELATIVE HUMIDITY (PERCENT)
 HIGHEST    97
 LOWEST     62
 AVERAGE    80

..........................................................


THE SAN JUAN AREA/PR CLIMATE NORMALS FOR TODAY
                         NORMAL    RECORD    YEAR
 MAXIMUM TEMPERATURE (F)   84        93      2010
 MINIMUM TEMPERATURE (F)   72        64      1915


SUNRISE AND SUNSET
FEBRUARY 25 2018......SUNRISE   646 AM AST   SUNSET   629 PM AST
FEBRUARY 26 2018......SUNRISE   645 AM AST   SUNSET   629 PM AST


-  INDICATES NEGATIVE NUMBERS.
R  INDICATES RECORD WAS SET OR TIED.
MM INDICATES DATA IS MISSING.
T  INDICATES TRACE AMOUNT.




$$
