000
CDCA42 TJSJ 242126
CLISJU


CLIMATE REPORT
NATIONAL WEATHER SERVICE SAN JUAN, PR
526 PM AST TUE JAN 24 2017


...................................

...THE SAN JUAN AREA/PR CLIMATE SUMMARY FOR JANUARY 24 2017...
VALID TODAY AS OF 0500 PM LOCAL TIME.

CLIMATE NORMAL PERIOD 1981 TO 2010
CLIMATE RECORD PERIOD 1898 TO 2017


WEATHER ITEM   OBSERVED TIME   RECORD YEAR NORMAL DEPARTURE LAST
                VALUE   (LST)  VALUE       VALUE  FROM      YEAR
                                                  NORMAL
..................................................................
TEMPERATURE (F)
 TODAY
  MAXIMUM         90R   309 PM  90    1980  83      7       87
  MINIMUM         73    704 AM  62    1958  72      1       74
  AVERAGE         82                        78      4       81

PRECIPITATION (IN)
  TODAY            0.00          2.73 1909   0.10  -0.10     0.00
  MONTH TO DATE    1.81                      3.08  -1.27     0.73
  SINCE DEC 1      6.11                      8.10  -1.99     4.20
  SINCE JAN 1      1.81                      3.08  -1.27     0.73

SNOWFALL (IN)
  TODAY            0.0                       0.0    0.0      0.0
  MONTH TO DATE    0.0                       0.0    0.0      0.0
  SINCE DEC 1      0.0                       0.0    0.0      0.0
  SINCE JUL 1      0.0                       0.0    0.0      0.0

DEGREE DAYS
 HEATING
  TODAY            0                         0      0        0
  MONTH TO DATE    0                         0      0        0
  SINCE DEC 1      0                         0      0        0
  SINCE JUL 1      0                         0      0        0

 COOLING
  TODAY           17                        12      5       16
  MONTH TO DATE  332                       306     26      334
  SINCE DEC 1    827                       729     98      806
  SINCE JAN 1    332                       306     26      334
..................................................................


WIND (MPH)
  HIGHEST WIND SPEED    15   HIGHEST WIND DIRECTION    SW (210)
  HIGHEST GUST SPEED    23   HIGHEST GUST DIRECTION    SW (210)
  AVERAGE WIND SPEED     6.5


SKY COVER
  AVERAGE SKY COVER 0.2


WEATHER CONDITIONS
 THE FOLLOWING WEATHER WAS RECORDED TODAY.
  NO SIGNIFICANT WEATHER WAS OBSERVED.


RELATIVE HUMIDITY (PERCENT)
 HIGHEST    84
 LOWEST     41
 AVERAGE    63

..........................................................


THE SAN JUAN AREA/PR CLIMATE NORMALS FOR TOMORROW
                         NORMAL    RECORD    YEAR
 MAXIMUM TEMPERATURE (F)   83        90      1981
 MINIMUM TEMPERATURE (F)   72        62      1968


SUNRISE AND SUNSET
JANUARY 24 2017.......SUNRISE   659 AM AST   SUNSET   614 PM AST
JANUARY 25 2017.......SUNRISE   659 AM AST   SUNSET   614 PM AST


-  INDICATES NEGATIVE NUMBERS.
R  INDICATES RECORD WAS SET OR TIED.
MM INDICATES DATA IS MISSING.
T  INDICATES TRACE AMOUNT.




$$
