941
CDUS45 KSLC 191228
CLISLC


CLIMATE REPORT
NATIONAL WEATHER SERVICE SALT LAKE CITY UT
628 AM MDT TUE SEP 19 2017


...................................

...THE SALT LAKE CITY UT CLIMATE SUMMARY FOR SEPTEMBER 18 2017...

CLIMATE NORMAL PERIOD 1981 TO 2010
CLIMATE RECORD PERIOD 1874 TO 2017


WEATHER ITEM   OBSERVED TIME   RECORD YEAR NORMAL DEPARTURE LAST
                VALUE   (LST)  VALUE       VALUE  FROM      YEAR
                                                  NORMAL
..................................................................
TEMPERATURE (F)
 YESTERDAY
  MAXIMUM         85    145 PM  94    1937  78      7       88
  MINIMUM         59    523 AM  27    1965  52      7       57
  AVERAGE         72                        65      7       73

PRECIPITATION (IN)
  YESTERDAY        T             0.82 1947   0.04  -0.04     0.00
  MONTH TO DATE    0.50                      0.65  -0.15     0.27
  SINCE OCT 1     16.97                     15.54   1.43    11.84
  SINCE JAN 1     12.33                     11.16   1.17     8.59

SNOWFALL (IN)
  YESTERDAY        0.0           1.0  1978   0.0    0.0      0.0
  MONTH TO DATE    0.0                       0.0    0.0      0.0
  SINCE OCT 1     51.4                      56.2   -4.8     34.3
  SINCE JUL 1      0.0                       0.0    0.0      0.0
  SNOW DEPTH       0

DEGREE DAYS
 HEATING
  YESTERDAY        0                         3     -3        0
  MONTH TO DATE   14                        28    -14       12
  SINCE SEP 1     14                        28    -14       12
  SINCE JUL 1     14                        33    -19       13

 COOLING
  YESTERDAY        7                         3      4        8
  MONTH TO DATE  196                        95    101       86
  SINCE SEP 1    196                        95    101       86
  SINCE JAN 1   1758                      1131    627     1563
..................................................................


WIND (MPH)
  RESULTANT WIND SPEED  12   RESULTANT WIND DIRECTION   S (160)
  HIGHEST WIND SPEED    31   HIGHEST WIND DIRECTION     S (170)
  HIGHEST GUST SPEED    39   HIGHEST GUST DIRECTION    SE (150)
  AVERAGE WIND SPEED    15.0


SKY COVER
  POSSIBLE SUNSHINE  MM
  AVERAGE SKY COVER 0.3


WEATHER CONDITIONS
 THE FOLLOWING WEATHER WAS RECORDED YESTERDAY.
  LIGHT RAIN


RELATIVE HUMIDITY (PERCENT)
 HIGHEST    52          1100 PM
 LOWEST     17           200 PM
 AVERAGE    35

..........................................................


THE SALT LAKE CITY UT CLIMATE NORMALS FOR TODAY
                         NORMAL    RECORD    YEAR
 MAXIMUM TEMPERATURE (F)   78        97      1956
 MINIMUM TEMPERATURE (F)   52        31      1964


SUNRISE AND SUNSET
SEPTEMBER 19 2017.....SUNRISE   713 AM MDT   SUNSET   729 PM MDT
SEPTEMBER 20 2017.....SUNRISE   714 AM MDT   SUNSET   728 PM MDT


-  INDICATES NEGATIVE NUMBERS.
R  INDICATES RECORD WAS SET OR TIED.
MM INDICATES DATA IS MISSING.
T  INDICATES TRACE AMOUNT.




$$
