000
CDUS45 KSLC 111227
CLISLC


CLIMATE REPORT
NATIONAL WEATHER SERVICE SALT LAKE CITY UT
527 AM MST SUN DEC 11 2016


...................................

...THE SALT LAKE CITY UT CLIMATE SUMMARY FOR DECEMBER 10 2016...

CLIMATE NORMAL PERIOD 1981 TO 2010
CLIMATE RECORD PERIOD 1874 TO 2016


WEATHER ITEM   OBSERVED TIME   RECORD YEAR NORMAL DEPARTURE LAST
                VALUE   (LST)  VALUE       VALUE  FROM      YEAR
                                                  NORMAL
..................................................................
TEMPERATURE (F)
 YESTERDAY
  MAXIMUM         49    256 PM  66    1939  39     10       60
  MINIMUM         32    157 AM -13    1972  23      9       33
  AVERAGE         41                        31     10       47

PRECIPITATION (IN)
  YESTERDAY        0.65R         0.36 1901   0.05   0.60     0.35
  MONTH TO DATE    0.70                      0.47   0.23     0.42
  SINCE OCT 1      3.36                      3.44  -0.08     1.44
  SINCE JAN 1     13.56                     15.16  -1.60    14.33

SNOWFALL (IN)
  YESTERDAY        T             4.1  1999   0.4   -0.4      0.0
  MONTH TO DATE    0.4                       4.0   -3.6      0.0
  SINCE OCT 1      6.1                      13.0   -6.9      1.4
  SINCE JUL 1      6.1                      13.0   -6.9      1.4
  SNOW DEPTH       0

DEGREE DAYS
 HEATING
  YESTERDAY       24                        34    -10       18
  MONTH TO DATE  326                       331     -5      271
  SINCE DEC 1    326                       331     -5      271
  SINCE JUL 1   1125                      1549   -424     1213

 COOLING
  YESTERDAY        0                         0      0        0
  MONTH TO DATE    0                         0      0        0
  SINCE DEC 1      0                         0      0        0
  SINCE JAN 1   1619                      1160    459     1444
..................................................................


WIND (MPH)
  RESULTANT WIND SPEED   2   RESULTANT WIND DIRECTION  NE (40)
  HIGHEST WIND SPEED    24   HIGHEST WIND DIRECTION     N (10)
  HIGHEST GUST SPEED    28   HIGHEST GUST DIRECTION     N (10)
  AVERAGE WIND SPEED     7.3


SKY COVER
  POSSIBLE SUNSHINE  MM
  AVERAGE SKY COVER 0.9


WEATHER CONDITIONS
 THE FOLLOWING WEATHER WAS RECORDED YESTERDAY.
  RAIN
  LIGHT RAIN
  FREEZING RAIN
  LIGHT SNOW
  FOG


RELATIVE HUMIDITY (PERCENT)
 HIGHEST   100          1100 PM
 LOWEST     53           600 AM
 AVERAGE    77

..........................................................


THE SALT LAKE CITY UT CLIMATE NORMALS FOR TODAY
                         NORMAL    RECORD    YEAR
 MAXIMUM TEMPERATURE (F)   38        62      1993
 MINIMUM TEMPERATURE (F)   23       -12      1932


SUNRISE AND SUNSET
DECEMBER 11 2016......SUNRISE   742 AM MST   SUNSET   500 PM MST
DECEMBER 12 2016......SUNRISE   743 AM MST   SUNSET   501 PM MST


-  INDICATES NEGATIVE NUMBERS.
R  INDICATES RECORD WAS SET OR TIED.
MM INDICATES DATA IS MISSING.
T  INDICATES TRACE AMOUNT.




$$
