000
CDUS45 KSLC 240035
CLISLC


CLIMATE REPORT
NATIONAL WEATHER SERVICE SALT LAKE CITY UT
634 PM MDT WED APR 23 2014


...................................

...THE SALT LAKE CITY UT CLIMATE SUMMARY FOR APRIL 23 2014...
VALID TODAY AS OF 0500 PM LOCAL TIME.

CLIMATE NORMAL PERIOD 1981 TO 2010
CLIMATE RECORD PERIOD 1874 TO 2014


WEATHER ITEM   OBSERVED TIME   RECORD YEAR NORMAL DEPARTURE LAST
                VALUE   (LST)  VALUE       VALUE  FROM      YEAR
                                                  NORMAL
..................................................................
TEMPERATURE (F)
 TODAY
  MAXIMUM         53    518 PM  88    2012  64    -11       51
  MINIMUM         39    541 AM  27    1968  41     -2       31
  AVERAGE         46                        52     -6       41

PRECIPITATION (IN)
  TODAY            0.08          1.46 1958   0.06   0.02     0.00
  MONTH TO DATE    0.56                      1.51  -0.95     1.95
  SINCE OCT 1      7.45                     10.18  -2.73     9.43
  SINCE JAN 1      4.44                      5.80  -1.36     4.86

SNOWFALL (IN)
  TODAY            0.0          10.1  1958   0.1   -0.1      0.0
  MONTH TO DATE    T                         3.5   -3.5      0.1
  SINCE OCT 1     35.5                      55.4  -19.9     69.9
  SINCE JUL 1     35.5                      55.4  -19.9     69.9
  SNOW DEPTH       0

DEGREE DAYS
 HEATING
  TODAY           19                        13      6       24
  MONTH TO DATE  262                       356    -94      398
  SINCE MAR 1    749                      1018   -269     1024
  SINCE JUL 1   4736                      5274   -538     5256

 COOLING
  TODAY            0                         0      0        0
  MONTH TO DATE    0                         0      0        0
  SINCE MAR 1      0                         0      0        0
  SINCE JAN 1      0                         0      0        0
..................................................................


WIND (MPH)
  RESULTANT WIND SPEED   8   RESULTANT WIND DIRECTION  NW (300)
  HIGHEST WIND SPEED    22   HIGHEST WIND DIRECTION     W (270)
  HIGHEST GUST SPEED    28   HIGHEST GUST DIRECTION     W (270)
  AVERAGE WIND SPEED    10.1


SKY COVER
  POSSIBLE SUNSHINE  MM
  AVERAGE SKY COVER 0.5


WEATHER CONDITIONS
 THE FOLLOWING WEATHER WAS RECORDED TODAY.
  LIGHT RAIN
  FOG


RELATIVE HUMIDITY (PERCENT)
 HIGHEST   100          1200 AM
 LOWEST     30           200 PM
 AVERAGE    65

..........................................................


THE SALT LAKE CITY UT CLIMATE NORMALS FOR TOMORROW
                         NORMAL    RECORD    YEAR
 MAXIMUM TEMPERATURE (F)   64        86      2012
 MINIMUM TEMPERATURE (F)   41        27      1950


SUNRISE AND SUNSET
APRIL 23 2014.........SUNRISE   637 AM MDT   SUNSET   816 PM MDT
APRIL 24 2014.........SUNRISE   636 AM MDT   SUNSET   817 PM MDT


-  INDICATES NEGATIVE NUMBERS.
R  INDICATES RECORD WAS SET OR TIED.
MM INDICATES DATA IS MISSING.
T  INDICATES TRACE AMOUNT.




$$
