000
CDUS45 KSLC 171245
CLISLC


CLIMATE REPORT
NATIONAL WEATHER SERVICE SALT LAKE CITY UT
545 AM MST FRI NOV 17 2017


...................................

...THE SALT LAKE CITY UT CLIMATE SUMMARY FOR NOVEMBER 16 2017...

CLIMATE NORMAL PERIOD 1981 TO 2010
CLIMATE RECORD PERIOD 1874 TO 2017


WEATHER ITEM   OBSERVED TIME   RECORD YEAR NORMAL DEPARTURE LAST
                VALUE   (LST)  VALUE       VALUE  FROM      YEAR
                                                  NORMAL
..................................................................
TEMPERATURE (F)
 YESTERDAY
  MAXIMUM         66    507 PM  68    1981  49     17       59
  MINIMUM         53   1159 PM -14    1955  30     23       34
  AVERAGE         60                        40     20       47

PRECIPITATION (IN)
  YESTERDAY        T             1.13 1954   0.04  -0.04     0.06
  MONTH TO DATE    0.06                      0.79  -0.73     0.06
  SINCE OCT 1      0.24                      2.31  -2.07     0.96
  SINCE JAN 1     14.11                     14.03   0.08    11.16

SNOWFALL (IN)
  YESTERDAY        0.0           5.0  1994   0.3   -0.3       T
  MONTH TO DATE    0.0                       2.9   -2.9       T
  SINCE OCT 1      T                         4.3   -4.3       T
  SINCE JUL 1      T                         4.3   -4.3       T
  SNOW DEPTH       0

DEGREE DAYS
 HEATING
  YESTERDAY        5                        25    -20       18
  MONTH TO DATE  262                       348    -86      206
  SINCE SEP 1    773                       811    -38      474
  SINCE JUL 1    773                       816    -43      475

 COOLING
  YESTERDAY        0                         0      0        0
  MONTH TO DATE    0                         0      0        0
  SINCE SEP 1    196                       124     72      142
  SINCE JAN 1   1758                      1160    598     1619
..................................................................


WIND (MPH)
  RESULTANT WIND SPEED  16   RESULTANT WIND DIRECTION   S (170)
  HIGHEST WIND SPEED    35   HIGHEST WIND DIRECTION     S (160)
  HIGHEST GUST SPEED    49   HIGHEST GUST DIRECTION    SE (150)
  AVERAGE WIND SPEED    20.1


SKY COVER
  POSSIBLE SUNSHINE  MM
  AVERAGE SKY COVER 0.9


WEATHER CONDITIONS
 THE FOLLOWING WEATHER WAS RECORDED YESTERDAY.
  LIGHT RAIN
  HAZE
  SANDSTORM


RELATIVE HUMIDITY (PERCENT)
 HIGHEST    66          1000 PM
 LOWEST     19           300 AM
 AVERAGE    43

..........................................................


THE SALT LAKE CITY UT CLIMATE NORMALS FOR TODAY
                         NORMAL    RECORD    YEAR
 MAXIMUM TEMPERATURE (F)   49        70      1999
 MINIMUM TEMPERATURE (F)   30         4      1880


SUNRISE AND SUNSET
NOVEMBER 17 2017......SUNRISE   718 AM MST   SUNSET   508 PM MST
NOVEMBER 18 2017......SUNRISE   719 AM MST   SUNSET   507 PM MST


-  INDICATES NEGATIVE NUMBERS.
R  INDICATES RECORD WAS SET OR TIED.
MM INDICATES DATA IS MISSING.
T  INDICATES TRACE AMOUNT.




$$
