000
CDUS45 KSLC 241250
CLISLC


CLIMATE REPORT
NATIONAL WEATHER SERVICE SALT LAKE CITY UT
550 AM MST MON NOV 24 2014


...................................

...THE SALT LAKE CITY UT CLIMATE SUMMARY FOR NOVEMBER 23 2014...

CLIMATE NORMAL PERIOD 1981 TO 2010
CLIMATE RECORD PERIOD 1874 TO 2014


WEATHER ITEM   OBSERVED TIME   RECORD YEAR NORMAL DEPARTURE LAST
                VALUE   (LST)  VALUE       VALUE  FROM      YEAR
                                                  NORMAL
..................................................................
TEMPERATURE (F)
 YESTERDAY
  MAXIMUM         41    307 PM  67    1897  45     -4       51
  MINIMUM         31    741 AM   5    1940  28      3       23
  AVERAGE         36                        36      0       37

PRECIPITATION (IN)
  YESTERDAY        0.05          0.61 2001   0.05   0.00     0.00
  MONTH TO DATE    0.60                      1.13  -0.53     0.62
  SINCE OCT 1      0.61                      2.65  -2.04     1.36
  SINCE JAN 1     13.06                     14.37  -1.31     9.97

SNOWFALL (IN)
  YESTERDAY        0.5           3.7  2010   0.3    0.2      0.0
  MONTH TO DATE    0.8                       5.0   -4.2      3.5
  SINCE OCT 1      0.8                       6.4   -5.6      3.5
  SINCE JUL 1      0.8                       6.4   -5.6      3.5
  SNOW DEPTH       0

DEGREE DAYS
 HEATING
  YESTERDAY       29                        29      0       28
  MONTH TO DATE  579                       539     40      439
  SINCE SEP 1    845                      1002   -157      877
  SINCE JUL 1    846                      1007   -161      877

 COOLING
  YESTERDAY        0                         0      0        0
  MONTH TO DATE    0                         0      0        0
  SINCE SEP 1    191                       124     67      222
  SINCE JAN 1   1244                      1160     84     1768
..................................................................


WIND (MPH)
  RESULTANT WIND SPEED   8   RESULTANT WIND DIRECTION  NW (310)
  HIGHEST WIND SPEED    29   HIGHEST WIND DIRECTION     W (290)
  HIGHEST GUST SPEED    38   HIGHEST GUST DIRECTION     W (280)
  AVERAGE WIND SPEED    10.4


SKY COVER
  POSSIBLE SUNSHINE  MM
  AVERAGE SKY COVER 0.9


WEATHER CONDITIONS
 THE FOLLOWING WEATHER WAS RECORDED YESTERDAY.
  LIGHT RAIN
  LIGHT SNOW
  FOG


RELATIVE HUMIDITY (PERCENT)
 HIGHEST    92           800 AM
 LOWEST     48           300 PM
 AVERAGE    70

..........................................................


THE SALT LAKE CITY UT CLIMATE NORMALS FOR TODAY
                         NORMAL    RECORD    YEAR
 MAXIMUM TEMPERATURE (F)   45        65      1995
                                             1923
                                             1910
 MINIMUM TEMPERATURE (F)   27         0      1931


SUNRISE AND SUNSET
NOVEMBER 24 2014......SUNRISE   725 AM MST   SUNSET   504 PM MST
NOVEMBER 25 2014......SUNRISE   726 AM MST   SUNSET   503 PM MST


-  INDICATES NEGATIVE NUMBERS.
R  INDICATES RECORD WAS SET OR TIED.
MM INDICATES DATA IS MISSING.
T  INDICATES TRACE AMOUNT.




$$
