000
CDUS45 KSLC 170044
CLISLC


CLIMATE REPORT
NATIONAL WEATHER SERVICE SALT LAKE CITY UT
644 PM MDT WED APR 16 2014


...................................

...THE SALT LAKE CITY UT CLIMATE SUMMARY FOR APRIL 16 2014...
VALID TODAY AS OF 0500 PM LOCAL TIME.

CLIMATE NORMAL PERIOD 1981 TO 2010
CLIMATE RECORD PERIOD 1874 TO 2014


WEATHER ITEM   OBSERVED TIME   RECORD YEAR NORMAL DEPARTURE LAST
                VALUE   (LST)  VALUE       VALUE  FROM      YEAR
                                                  NORMAL
..................................................................
TEMPERATURE (F)
 TODAY
  MAXIMUM         58    457 PM  84    1936  62     -4       45
  MINIMUM         40    526 AM  25    1922  39      1       34
  AVERAGE         49                        50     -1       40

PRECIPITATION (IN)
  TODAY            0.00          1.12 1941   0.06  -0.06      T
  MONTH TO DATE    0.25                      1.05  -0.80     1.70
  SINCE OCT 1      7.14                      9.72  -2.58     9.18
  SINCE JAN 1      4.13                      5.34  -1.21     4.61

SNOWFALL (IN)
  TODAY            0.0           4.2  1941   0.2   -0.2       T
  MONTH TO DATE    T                         2.8   -2.8      0.1
  SINCE OCT 1     35.5                      54.7  -19.2     69.9
  SINCE JUL 1     35.5                      54.7  -19.2     69.9
  SNOW DEPTH       0

DEGREE DAYS
 HEATING
  TODAY           16                        15      1       25
  MONTH TO DATE  201                       261    -60      261
  SINCE MAR 1    688                       923   -235      887
  SINCE JUL 1   4675                      5179   -504     5119

 COOLING
  TODAY            0                         0      0        0
  MONTH TO DATE    0                         0      0        0
  SINCE MAR 1      0                         0      0        0
  SINCE JAN 1      0                         0      0        0
..................................................................


WIND (MPH)
  RESULTANT WIND SPEED   6   RESULTANT WIND DIRECTION  NW (330)
  HIGHEST WIND SPEED    17   HIGHEST WIND DIRECTION     W (290)
  HIGHEST GUST SPEED    21   HIGHEST GUST DIRECTION     W (290)
  AVERAGE WIND SPEED     6.6


SKY COVER
  POSSIBLE SUNSHINE  MM
  AVERAGE SKY COVER 0.2


WEATHER CONDITIONS
 THE FOLLOWING WEATHER WAS RECORDED TODAY.
  NO SIGNIFICANT WEATHER WAS OBSERVED.


RELATIVE HUMIDITY (PERCENT)
 HIGHEST    51           500 AM
 LOWEST     11           400 PM
 AVERAGE    31

..........................................................


THE SALT LAKE CITY UT CLIMATE NORMALS FOR TOMORROW
                         NORMAL    RECORD    YEAR
 MAXIMUM TEMPERATURE (F)   62        85      1987
 MINIMUM TEMPERATURE (F)   40        24      1960
                                             1922


SUNRISE AND SUNSET
APRIL 16 2014.........SUNRISE   647 AM MDT   SUNSET   808 PM MDT
APRIL 17 2014.........SUNRISE   646 AM MDT   SUNSET   810 PM MDT


-  INDICATES NEGATIVE NUMBERS.
R  INDICATES RECORD WAS SET OR TIED.
MM INDICATES DATA IS MISSING.
T  INDICATES TRACE AMOUNT.




$$
