000
CDUS45 KSLC 201227
CLISLC


CLIMATE REPORT
NATIONAL WEATHER SERVICE SALT LAKE CITY UT
527 AM MST SAT JAN 20 2018


...................................

...THE SALT LAKE CITY UT CLIMATE SUMMARY FOR JANUARY 19 2018...

CLIMATE NORMAL PERIOD 1981 TO 2010
CLIMATE RECORD PERIOD 1874 TO 2018


WEATHER ITEM   OBSERVED TIME   RECORD YEAR NORMAL DEPARTURE LAST
                VALUE   (LST)  VALUE       VALUE  FROM      YEAR
                                                  NORMAL
..................................................................
TEMPERATURE (F)
 YESTERDAY
  MAXIMUM         58R  1139 AM  56    1909  37     21       35
  MINIMUM         33   1158 PM -15    1963  22     11       25
  AVERAGE         46                        30     16       30

PRECIPITATION (IN)
  YESTERDAY        0.23          0.63 1906   0.04   0.19     0.14
  MONTH TO DATE    0.54                      0.79  -0.25     1.15
  SINCE OCT 1      2.67                      5.17  -2.50     5.79
  SINCE JAN 1      0.54                      0.79  -0.25     1.15

SNOWFALL (IN)
  YESTERDAY        2.2           7.5  1973   0.4    1.8      1.1
  MONTH TO DATE    2.5                       8.1   -5.6     13.7
  SINCE OCT 1     10.2                      30.3  -20.1     30.5
  SINCE JUL 1     10.2                      30.3  -20.1     30.5
  SNOW DEPTH       0

DEGREE DAYS
 HEATING
  YESTERDAY       19                        36    -17       35
  MONTH TO DATE  486                       684   -198      714
  SINCE DEC 1   1471                      1760   -289     1807
  SINCE JUL 1   2493                      2978   -485     2606

 COOLING
  YESTERDAY        0                         0      0        0
  MONTH TO DATE    0                         0      0        0
  SINCE DEC 1      0                         0      0        0
  SINCE JAN 1      0                         0      0        0
..................................................................


WIND (MPH)
  RESULTANT WIND SPEED   7   RESULTANT WIND DIRECTION   S (190)
  HIGHEST WIND SPEED    30   HIGHEST WIND DIRECTION    NW (330)
  HIGHEST GUST SPEED    36   HIGHEST GUST DIRECTION     S (170)
  AVERAGE WIND SPEED    16.3


SKY COVER
  POSSIBLE SUNSHINE  MM
  AVERAGE SKY COVER 0.5


WEATHER CONDITIONS
 THE FOLLOWING WEATHER WAS RECORDED YESTERDAY.
  LIGHT SNOW
  FOG


RELATIVE HUMIDITY (PERCENT)
 HIGHEST    96          1100 PM
 LOWEST     33           500 AM
 AVERAGE    65

..........................................................


THE SALT LAKE CITY UT CLIMATE NORMALS FOR TODAY
                         NORMAL    RECORD    YEAR
 MAXIMUM TEMPERATURE (F)   38        58      1953
 MINIMUM TEMPERATURE (F)   22       -20      1883


SUNRISE AND SUNSET
JANUARY 20 2018.......SUNRISE   747 AM MST   SUNSET   531 PM MST
JANUARY 21 2018.......SUNRISE   747 AM MST   SUNSET   532 PM MST


-  INDICATES NEGATIVE NUMBERS.
R  INDICATES RECORD WAS SET OR TIED.
MM INDICATES DATA IS MISSING.
T  INDICATES TRACE AMOUNT.




$$
