000
CDUS45 KSLC 221237
CLISLC


CLIMATE REPORT
NATIONAL WEATHER SERVICE SALT LAKE CITY UT
536 AM MST SUN JAN 22 2017


...................................

...THE SALT LAKE CITY UT CLIMATE SUMMARY FOR JANUARY 21 2017...

CLIMATE NORMAL PERIOD 1981 TO 2010
CLIMATE RECORD PERIOD 1874 TO 2017


WEATHER ITEM   OBSERVED TIME   RECORD YEAR NORMAL DEPARTURE LAST
                VALUE   (LST)  VALUE       VALUE  FROM      YEAR
                                                  NORMAL
..................................................................
TEMPERATURE (F)
 YESTERDAY
  MAXIMUM         36    322 PM  57    1943  38     -2       42
  MINIMUM         29    909 PM -20    1937  22      7       27
  AVERAGE         33                        30      3       35

PRECIPITATION (IN)
  YESTERDAY        0.54          0.87 2012   0.04   0.50     0.00
  MONTH TO DATE    1.71                      0.87   0.84     0.81
  SINCE OCT 1      6.35                      5.25   1.10     4.06
  SINCE JAN 1      1.71                      0.87   0.84     0.81

SNOWFALL (IN)
  YESTERDAY        6.1 R         6.1  2008   0.4    5.7      0.0
  MONTH TO DATE   20.5                       8.9   11.6      2.7
  SINCE OCT 1     37.3                      31.1    6.2     20.0
  SINCE JUL 1     37.3                      31.1    6.2     20.0
  SNOW DEPTH       T

DEGREE DAYS
 HEATING
  YESTERDAY       32                        35     -3       30
  MONTH TO DATE  775                       754     21      740
  SINCE DEC 1   1868                      1830     38     1775
  SINCE JUL 1   2667                      3048   -381     2717

 COOLING
  YESTERDAY        0                         0      0        0
  MONTH TO DATE    0                         0      0        0
  SINCE DEC 1      0                         0      0        0
  SINCE JAN 1      0                         0      0        0
..................................................................


WIND (MPH)
  RESULTANT WIND SPEED   1   RESULTANT WIND DIRECTION  SW (220)
  HIGHEST WIND SPEED    16   HIGHEST WIND DIRECTION     W (290)
  HIGHEST GUST SPEED    18   HIGHEST GUST DIRECTION    NW (320)
  AVERAGE WIND SPEED     5.3


SKY COVER
  POSSIBLE SUNSHINE  MM
  AVERAGE SKY COVER 1.0


WEATHER CONDITIONS
 THE FOLLOWING WEATHER WAS RECORDED YESTERDAY.
  HEAVY SNOW
  SNOW
  LIGHT SNOW
  FOG
  FOG W/VISIBILITY <= 1/4 MILE


RELATIVE HUMIDITY (PERCENT)
 HIGHEST   100          1000 AM
 LOWEST     75           100 AM
 AVERAGE    88

..........................................................


THE SALT LAKE CITY UT CLIMATE NORMALS FOR TODAY
                         NORMAL    RECORD    YEAR
 MAXIMUM TEMPERATURE (F)   38        56      1970
 MINIMUM TEMPERATURE (F)   22       -14      1937
                                             1930


SUNRISE AND SUNSET
JANUARY 22 2017.......SUNRISE   746 AM MST   SUNSET   534 PM MST
JANUARY 23 2017.......SUNRISE   745 AM MST   SUNSET   535 PM MST


-  INDICATES NEGATIVE NUMBERS.
R  INDICATES RECORD WAS SET OR TIED.
MM INDICATES DATA IS MISSING.
T  INDICATES TRACE AMOUNT.




$$
