000
CDUS46 KPQR 290223
CLISLE


CLIMATE REPORT
NATIONAL WEATHER SERVICE PORTLAND OREGON
723 PM PDT FRI APR 28 2017


...................................

...THE SALEM OR CLIMATE SUMMARY FOR APRIL 28 2017...
VALID TODAY AS OF 0700 PM LOCAL TIME.

CLIMATE NORMAL PERIOD 1981 TO 2010
CLIMATE RECORD PERIOD 1892 TO 2017


WEATHER ITEM   OBSERVED TIME   RECORD YEAR NORMAL DEPARTURE LAST
                VALUE   (LST)  VALUE       VALUE  FROM      YEAR
                                                  NORMAL
..................................................................
TEMPERATURE (F)
 TODAY
  MAXIMUM         60    502 PM  93    1926  64     -4       64
  MINIMUM         36    514 AM  28    1973  41     -5       45
  AVERAGE         48                        52     -4       55

PRECIPITATION (IN)
  TODAY            T             0.69 1969   0.07  -0.07     0.00
  MONTH TO DATE    4.37                      2.67   1.70     2.02
  SINCE OCT 1     54.17                     33.57  20.60    42.66
  SINCE JAN 1     30.87                     17.18  13.69    19.11

DEGREE DAYS
 HEATING
  TODAY           17                        13      4       10
  MONTH TO DATE  406                       415     -9      224
  SINCE MAR 1    925                       978    -53      702
  SINCE JUL 1   4083                      4218   -135     3358

 COOLING
  TODAY            0                         0      0        0
  MONTH TO DATE    0                         0      0        7
  SINCE MAR 1      0                         0      0        7
  SINCE JAN 1      0                         0      0        7
..................................................................


WIND (MPH)
  HIGHEST WIND SPEED    13   HIGHEST WIND DIRECTION    NE (50)
  HIGHEST GUST SPEED    15   HIGHEST GUST DIRECTION    NE (50)
  AVERAGE WIND SPEED     3.3


SKY COVER
  POSSIBLE SUNSHINE  MM
  AVERAGE SKY COVER 0.6


WEATHER CONDITIONS
 THE FOLLOWING WEATHER WAS RECORDED TODAY.
  NO SIGNIFICANT WEATHER WAS OBSERVED.


RELATIVE HUMIDITY (PERCENT)
 HIGHEST    92           300 AM
 LOWEST     44           500 PM
 AVERAGE    68

..........................................................


THE SALEM OR CLIMATE NORMALS FOR TOMORROW
                         NORMAL    RECORD    YEAR
 MAXIMUM TEMPERATURE (F)   64        88      1957
 MINIMUM TEMPERATURE (F)   41        28      1982
                                             1954
                                             1952


SUNRISE AND SUNSET
APRIL 28 2017.........SUNRISE   605 AM PDT   SUNSET   814 PM PDT
APRIL 29 2017.........SUNRISE   604 AM PDT   SUNSET   815 PM PDT


-  INDICATES NEGATIVE NUMBERS.
R  INDICATES RECORD WAS SET OR TIED.
MM INDICATES DATA IS MISSING.
T  INDICATES TRACE AMOUNT.




$$
