000
CDUS46 KPQR 270223
CLISLE


CLIMATE REPORT
NATIONAL WEATHER SERVICE PORTLAND OREGON
623 PM PST MON JAN 26 2015


...................................

...THE SALEM OR CLIMATE SUMMARY FOR JANUARY 26 2015...
VALID TODAY AS OF 0600 PM LOCAL TIME.

CLIMATE NORMAL PERIOD 1981 TO 2010
CLIMATE RECORD PERIOD 1892 TO 2015


WEATHER ITEM   OBSERVED TIME   RECORD YEAR NORMAL DEPARTURE LAST
                VALUE   (LST)  VALUE       VALUE  FROM      YEAR
                                                  NORMAL
..................................................................
TEMPERATURE (F)
 TODAY
  MAXIMUM         53    256 PM  62    1924  49      4       51
  MINIMUM         41   1000 AM   9    1930  35      6       24
  AVERAGE         47                        42      5       38

PRECIPITATION (IN)
  TODAY            0.00          1.02 2008   0.18  -0.18     0.00
  MONTH TO DATE    3.21                      5.09  -1.88     1.79
  SINCE OCT 1     20.75                     21.48  -0.73     6.37
  SINCE JAN 1      3.21                      5.09  -1.88     1.79

DEGREE DAYS
 HEATING
  TODAY           18                        23     -5       27
  MONTH TO DATE  547                       623    -76      624
  SINCE DEC 1   1161                      1395   -234     1511
  SINCE JUL 1   1927                      2512   -585     2554

 COOLING
  TODAY            0                         0      0        0
  MONTH TO DATE    0                         0      0        0
  SINCE DEC 1      0                         0      0        0
  SINCE JAN 1      0                         0      0        0
..................................................................


WIND (MPH)
  HIGHEST WIND SPEED     8   HIGHEST WIND DIRECTION    NW (310)
  HIGHEST GUST SPEED    10   HIGHEST GUST DIRECTION    NW (300)
  AVERAGE WIND SPEED     4.0


SKY COVER
  POSSIBLE SUNSHINE  MM
  AVERAGE SKY COVER 0.8


WEATHER CONDITIONS
 THE FOLLOWING WEATHER WAS RECORDED TODAY.
  FOG
  FOG W/VISIBILITY <= 1/4 MILE
  HAZE


RELATIVE HUMIDITY (PERCENT)
 HIGHEST   100           200 AM
 LOWEST     77           100 PM
 AVERAGE    89

..........................................................


THE SALEM OR CLIMATE NORMALS FOR TOMORROW
                         NORMAL    RECORD    YEAR
 MAXIMUM TEMPERATURE (F)   49        59      1984
                                             1940
 MINIMUM TEMPERATURE (F)   35         9      1957


SUNRISE AND SUNSET
JANUARY 26 2015.......SUNRISE   738 AM PST   SUNSET   512 PM PST
JANUARY 27 2015.......SUNRISE   737 AM PST   SUNSET   513 PM PST


-  INDICATES NEGATIVE NUMBERS.
R  INDICATES RECORD WAS SET OR TIED.
MM INDICATES DATA IS MISSING.
T  INDICATES TRACE AMOUNT.




$$
