000
CDUS46 KPQR 271142
CLISLE


CLIMATE REPORT
NATIONAL WEATHER SERVICE PORTLAND OREGON
441 AM PDT WED JUL 27 2016


...................................

...THE SALEM OR CLIMATE SUMMARY FOR JULY 26 2016...

CLIMATE NORMAL PERIOD 1981 TO 2010
CLIMATE RECORD PERIOD 1892 TO 2016


WEATHER ITEM   OBSERVED TIME   RECORD YEAR NORMAL DEPARTURE LAST
                VALUE   (LST)  VALUE       VALUE  FROM      YEAR
                                                  NORMAL
..................................................................
TEMPERATURE (F)
 YESTERDAY
  MAXIMUM         88    403 PM 103    1988  84      4       74
                                      1939
  MINIMUM         56    349 AM  38    1920  54      2       52
  AVERAGE         72                        69      3       63

PRECIPITATION (IN)
  YESTERDAY        0.00          0.41 1947   0.01  -0.01      T
  MONTH TO DATE    0.45                      0.41   0.04     0.01
  SINCE OCT 1     45.30                     37.89   7.41    32.82
  SINCE JAN 1     21.75                     21.50   0.25    15.28

DEGREE DAYS
 HEATING
  YESTERDAY        0                         0      0        2
  MONTH TO DATE    5                        30    -25        2
  SINCE JUN 1     83                       160    -77       24
  SINCE JUL 1      5                        30    -25        2

 COOLING
  YESTERDAY        7                         4      3        0
  MONTH TO DATE   79                        85     -6      204
  SINCE JUN 1    170                       113     57      364
  SINCE JAN 1    191                       122     69      377
..................................................................


WIND (MPH)
  HIGHEST WIND SPEED    15   HIGHEST WIND DIRECTION     N (10)
  HIGHEST GUST SPEED    20   HIGHEST GUST DIRECTION     N (360)
  AVERAGE WIND SPEED     7.5


SKY COVER
  POSSIBLE SUNSHINE  MM
  AVERAGE SKY COVER 0.1


WEATHER CONDITIONS
 THE FOLLOWING WEATHER WAS RECORDED YESTERDAY.
  NO SIGNIFICANT WEATHER WAS OBSERVED.


RELATIVE HUMIDITY (PERCENT)
 HIGHEST    84           600 AM
 LOWEST     30           300 PM
 AVERAGE    57

..........................................................


THE SALEM OR CLIMATE NORMALS FOR TODAY
                         NORMAL    RECORD    YEAR
 MAXIMUM TEMPERATURE (F)   84       104      1958
 MINIMUM TEMPERATURE (F)   54        40      1931
                                             1930


SUNRISE AND SUNSET
JULY 27 2016..........SUNRISE   553 AM PDT   SUNSET   844 PM PDT
JULY 28 2016..........SUNRISE   554 AM PDT   SUNSET   842 PM PDT


-  INDICATES NEGATIVE NUMBERS.
R  INDICATES RECORD WAS SET OR TIED.
MM INDICATES DATA IS MISSING.
T  INDICATES TRACE AMOUNT.




$$
