000
CDUS46 KPQR 211141
CLISLE


CLIMATE REPORT
NATIONAL WEATHER SERVICE PORTLAND OREGON
441 AM PDT SAT OCT 21 2017


...................................

...THE SALEM OR CLIMATE SUMMARY FOR OCTOBER 20 2017...

CLIMATE NORMAL PERIOD 1981 TO 2010
CLIMATE RECORD PERIOD 1892 TO 2017


WEATHER ITEM   OBSERVED TIME   RECORD YEAR NORMAL DEPARTURE LAST
                VALUE   (LST)  VALUE       VALUE  FROM      YEAR
                                                  NORMAL
..................................................................
TEMPERATURE (F)
 YESTERDAY
  MAXIMUM         54    306 PM  77    2003  62     -8       62
  MINIMUM         45   1208 PM  25    1919  42      3       55
  AVERAGE         50                        52     -2       59

PRECIPITATION (IN)
  YESTERDAY        0.60          1.76 1943   0.11   0.49     0.27
  MONTH TO DATE    2.68                      1.57   1.11     9.05
  SINCE OCT 1      2.68                      1.57   1.11     9.05
  SINCE JAN 1     38.49                     24.85  13.64    32.76

DEGREE DAYS
 HEATING
  YESTERDAY       15                        13      2        6
  MONTH TO DATE  229                       203     26      183
  SINCE SEP 1    310                       312     -2      273
  SINCE JUL 1    312                       368    -56      288

 COOLING
  YESTERDAY        0                         0      0        0
  MONTH TO DATE    0                         0      0        0
  SINCE SEP 1    127                        37     90       19
  SINCE JAN 1    647                       289    358      465
..................................................................


WIND (MPH)
  HIGHEST WIND SPEED    20   HIGHEST WIND DIRECTION     W (260)
  HIGHEST GUST SPEED    25   HIGHEST GUST DIRECTION     S (190)
  AVERAGE WIND SPEED    10.6


SKY COVER
  POSSIBLE SUNSHINE  MM
  AVERAGE SKY COVER 0.8


WEATHER CONDITIONS
 THE FOLLOWING WEATHER WAS RECORDED YESTERDAY.
  HEAVY RAIN
  RAIN
  LIGHT RAIN
  FOG
  HAZE


RELATIVE HUMIDITY (PERCENT)
 HIGHEST    86           100 AM
 LOWEST     66           300 PM
 AVERAGE    76

..........................................................


THE SALEM OR CLIMATE NORMALS FOR TODAY
                         NORMAL    RECORD    YEAR
 MAXIMUM TEMPERATURE (F)   62        80      2003
 MINIMUM TEMPERATURE (F)   41        28      1933


SUNRISE AND SUNSET
OCTOBER 21 2017.......SUNRISE   736 AM PDT   SUNSET   616 PM PDT
OCTOBER 22 2017.......SUNRISE   737 AM PDT   SUNSET   615 PM PDT


-  INDICATES NEGATIVE NUMBERS.
R  INDICATES RECORD WAS SET OR TIED.
MM INDICATES DATA IS MISSING.
T  INDICATES TRACE AMOUNT.




$$
