000
CDUS46 KPQR 231425
CLISLE


CLIMATE REPORT
NATIONAL WEATHER SERVICE PORTLAND OREGON
724 AM PDT FRI JUN 23 2017


...................................

...THE SALEM OR CLIMATE SUMMARY FOR JUNE 22 2017...

CLIMATE NORMAL PERIOD 1981 TO 2010
CLIMATE RECORD PERIOD 1892 TO 2017


WEATHER ITEM   OBSERVED TIME   RECORD YEAR NORMAL DEPARTURE LAST
                VALUE   (LST)  VALUE       VALUE  FROM      YEAR
                                                  NORMAL
..................................................................
TEMPERATURE (F)
 YESTERDAY
  MAXIMUM         86    349 PM 105    1992  75     11       82
  MINIMUM         51    344 AM  36    1984  50      1       50
  AVERAGE         69                        63      6       66

PRECIPITATION (IN)
  YESTERDAY        0.00          0.66 1913   0.03  -0.03      T
  MONTH TO DATE    0.74                      1.30  -0.56     0.61
  SINCE OCT 1     56.60                     37.23  19.37    44.47
  SINCE JAN 1     33.30                     20.84  12.46    20.92

DEGREE DAYS
 HEATING
  YESTERDAY        0                         4     -4        0
  MONTH TO DATE   81                       107    -26       69
  SINCE JUN 1     81                       107    -26       69
  SINCE JUL 1   4417                      4630   -213     3595

 COOLING
  YESTERDAY        4                         1      3        1
  MONTH TO DATE   25                        16      9       66
  SINCE JUN 1     25                        16      9       66
  SINCE JAN 1     52                        25     27       87
..................................................................


WIND (MPH)
  HIGHEST WIND SPEED    23   HIGHEST WIND DIRECTION     N (20)
  HIGHEST GUST SPEED    28   HIGHEST GUST DIRECTION     N (20)
  AVERAGE WIND SPEED    11.5


SKY COVER
  POSSIBLE SUNSHINE  MM
  AVERAGE SKY COVER 0.0


WEATHER CONDITIONS
 THE FOLLOWING WEATHER WAS RECORDED YESTERDAY.
  NO SIGNIFICANT WEATHER WAS OBSERVED.


RELATIVE HUMIDITY (PERCENT)
 HIGHEST    77           300 AM
 LOWEST     17           400 PM
 AVERAGE    47

..........................................................


THE SALEM OR CLIMATE NORMALS FOR TODAY
                         NORMAL    RECORD    YEAR
 MAXIMUM TEMPERATURE (F)   76        99      1992
 MINIMUM TEMPERATURE (F)   50        37      1935


SUNRISE AND SUNSET
JUNE 23 2017..........SUNRISE   526 AM PDT   SUNSET   902 PM PDT
JUNE 24 2017..........SUNRISE   527 AM PDT   SUNSET   902 PM PDT


-  INDICATES NEGATIVE NUMBERS.
R  INDICATES RECORD WAS SET OR TIED.
MM INDICATES DATA IS MISSING.
T  INDICATES TRACE AMOUNT.




$$
