000
CDUS46 KPQR 261142
CLISLE


CLIMATE REPORT
NATIONAL WEATHER SERVICE PORTLAND OREGON
341 AM PST FRI DEC 26 2014


...................................

...THE SALEM OR CLIMATE SUMMARY FOR DECEMBER 25 2014...

CLIMATE NORMAL PERIOD 1981 TO 2010
CLIMATE RECORD PERIOD 1892 TO 2014


WEATHER ITEM   OBSERVED TIME   RECORD YEAR NORMAL DEPARTURE LAST
                VALUE   (LST)  VALUE       VALUE  FROM      YEAR
                                                  NORMAL
..................................................................
TEMPERATURE (F)
 YESTERDAY
  MAXIMUM         52    132 PM  62    1980  45      7       38
  MINIMUM         39   1007 PM   5    1924  34      5       34
  AVERAGE         46                        39      7       36

PRECIPITATION (IN)
  YESTERDAY        T             1.67 1980   0.21  -0.21     0.00
  MONTH TO DATE    6.58                      5.63   0.95     1.27
  SINCE OCT 1     17.25                     15.16   2.09     4.58
  SINCE JAN 1     41.27                     38.44   2.83    23.58

DEGREE DAYS
 HEATING
  YESTERDAY       19                        26     -7       29
  MONTH TO DATE  454                       621   -167      727
  SINCE DEC 1    454                       621   -167      727
  SINCE JUL 1   1220                      1738   -518     1770

 COOLING
  YESTERDAY        0                         0      0        0
  MONTH TO DATE    0                         0      0        0
  SINCE DEC 1      0                         0      0        0
  SINCE JAN 1    605                       290    315      502
..................................................................


WIND (MPH)
  HIGHEST WIND SPEED    10   HIGHEST WIND DIRECTION     W (270)
  HIGHEST GUST SPEED    12   HIGHEST GUST DIRECTION     W (270)
  AVERAGE WIND SPEED     4.5


SKY COVER
  POSSIBLE SUNSHINE  MM
  AVERAGE SKY COVER 0.9


WEATHER CONDITIONS
 THE FOLLOWING WEATHER WAS RECORDED YESTERDAY.
  NO SIGNIFICANT WEATHER WAS OBSERVED.


RELATIVE HUMIDITY (PERCENT)
 HIGHEST    93           800 AM
 LOWEST     61           200 PM
 AVERAGE    77

..........................................................


THE SALEM OR CLIMATE NORMALS FOR TODAY
                         NORMAL    RECORD    YEAR
 MAXIMUM TEMPERATURE (F)   45        60      1980
 MINIMUM TEMPERATURE (F)   34         5      1924


SUNRISE AND SUNSET
DECEMBER 26 2014......SUNRISE   749 AM PST   SUNSET   437 PM PST
DECEMBER 27 2014......SUNRISE   749 AM PST   SUNSET   437 PM PST


-  INDICATES NEGATIVE NUMBERS.
R  INDICATES RECORD WAS SET OR TIED.
MM INDICATES DATA IS MISSING.
T  INDICATES TRACE AMOUNT.




$$
