000
CDUS41 KBTV 030524
CLISLK


CLIMATE REPORT
NATIONAL WEATHER SERVICE BURLINGTON VT
123 AM EDT WED JUN 3 2015


...................................

...THE SARANAC LAKE NY CLIMATE SUMMARY FOR JUNE 2 2015...

CLIMATE NORMAL PERIOD 1981 TO 2010
CLIMATE RECORD PERIOD 9999 TO 9999


WEATHER ITEM   OBSERVED TIME   NORMAL DEPARTURE LAST
                VALUE   (LST)  VALUE  FROM      YEAR
                                      NORMAL
......................................................
TEMPERATURE (F)
 YESTERDAY
  MAXIMUM         56   1225 PM  69    -13       84
  MINIMUM         33   1152 PM  43    -10       40
  AVERAGE         45            56    -11       62

PRECIPITATION (IN)
  YESTERDAY        0.01          0.13  -0.12     0.00
  MONTH TO DATE    0.66          0.25   0.41     0.00
  SINCE JUN 1      0.66          0.25   0.41     0.00
  SINCE JAN 1      8.45         12.60  -4.15    12.16

DEGREE DAYS
 HEATING
  YESTERDAY       20            10     10        3
  MONTH TO DATE   38            20     18       14
  SINCE JUN 1     38            20     18       14
  SINCE JUL 1   9350          9254     96     9776

 COOLING
  YESTERDAY        0             1     -1        0
  MONTH TO DATE    0             1     -1        0
  SINCE JUN 1      0             1     -1        0
  SINCE JAN 1     16             4     12        1
......................................................


WIND (MPH)
  HIGHEST WIND SPEED    13   HIGHEST WIND DIRECTION    NE (40)
  HIGHEST GUST SPEED    16   HIGHEST GUST DIRECTION     N (350)
  AVERAGE WIND SPEED     3.7


SKY COVER
  AVERAGE SKY COVER 0.9


WEATHER CONDITIONS
 THE FOLLOWING WEATHER WAS RECORDED YESTERDAY.
  LIGHT RAIN
  FOG
  FOG W/VISIBILITY <= 1/4 MILE


RELATIVE HUMIDITY (PERCENT)
 HIGHEST   100           300 AM
 LOWEST     77          1100 AM
 AVERAGE    89

..........................................................


THE SARANAC LAKE NY CLIMATE NORMALS FOR TODAY
                         NORMAL    RECORD    YEAR
 MAXIMUM TEMPERATURE (F)   69        82      2014
 MINIMUM TEMPERATURE (F)   44        28      2003


SUNRISE AND SUNSET
JUNE  3 2015..........SUNRISE   515 AM EDT   SUNSET   836 PM EDT
JUNE  4 2015..........SUNRISE   514 AM EDT   SUNSET   836 PM EDT


-  INDICATES NEGATIVE NUMBERS.
R  INDICATES RECORD WAS SET OR TIED.
MM INDICATES DATA IS MISSING.
T  INDICATES TRACE AMOUNT.




$$
