000
CDUS41 KBTV 280545
CLISLK


CLIMATE REPORT
NATIONAL WEATHER SERVICE BURLINGTON VT
142 AM EDT WED JUN 28 2017


...................................

...THE SARANAC LAKE NY CLIMATE SUMMARY FOR JUNE 27 2017...

CLIMATE NORMAL PERIOD 1981 TO 2010
CLIMATE RECORD PERIOD 9999 TO 9999


WEATHER ITEM   OBSERVED TIME   NORMAL DEPARTURE LAST
                VALUE   (LST)  VALUE  FROM      YEAR
                                      NORMAL
......................................................
TEMPERATURE (F)
 YESTERDAY
  MAXIMUM         62    107 PM  75    -13       75
  MINIMUM         38    456 AM  50    -12       66
  AVERAGE         50            62    -12       71

PRECIPITATION (IN)
  YESTERDAY        0.08          0.12  -0.04     0.02
  MONTH TO DATE    5.22          3.49   1.73     3.06
  SINCE JUN 1      5.22          3.49   1.73     3.06
  SINCE JAN 1     21.31         15.84   5.47    15.57

DEGREE DAYS
 HEATING
  YESTERDAY       15             4     11        0
  MONTH TO DATE  197           174     23      211
  SINCE JUN 1    197           174     23      211
  SINCE JUL 1   8422          9408   -986     8156

 COOLING
  YESTERDAY        0             1     -1        6
  MONTH TO DATE   16            26    -10       15
  SINCE JUN 1     16            26    -10       15
  SINCE JAN 1     22            29     -7       33
......................................................


WIND (MPH)
  HIGHEST WIND SPEED    14   HIGHEST WIND DIRECTION    SW (210)
  HIGHEST GUST SPEED    20   HIGHEST GUST DIRECTION    SW (220)
  AVERAGE WIND SPEED     5.3


SKY COVER
  AVERAGE SKY COVER 0.6


WEATHER CONDITIONS
 THE FOLLOWING WEATHER WAS RECORDED YESTERDAY.
  THUNDERSTORM
  LIGHT RAIN
  FOG
  FOG W/VISIBILITY <= 1/4 MILE


RELATIVE HUMIDITY (PERCENT)
 HIGHEST   100          1200 AM
 LOWEST     67           400 PM
 AVERAGE    84

..........................................................


THE SARANAC LAKE NY CLIMATE NORMALS FOR TODAY
                         NORMAL    RECORD    YEAR
 MAXIMUM TEMPERATURE (F)   75        87      2005
 MINIMUM TEMPERATURE (F)   50        42      2014


SUNRISE AND SUNSET
JUNE 28 2017..........SUNRISE   515 AM EDT   SUNSET   845 PM EDT
JUNE 29 2017..........SUNRISE   515 AM EDT   SUNSET   845 PM EDT


-  INDICATES NEGATIVE NUMBERS.
R  INDICATES RECORD WAS SET OR TIED.
MM INDICATES DATA IS MISSING.
T  INDICATES TRACE AMOUNT.




$$
