000
CDUS41 KBTV 210639
CLISLK


CLIMATE REPORT
NATIONAL WEATHER SERVICE BURLINGTON VT
117 AM EST TUE FEB 21 2017


...................................

...THE SARANAC LAKE NY CLIMATE SUMMARY FOR FEBRUARY 20 2017...

CLIMATE NORMAL PERIOD 1981 TO 2010
CLIMATE RECORD PERIOD 9999 TO 9999


WEATHER ITEM   OBSERVED TIME   NORMAL DEPARTURE LAST
                VALUE   (LST)  VALUE  FROM      YEAR
                                      NORMAL
......................................................
TEMPERATURE (F)
 YESTERDAY
  MAXIMUM         34    421 PM  29      5       40
  MINIMUM          7   1148 PM   2      5       31
  AVERAGE         21            16      5       36

PRECIPITATION (IN)
  YESTERDAY        0.00          0.06  -0.06     0.21
  MONTH TO DATE    1.03          1.19  -0.16     1.43
  SINCE DEC 1      5.63          5.61   0.02     6.07
  SINCE JAN 1      3.20          3.32  -0.12     2.12

DEGREE DAYS
 HEATING
  YESTERDAY       44            49     -5       29
  MONTH TO DATE  911          1019   -108      933
  SINCE DEC 1   3622          4046   -424     3281
  SINCE JUL 1   5464          6321   -857     5231

 COOLING
  YESTERDAY        0             0      0        0
  MONTH TO DATE    0             0      0        0
  SINCE DEC 1      0             0      0        0
  SINCE JAN 1      0             0      0        0
......................................................


WIND (MPH)
  HIGHEST WIND SPEED    16   HIGHEST WIND DIRECTION    NE (30)
  HIGHEST GUST SPEED    21   HIGHEST GUST DIRECTION    NE (30)
  AVERAGE WIND SPEED     5.2


SKY COVER
  AVERAGE SKY COVER 0.4


WEATHER CONDITIONS
 THE FOLLOWING WEATHER WAS RECORDED YESTERDAY.
  NO SIGNIFICANT WEATHER WAS OBSERVED.


RELATIVE HUMIDITY (PERCENT)
 HIGHEST    88          1100 PM
 LOWEST     25           500 PM
 AVERAGE    57

..........................................................


THE SARANAC LAKE NY CLIMATE NORMALS FOR TODAY
                         NORMAL    RECORD    YEAR
 MAXIMUM TEMPERATURE (F)   29        44      2003
 MINIMUM TEMPERATURE (F)    3       -19      2015


SUNRISE AND SUNSET
FEBRUARY 21 2017......SUNRISE   647 AM EST   SUNSET   534 PM EST
FEBRUARY 22 2017......SUNRISE   645 AM EST   SUNSET   536 PM EST


-  INDICATES NEGATIVE NUMBERS.
R  INDICATES RECORD WAS SET OR TIED.
MM INDICATES DATA IS MISSING.
T  INDICATES TRACE AMOUNT.




$$
