000
CDUS41 KBTV 280534
CLISLK


CLIMATE REPORT
NATIONAL WEATHER SERVICE BURLINGTON VT
133 AM EDT THU AUG 28 2014


...................................

...THE SARANAC LAKE NY CLIMATE SUMMARY FOR AUGUST 27 2014...

CLIMATE NORMAL PERIOD 1981 TO 2010
CLIMATE RECORD PERIOD 9999 TO 9999


WEATHER ITEM   OBSERVED TIME   NORMAL DEPARTURE LAST
                VALUE   (LST)  VALUE  FROM      YEAR
                                      NORMAL
......................................................
TEMPERATURE (F)
 YESTERDAY
  MAXIMUM         77    214 PM  73      4       73
  MINIMUM         55   1150 PM  47      8       58
  AVERAGE         66            60      6       66

PRECIPITATION (IN)
  YESTERDAY        T             0.14  -0.14     0.00
  MONTH TO DATE    2.84          3.60  -0.76     3.00
  SINCE JUN 1     13.68         11.64   2.04    17.72
  SINCE JAN 1     25.84         23.99   1.85    28.72

DEGREE DAYS
 HEATING
  YESTERDAY        0             6     -6        0
  MONTH TO DATE  127           122      5      143
  SINCE JUN 1    429           400     29      433
  SINCE JUL 1    262           216     46      213

 COOLING
  YESTERDAY        1             1      0        1
  MONTH TO DATE    4            27    -23       11
  SINCE JUN 1     63            99    -36      147
  SINCE JAN 1     64           102    -38      157
......................................................


WIND (MPH)
  HIGHEST WIND SPEED    14   HIGHEST WIND DIRECTION     W (280)
  HIGHEST GUST SPEED    19   HIGHEST GUST DIRECTION     W (280)
  AVERAGE WIND SPEED     5.2


SKY COVER
  AVERAGE SKY COVER 0.5


WEATHER CONDITIONS
 THE FOLLOWING WEATHER WAS RECORDED YESTERDAY.
  LIGHT RAIN
  FOG


RELATIVE HUMIDITY (PERCENT)
 HIGHEST    93           600 AM
 LOWEST     53           400 PM
 AVERAGE    73

..........................................................


THE SARANAC LAKE NY CLIMATE NORMALS FOR TODAY
                         NORMAL    RECORD    YEAR
 MAXIMUM TEMPERATURE (F)   73        MM        MM
 MINIMUM TEMPERATURE (F)   47        MM        MM


SUNRISE AND SUNSET
AUGUST 28 2014........SUNRISE   615 AM EDT   SUNSET   740 PM EDT
AUGUST 29 2014........SUNRISE   616 AM EDT   SUNSET   739 PM EDT


-  INDICATES NEGATIVE NUMBERS.
R  INDICATES RECORD WAS SET OR TIED.
MM INDICATES DATA IS MISSING.
T  INDICATES TRACE AMOUNT.




$$
