000
CDUS41 KBTV 270545
CLISLK


CLIMATE REPORT
NATIONAL WEATHER SERVICE BURLINGTON VT
1243 AM EST SAT DEC 27 2014


...................................

...THE SARANAC LAKE NY CLIMATE SUMMARY FOR DECEMBER 26 2014...

CLIMATE NORMAL PERIOD 1981 TO 2010
CLIMATE RECORD PERIOD 9999 TO 9999


WEATHER ITEM   OBSERVED TIME   NORMAL DEPARTURE LAST
                VALUE   (LST)  VALUE  FROM      YEAR
                                      NORMAL
......................................................
TEMPERATURE (F)
 YESTERDAY
  MAXIMUM         37    311 PM  26     11       23
  MINIMUM         33    506 PM   5     28       11
  AVERAGE         35            16     19       17

PRECIPITATION (IN)
  YESTERDAY        0.00          0.06  -0.06     0.01
  MONTH TO DATE    1.83          2.00  -0.17     2.31
  SINCE DEC 1      1.83          2.00  -0.17     2.31
  SINCE JAN 1     35.05         37.23  -2.18    41.16

DEGREE DAYS
 HEATING
  YESTERDAY       30            49    -19       48
  MONTH TO DATE 1036          1173   -137     1223
  SINCE DEC 1   1036          1173   -137     1223
  SINCE JUL 1   3200          3448   -248     3609

 COOLING
  YESTERDAY        0             0      0        0
  MONTH TO DATE    0             0      0        0
  SINCE DEC 1      0             0      0        0
  SINCE JAN 1     83           114    -31      187
......................................................


WIND (MPH)
  HIGHEST WIND SPEED    20   HIGHEST WIND DIRECTION     W (250)
  HIGHEST GUST SPEED    29   HIGHEST GUST DIRECTION    SW (230)
  AVERAGE WIND SPEED    10.1


SKY COVER
  AVERAGE SKY COVER 0.9


WEATHER CONDITIONS
 THE FOLLOWING WEATHER WAS RECORDED YESTERDAY.
  NO SIGNIFICANT WEATHER WAS OBSERVED.


RELATIVE HUMIDITY (PERCENT)
 HIGHEST    82           400 AM
 LOWEST     64           300 PM
 AVERAGE    73

..........................................................


THE SARANAC LAKE NY CLIMATE NORMALS FOR TODAY
                         NORMAL    RECORD    YEAR
 MAXIMUM TEMPERATURE (F)   26        MM        MM
 MINIMUM TEMPERATURE (F)    5        MM        MM


SUNRISE AND SUNSET
DECEMBER 27 2014......SUNRISE   732 AM EST   SUNSET   424 PM EST
DECEMBER 28 2014......SUNRISE   732 AM EST   SUNSET   425 PM EST


-  INDICATES NEGATIVE NUMBERS.
R  INDICATES RECORD WAS SET OR TIED.
MM INDICATES DATA IS MISSING.
T  INDICATES TRACE AMOUNT.




$$
