000
CDUS41 KBTV 180530
CLISLK


CLIMATE REPORT
NATIONAL WEATHER SERVICE BURLINGTON VT
128 AM EDT FRI AUG 18 2017


...................................

...THE SARANAC LAKE NY CLIMATE SUMMARY FOR AUGUST 17 2017...

CLIMATE NORMAL PERIOD 1981 TO 2010
CLIMATE RECORD PERIOD 9999 TO 9999


WEATHER ITEM   OBSERVED TIME   NORMAL DEPARTURE LAST
                VALUE   (LST)  VALUE  FROM      YEAR
                                      NORMAL
......................................................
TEMPERATURE (F)
 YESTERDAY
  MAXIMUM         74    320 PM  74      0       73
  MINIMUM         37    448 AM  49    -12       55
  AVERAGE         56            61     -5       64

PRECIPITATION (IN)
  YESTERDAY        0.00          0.15  -0.15     0.02
  MONTH TO DATE    2.24          2.21   0.03     2.43
  SINCE JUN 1     14.13         10.25   3.88     8.50
  SINCE JAN 1     30.22         22.60   7.62    21.01

DEGREE DAYS
 HEATING
  YESTERDAY        9             5      4        1
  MONTH TO DATE   65            69     -4       17
  SINCE JUN 1    375           347     28      305
  SINCE JUL 1    157           163     -6       90

 COOLING
  YESTERDAY        0             1     -1        0
  MONTH TO DATE    5            17    -12       46
  SINCE JUN 1     38            89    -51      110
  SINCE JAN 1     44            92    -48      128
......................................................


WIND (MPH)
  HIGHEST WIND SPEED    10   HIGHEST WIND DIRECTION    SW (220)
  HIGHEST GUST SPEED    12   HIGHEST GUST DIRECTION    SW (220)
  AVERAGE WIND SPEED     2.3


SKY COVER
  AVERAGE SKY COVER 0.2


WEATHER CONDITIONS
 THE FOLLOWING WEATHER WAS RECORDED YESTERDAY.
  FOG


RELATIVE HUMIDITY (PERCENT)
 HIGHEST   100          1200 AM
 LOWEST     41           300 PM
 AVERAGE    71

..........................................................


THE SARANAC LAKE NY CLIMATE NORMALS FOR TODAY
                         NORMAL    RECORD    YEAR
 MAXIMUM TEMPERATURE (F)   74        86      2015
                                             2009
 MINIMUM TEMPERATURE (F)   49        36      2005


SUNRISE AND SUNSET
AUGUST 18 2017........SUNRISE   604 AM EDT   SUNSET   757 PM EDT
AUGUST 19 2017........SUNRISE   605 AM EDT   SUNSET   755 PM EDT


-  INDICATES NEGATIVE NUMBERS.
R  INDICATES RECORD WAS SET OR TIED.
MM INDICATES DATA IS MISSING.
T  INDICATES TRACE AMOUNT.




$$
