084
CDUS41 KBTV 230520
CLISLK


CLIMATE REPORT
NATIONAL WEATHER SERVICE BURLINGTON VT
118 AM EDT SUN APR 23 2017


...................................

...THE SARANAC LAKE NY CLIMATE SUMMARY FOR APRIL 22 2017...

CLIMATE NORMAL PERIOD 1981 TO 2010
CLIMATE RECORD PERIOD 9999 TO 9999


WEATHER ITEM   OBSERVED TIME   NORMAL DEPARTURE LAST
                VALUE   (LST)  VALUE  FROM      YEAR
                                      NORMAL
......................................................
TEMPERATURE (F)
 YESTERDAY
  MAXIMUM         44    110 AM  54    -10       68
  MINIMUM         31   1159 PM  28      3       41
  AVERAGE         38            41     -3       55

PRECIPITATION (IN)
  YESTERDAY        0.02          0.09  -0.07     0.30
  MONTH TO DATE    2.41          2.07   0.34     2.54
  SINCE MAR 1      4.53          4.35   0.18     5.36
  SINCE JAN 1      9.07          8.09   0.98     9.24

DEGREE DAYS
 HEATING
  YESTERDAY       27            24      3       10
  MONTH TO DATE  512           632   -120      661
  SINCE MAR 1   1906          1889     17     1692
  SINCE JUL 1   7602          8594   -992     7287

 COOLING
  YESTERDAY        0             0      0        0
  MONTH TO DATE    0             0      0        0
  SINCE MAR 1      0             0      0        0
  SINCE JAN 1      0             0      0        0
......................................................


WIND (MPH)
  HIGHEST WIND SPEED    12   HIGHEST WIND DIRECTION    NW (300)
  HIGHEST GUST SPEED    20   HIGHEST GUST DIRECTION     W (280)
  AVERAGE WIND SPEED     4.3


SKY COVER
  AVERAGE SKY COVER 1.0


WEATHER CONDITIONS
 THE FOLLOWING WEATHER WAS RECORDED YESTERDAY.
  LIGHT RAIN
  FOG


RELATIVE HUMIDITY (PERCENT)
 HIGHEST   100          1000 PM
 LOWEST     79           500 AM
 AVERAGE    90

..........................................................


THE SARANAC LAKE NY CLIMATE NORMALS FOR TODAY
                         NORMAL    RECORD    YEAR
 MAXIMUM TEMPERATURE (F)   54        78      2001
 MINIMUM TEMPERATURE (F)   29        18      2013


SUNRISE AND SUNSET
APRIL 23 2017.........SUNRISE   559 AM EDT   SUNSET   751 PM EDT
APRIL 24 2017.........SUNRISE   558 AM EDT   SUNSET   753 PM EDT


-  INDICATES NEGATIVE NUMBERS.
R  INDICATES RECORD WAS SET OR TIED.
MM INDICATES DATA IS MISSING.
T  INDICATES TRACE AMOUNT.




$$
