000
CDUS41 KBTV 280539
CLISLK


CLIMATE REPORT
NATIONAL WEATHER SERVICE BURLINGTON VT
136 AM EDT FRI AUG 28 2015


...................................

...THE SARANAC LAKE NY CLIMATE SUMMARY FOR AUGUST 27 2015...

CLIMATE NORMAL PERIOD 1981 TO 2010
CLIMATE RECORD PERIOD 9999 TO 9999


WEATHER ITEM   OBSERVED TIME   NORMAL DEPARTURE LAST
                VALUE   (LST)  VALUE  FROM      YEAR
                                      NORMAL
......................................................
TEMPERATURE (F)
 YESTERDAY
  MAXIMUM         66    355 PM  73     -7       77
  MINIMUM         51   1139 PM  47      4       55
  AVERAGE         59            60     -1       66

PRECIPITATION (IN)
  YESTERDAY        0.04          0.14  -0.10      T
  MONTH TO DATE    3.40          3.60  -0.20     2.84
  SINCE JUN 1     16.26         11.64   4.62    13.68
  SINCE JAN 1     24.05         23.99   0.06    25.84

DEGREE DAYS
 HEATING
  YESTERDAY        6             6      0        0
  MONTH TO DATE   80           122    -42      127
  SINCE JUN 1    371           400    -29      429
  SINCE JUL 1    175           216    -41      262

 COOLING
  YESTERDAY        0             1     -1        1
  MONTH TO DATE   31            27      4        4
  SINCE JUN 1     87            99    -12       63
  SINCE JAN 1    103           102      1       64
......................................................


WIND (MPH)
  HIGHEST WIND SPEED    14   HIGHEST WIND DIRECTION    SW (240)
  HIGHEST GUST SPEED    24   HIGHEST GUST DIRECTION    SW (240)
  AVERAGE WIND SPEED     4.9


SKY COVER
  AVERAGE SKY COVER 0.8


WEATHER CONDITIONS
 THE FOLLOWING WEATHER WAS RECORDED YESTERDAY.
  LIGHT RAIN
  FOG


RELATIVE HUMIDITY (PERCENT)
 HIGHEST   100           700 AM
 LOWEST     58           400 PM
 AVERAGE    79

..........................................................


THE SARANAC LAKE NY CLIMATE NORMALS FOR TODAY
                         NORMAL    RECORD    YEAR
 MAXIMUM TEMPERATURE (F)   73        83      2013
 MINIMUM TEMPERATURE (F)   47        33      2003


SUNRISE AND SUNSET
AUGUST 28 2015........SUNRISE   615 AM EDT   SUNSET   741 PM EDT
AUGUST 29 2015........SUNRISE   616 AM EDT   SUNSET   739 PM EDT


-  INDICATES NEGATIVE NUMBERS.
R  INDICATES RECORD WAS SET OR TIED.
MM INDICATES DATA IS MISSING.
T  INDICATES TRACE AMOUNT.




$$
