000
CDUS41 KBTV 200527
CLISLK


CLIMATE REPORT
NATIONAL WEATHER SERVICE BURLINGTON VT
126 AM EDT SUN APR 20 2014


...................................

...THE SARANAC LAKE NY CLIMATE SUMMARY FOR APRIL 19 2014...

CLIMATE NORMAL PERIOD 1981 TO 2010
CLIMATE RECORD PERIOD 9999 TO 9999


WEATHER ITEM   OBSERVED TIME   NORMAL DEPARTURE LAST
                VALUE   (LST)  VALUE  FROM      YEAR
                                      NORMAL
......................................................
TEMPERATURE (F)
 YESTERDAY
  MAXIMUM         44    441 PM  52     -8       68
  MINIMUM         20   1159 PM  27     -7       36
  AVERAGE         32            40     -8       52

PRECIPITATION (IN)
  YESTERDAY        0.01          0.10  -0.09     0.40
  MONTH TO DATE    2.18          1.78   0.40     2.19
  SINCE MAR 1      3.81          4.06  -0.25     3.04
  SINCE JAN 1      6.43          7.80  -1.37     4.93

DEGREE DAYS
 HEATING
  YESTERDAY       33            25      8       13
  MONTH TO DATE  553           558     -5      561
  SINCE MAR 1   2105          1815    290     1822
  SINCE JUL 1   9089          8520    569     8079

 COOLING
  YESTERDAY        0             0      0        0
  MONTH TO DATE    0             0      0        0
  SINCE MAR 1      0             0      0        0
  SINCE JAN 1      0             0      0        0
......................................................


WIND (MPH)
  HIGHEST WIND SPEED    13   HIGHEST WIND DIRECTION    NW (320)
  HIGHEST GUST SPEED    21   HIGHEST GUST DIRECTION    NW (330)
  AVERAGE WIND SPEED     5.4


SKY COVER
  AVERAGE SKY COVER 0.7


WEATHER CONDITIONS
 THE FOLLOWING WEATHER WAS RECORDED YESTERDAY.
  FOG
  FOG W/VISIBILITY <= 1/4 MILE


RELATIVE HUMIDITY (PERCENT)
 HIGHEST   100          1200 AM
 LOWEST     39           600 PM
 AVERAGE    70

..........................................................


THE SARANAC LAKE NY CLIMATE NORMALS FOR TODAY
                         NORMAL    RECORD    YEAR
 MAXIMUM TEMPERATURE (F)   53        MM        MM
 MINIMUM TEMPERATURE (F)   28        MM        MM


SUNRISE AND SUNSET
APRIL 20 2014.........SUNRISE   605 AM EDT   SUNSET   747 PM EDT
APRIL 21 2014.........SUNRISE   603 AM EDT   SUNSET   749 PM EDT


-  INDICATES NEGATIVE NUMBERS.
R  INDICATES RECORD WAS SET OR TIED.
MM INDICATES DATA IS MISSING.
T  INDICATES TRACE AMOUNT.




$$
