000
CDUS43 KICT 211200
CLISLN


CLIMATE REPORT
NATIONAL WEATHER SERVICE WICHITA KS
700 AM CDT THU SEP 21 2017


...................................

...THE SALINA KS CLIMATE SUMMARY FOR SEPTEMBER 20 2017...

CLIMATE NORMAL PERIOD 1981 TO 2010
CLIMATE RECORD PERIOD 1894 TO 2017


WEATHER ITEM   OBSERVED TIME   RECORD YEAR NORMAL DEPARTURE LAST
                VALUE   (LST)  VALUE       VALUE  FROM      YEAR
                                                  NORMAL
..................................................................
TEMPERATURE (F)
 YESTERDAY
  MAXIMUM         89    340 PM  96    2016  80      9       96
                                      1955
  MINIMUM         65    709 AM  28    1918  56      9       66
  AVERAGE         77                        68      9       81

PRECIPITATION (IN)
  YESTERDAY        0.00          2.48 1965   0.08  -0.08     0.00
  MONTH TO DATE    0.52                      1.81  -1.29     0.85
  SINCE SEP 1      0.52                      1.81  -1.29     0.85
  SINCE JAN 1     18.23                     26.15  -7.92    23.29

DEGREE DAYS
 HEATING
  YESTERDAY        0                         2     -2        0
  MONTH TO DATE    0                        17    -17        0
  SINCE SEP 1      0                        17    -17        0
  SINCE JUL 1      0                        18    -18        0

 COOLING
  YESTERDAY       12                         5      7       16
  MONTH TO DATE  218                       165     53      201
  SINCE SEP 1    218                       165     53      201
  SINCE JAN 1   1799                      1572    227     1871
..................................................................


WIND (MPH)
  HIGHEST WIND SPEED    28   HIGHEST WIND DIRECTION     S (190)
  HIGHEST GUST SPEED    37   HIGHEST GUST DIRECTION     S (190)
  AVERAGE WIND SPEED     8.8


SKY COVER
  POSSIBLE SUNSHINE  MM
  AVERAGE SKY COVER 0.0


WEATHER CONDITIONS
 THE FOLLOWING WEATHER WAS RECORDED YESTERDAY.
  NO SIGNIFICANT WEATHER WAS OBSERVED.


RELATIVE HUMIDITY (PERCENT)
 HIGHEST    67           700 AM
 LOWEST     31           200 PM
 AVERAGE    49

..........................................................


THE SALINA KS CLIMATE NORMALS FOR TODAY
                         NORMAL    RECORD    YEAR
 MAXIMUM TEMPERATURE (F)   79       103      1956
 MINIMUM TEMPERATURE (F)   56        36      1917


SUNRISE AND SUNSET
SEPTEMBER 21 2017.....SUNRISE   718 AM CDT   SUNSET   729 PM CDT
SEPTEMBER 22 2017.....SUNRISE   719 AM CDT   SUNSET   727 PM CDT


-  INDICATES NEGATIVE NUMBERS.
R  INDICATES RECORD WAS SET OR TIED.
MM INDICATES DATA IS MISSING.
T  INDICATES TRACE AMOUNT.




$$
