000
CDUS43 KICT 160624
CLISLN


CLIMATE REPORT
NATIONAL WEATHER SERVICE WICHITA KS
1224 AM CST TUE JAN 16 2018


...................................

...THE SALINA KS CLIMATE SUMMARY FOR JANUARY 15 2018...

CLIMATE NORMAL PERIOD 1981 TO 2010
CLIMATE RECORD PERIOD 1894 TO 2018


WEATHER ITEM   OBSERVED TIME   RECORD YEAR NORMAL DEPARTURE LAST
                VALUE   (LST)  VALUE       VALUE  FROM      YEAR
                                                  NORMAL
..................................................................
TEMPERATURE (F)
 YESTERDAY
  MAXIMUM         37   1205 AM  66    1921  41     -4       MM
  MINIMUM          4   1137 PM -15    1905  20    -16       MM
  AVERAGE         21                        31    -10       MM

PRECIPITATION (IN)
  YESTERDAY        0.03          1.65 2017   0.02   0.01     1.65
  MONTH TO DATE    0.13                      0.24  -0.11     1.85
  SINCE DEC 1      0.18                      1.18  -1.00     2.70
  SINCE JAN 1      0.13                      0.24  -0.11     1.85

DEGREE DAYS
 HEATING
  YESTERDAY       44                        34     10       MM
  MONTH TO DATE  565                       510     55      181
  SINCE DEC 1   1498                      1522    -24     1207
  SINCE JUL 1   2254                      2474   -220     1750

 COOLING
  YESTERDAY        0                         0      0       MM
  MONTH TO DATE    0                         0      0        0
  SINCE DEC 1      0                         0      0        0
  SINCE JAN 1      0                         0      0        0
..................................................................


WIND (MPH)
  HIGHEST WIND SPEED    31   HIGHEST WIND DIRECTION     N (360)
  HIGHEST GUST SPEED    36   HIGHEST GUST DIRECTION     N (350)
  AVERAGE WIND SPEED    18.2


SKY COVER
  POSSIBLE SUNSHINE  MM
  AVERAGE SKY COVER 0.5


WEATHER CONDITIONS
 THE FOLLOWING WEATHER WAS RECORDED YESTERDAY.
  LIGHT RAIN
  LIGHT SNOW
  FOG
  HAZE
  BLOWING SNOW


RELATIVE HUMIDITY (PERCENT)
 HIGHEST   100           400 AM
 LOWEST     58           100 PM
 AVERAGE    79

..........................................................


THE SALINA KS CLIMATE NORMALS FOR TODAY
                         NORMAL    RECORD    YEAR
 MAXIMUM TEMPERATURE (F)   42        69      1951
 MINIMUM TEMPERATURE (F)   20        -9      1905


SUNRISE AND SUNSET
JANUARY 16 2018.......SUNRISE   747 AM CST   SUNSET   534 PM CST
JANUARY 17 2018.......SUNRISE   747 AM CST   SUNSET   535 PM CST


-  INDICATES NEGATIVE NUMBERS.
R  INDICATES RECORD WAS SET OR TIED.
MM INDICATES DATA IS MISSING.
T  INDICATES TRACE AMOUNT.




$$
