000
CDUS43 KICT 290631
CLISLN


CLIMATE REPORT
NATIONAL WEATHER SERVICE WICHITA KS
130 AM CDT MON MAY 29 2017


...................................

...THE SALINA KS CLIMATE SUMMARY FOR MAY 28 2017...

CLIMATE NORMAL PERIOD 1981 TO 2010
CLIMATE RECORD PERIOD 1894 TO 2017


WEATHER ITEM   OBSERVED TIME   RECORD YEAR NORMAL DEPARTURE LAST
                VALUE   (LST)  VALUE       VALUE  FROM      YEAR
                                                  NORMAL
..................................................................
TEMPERATURE (F)
 YESTERDAY
  MAXIMUM         83    509 PM  95    2006  80      3       80
  MINIMUM         56    543 AM  40    1992  58     -2       59
  AVERAGE         70                        69      1       70

PRECIPITATION (IN)
  YESTERDAY        0.00          1.14 1982   0.18  -0.18     0.19
  MONTH TO DATE    3.71                      4.23  -0.52     4.56
  SINCE MAR 1     10.98                      9.67   1.31     9.63
  SINCE JAN 1     13.08                     11.47   1.61    10.87

DEGREE DAYS
 HEATING
  YESTERDAY        0                         1     -1        0
  MONTH TO DATE   76                        93    -17      100
  SINCE MAR 1    785                      1020   -235      732
  SINCE JUL 1   3453                      4861  -1408     3718

 COOLING
  YESTERDAY        5                         5      0        5
  MONTH TO DATE   92                        85      7       72
  SINCE MAR 1    143                       110     33      106
  SINCE JAN 1    143                       110     33      106
..................................................................


WIND (MPH)
  HIGHEST WIND SPEED    21   HIGHEST WIND DIRECTION    NW (330)
  HIGHEST GUST SPEED    28   HIGHEST GUST DIRECTION    NW (300)
  AVERAGE WIND SPEED     8.0


SKY COVER
  POSSIBLE SUNSHINE  MM
  AVERAGE SKY COVER 0.1


WEATHER CONDITIONS
 THE FOLLOWING WEATHER WAS RECORDED YESTERDAY.
  NO SIGNIFICANT WEATHER WAS OBSERVED.


RELATIVE HUMIDITY (PERCENT)
 HIGHEST    93           400 AM
 LOWEST     26           500 PM
 AVERAGE    60

..........................................................


THE SALINA KS CLIMATE NORMALS FOR TODAY
                         NORMAL    RECORD    YEAR
 MAXIMUM TEMPERATURE (F)   81        96      2000
 MINIMUM TEMPERATURE (F)   59        41      1984


SUNRISE AND SUNSET
MAY 29 2017...........SUNRISE   609 AM CDT   SUNSET   848 PM CDT
MAY 30 2017...........SUNRISE   608 AM CDT   SUNSET   849 PM CDT


-  INDICATES NEGATIVE NUMBERS.
R  INDICATES RECORD WAS SET OR TIED.
MM INDICATES DATA IS MISSING.
T  INDICATES TRACE AMOUNT.




$$
