000
CDUS46 KLOX 010904
CLISMX


CLIMATE REPORT
NATIONAL WEATHER SERVICE LOS ANGELES/OXNARD CA
204 AM PDT MON SEP 1 2014


...................................

...THE SANTA MARIA AIRPORT CA CLIMATE SUMMARY FOR AUGUST 31 2014...

CLIMATE NORMAL PERIOD 1981 TO 2010
CLIMATE RECORD PERIOD 1906 TO 2014


WEATHER ITEM   OBSERVED TIME   RECORD YEAR NORMAL DEPARTURE LAST
                VALUE   (LST)  VALUE       VALUE  FROM      YEAR
                                                  NORMAL
..................................................................
TEMPERATURE (F)
 YESTERDAY
  MAXIMUM         78   1246 PM  94    1947  74      4       86
  MINIMUM         57    548 AM  44    1925  54      3       61
  AVERAGE         68                        64      4       74

PRECIPITATION (IN)
  YESTERDAY        0.00          0.10 1964   0.00   0.00     0.00
  MONTH TO DATE    T                         0.02  -0.02      T
  SINCE JUL 1      T                         0.05  -0.05     0.01
  SINCE JAN 1      4.01                      9.76  -5.75     2.50

SNOWFALL (IN)
  YESTERDAY        0.0
  MONTH TO DATE    0.0
  SINCE JUN 1      0.0
  SINCE JUL 1      0.0

DEGREE DAYS
 HEATING
  YESTERDAY        0                         2     -2
  MONTH TO DATE    0                        62    -62
  SINCE JUN 1     60                       277   -217
  SINCE JUL 1      0                       136   -136

 COOLING
  YESTERDAY        3                         1      2
  MONTH TO DATE  115                        20     95
  SINCE JUN 1    239                        45    194
  SINCE JAN 1    345                        55    290
..................................................................


WIND (MPH)
  HIGHEST WIND SPEED    MM   HIGHEST WIND DIRECTION    MM
  HIGHEST GUST SPEED    MM   HIGHEST GUST DIRECTION    MM
  AVERAGE WIND SPEED     9.2


SKY COVER
  POSSIBLE SUNSHINE  MM
  AVERAGE SKY COVER 0.2


WEATHER CONDITIONS
 THE FOLLOWING WEATHER WAS RECORDED YESTERDAY.
  FOG
  HAZE


RELATIVE HUMIDITY (PERCENT)
 HIGHEST    84           700 AM
 LOWEST     48          1100 AM
 AVERAGE    66

..........................................................


THE SANTA MARIA AIRPORT CA CLIMATE NORMALS FOR TODAY
                         NORMAL    RECORD    YEAR
 MAXIMUM TEMPERATURE (F)   74       102      1955
 MINIMUM TEMPERATURE (F)   54        43      1917


SUNRISE AND SUNSET
SEPTEMBER  1 2014.....SUNRISE   635 AM PDT   SUNSET   728 PM PDT
SEPTEMBER  2 2014.....SUNRISE   635 AM PDT   SUNSET   727 PM PDT


-  INDICATES NEGATIVE NUMBERS.
R  INDICATES RECORD WAS SET OR TIED.
MM INDICATES DATA IS MISSING.
T  INDICATES TRACE AMOUNT.




$$
