000
CDUS46 KLOX 280907
CLISMX


CLIMATE REPORT
NATIONAL WEATHER SERVICE LOS ANGELES/OXNARD CA
107 AM PST FRI NOV 28 2014


...................................

...THE SANTA MARIA AIRPORT CA CLIMATE SUMMARY FOR NOVEMBER 27 2014...

CLIMATE NORMAL PERIOD 1981 TO 2010
CLIMATE RECORD PERIOD 1906 TO 2014


WEATHER ITEM   OBSERVED TIME   RECORD YEAR NORMAL DEPARTURE LAST
                VALUE   (LST)  VALUE       VALUE  FROM      YEAR
                                                  NORMAL
..................................................................
TEMPERATURE (F)
 YESTERDAY
  MAXIMUM         84R  1212 PM  84    1969  66     18       77
  MINIMUM         46    611 AM  30    1987  41      5       42
  AVERAGE         65                        53     12       60

PRECIPITATION (IN)
  YESTERDAY        0.00          0.38 1981   0.05  -0.05     0.00
  MONTH TO DATE    0.25                      1.18  -0.93     0.05
  SINCE JUL 1      1.32                      1.97  -0.65     0.24
  SINCE JAN 1      5.33                     11.68  -6.35     2.73

SNOWFALL (IN)
  YESTERDAY        0.0
  MONTH TO DATE    0.0
  SINCE SEP 1      0.0
  SINCE JUL 1      0.0

DEGREE DAYS
 HEATING
  YESTERDAY        0                        12    -12
  MONTH TO DATE   76                       245   -169
  SINCE SEP 1     80                       473   -393
  SINCE JUL 1     80                       609   -529

 COOLING
  YESTERDAY        0                         0      0
  MONTH TO DATE    7                         0      7
  SINCE SEP 1    221                        45    176
  SINCE JAN 1    566                       100    466
..................................................................


WIND (MPH)
  HIGHEST WIND SPEED    12   HIGHEST WIND DIRECTION    NW (300)
  HIGHEST GUST SPEED    13   HIGHEST GUST DIRECTION    NW (300)
  AVERAGE WIND SPEED     2.8


SKY COVER
  POSSIBLE SUNSHINE  MM
  AVERAGE SKY COVER 0.0


WEATHER CONDITIONS
 THE FOLLOWING WEATHER WAS RECORDED YESTERDAY.
  NO SIGNIFICANT WEATHER WAS OBSERVED.


RELATIVE HUMIDITY (PERCENT)
 HIGHEST    72           700 PM
 LOWEST     15          1200 PM
 AVERAGE    44

..........................................................


THE SANTA MARIA AIRPORT CA CLIMATE NORMALS FOR TODAY
                         NORMAL    RECORD    YEAR
 MAXIMUM TEMPERATURE (F)   66        85      1929
 MINIMUM TEMPERATURE (F)   41        24      1919


SUNRISE AND SUNSET
NOVEMBER 28 2014......SUNRISE   649 AM PST   SUNSET   451 PM PST
NOVEMBER 29 2014......SUNRISE   649 AM PST   SUNSET   451 PM PST


-  INDICATES NEGATIVE NUMBERS.
R  INDICATES RECORD WAS SET OR TIED.
MM INDICATES DATA IS MISSING.
T  INDICATES TRACE AMOUNT.




$$
