000
CDUS46 KLOX 210914
CLISMX


CLIMATE REPORT
NATIONAL WEATHER SERVICE LOS ANGELES/OXNARD CA
112 AM PST SUN JAN 21 2018


...................................

...THE SANTA MARIA AIRPORT CA CLIMATE SUMMARY FOR JANUARY 20 2018...

CLIMATE NORMAL PERIOD 1981 TO 2010
CLIMATE RECORD PERIOD 1906 TO 2018


WEATHER ITEM   OBSERVED TIME   RECORD YEAR NORMAL DEPARTURE LAST
                VALUE   (LST)  VALUE       VALUE  FROM      YEAR
                                                  NORMAL
..................................................................
TEMPERATURE (F)
 YESTERDAY
  MAXIMUM         59    228 PM  83    1976  64     -5       56
  MINIMUM         37    708 AM  25    1922  40     -3       47
  AVERAGE         48                        52     -4       52

PRECIPITATION (IN)
  YESTERDAY        0.00          1.18 1969   0.09  -0.09     0.91
  MONTH TO DATE    1.85                      1.75   0.10     4.99
  SINCE OCT 1      1.97                      5.80  -3.83     9.79
  SINCE JAN 1      1.85                      1.75   0.10     4.99

SNOWFALL (IN)
  YESTERDAY        0.0
  MONTH TO DATE    0.0
  SINCE DEC 1      0.0
  SINCE JUL 1      0.0

DEGREE DAYS
 HEATING
  YESTERDAY       17                        13      4
  MONTH TO DATE  127                       277   -150
  SINCE DEC 1    425                       703   -278
  SINCE JUL 1    698                      1349   -651

 COOLING
  YESTERDAY        0                         0      0
  MONTH TO DATE    0                         0      0
  SINCE DEC 1      0                         0      0
  SINCE JAN 1      0                         0      0
..................................................................


WIND (MPH)
  HIGHEST WIND SPEED    23   HIGHEST WIND DIRECTION    NW (300)
  HIGHEST GUST SPEED    27   HIGHEST GUST DIRECTION    NW (300)
  AVERAGE WIND SPEED     6.2


SKY COVER
  POSSIBLE SUNSHINE  MM
  AVERAGE SKY COVER 0.2


WEATHER CONDITIONS
 THE FOLLOWING WEATHER WAS RECORDED YESTERDAY.
  NO SIGNIFICANT WEATHER WAS OBSERVED.


RELATIVE HUMIDITY (PERCENT)
 HIGHEST    92           400 AM
 LOWEST     47          1200 PM
 AVERAGE    70

..........................................................


THE SANTA MARIA AIRPORT CA CLIMATE NORMALS FOR TODAY
                         NORMAL    RECORD    YEAR
 MAXIMUM TEMPERATURE (F)   64        79      1976
 MINIMUM TEMPERATURE (F)   40        26      1922


SUNRISE AND SUNSET
JANUARY 21 2018.......SUNRISE   707 AM PST   SUNSET   520 PM PST
JANUARY 22 2018.......SUNRISE   706 AM PST   SUNSET   521 PM PST


-  INDICATES NEGATIVE NUMBERS.
R  INDICATES RECORD WAS SET OR TIED.
MM INDICATES DATA IS MISSING.
T  INDICATES TRACE AMOUNT.




$$
