000
CDUS46 KLOX 270915
CLISMX


CLIMATE REPORT
NATIONAL WEATHER SERVICE LOS ANGELES/OXNARD CA
215 AM PDT SAT MAY 27 2017


...................................

...THE SANTA MARIA AIRPORT CA CLIMATE SUMMARY FOR MAY 26 2017...

CLIMATE NORMAL PERIOD 1981 TO 2010
CLIMATE RECORD PERIOD 1906 TO 2017


WEATHER ITEM   OBSERVED TIME   RECORD YEAR NORMAL DEPARTURE LAST
                VALUE   (LST)  VALUE       VALUE  FROM      YEAR
                                                  NORMAL
..................................................................
TEMPERATURE (F)
 YESTERDAY
  MAXIMUM         67    222 PM  84    1974  69     -2       67
  MINIMUM         51   1159 PM  36    1929  48      3       49
  AVERAGE         59                        59      0       58

PRECIPITATION (IN)
  YESTERDAY        0.00          0.25 1934   0.01  -0.01     0.00
  MONTH TO DATE    0.34                      0.29   0.05     0.24
  SINCE OCT 1     18.44                     13.70   4.74     9.00
  SINCE JAN 1     13.64                      9.65   3.99     7.12

SNOWFALL (IN)
  YESTERDAY        0.0
  MONTH TO DATE    0.0
  SINCE MAR 1      0.0
  SINCE JUL 1      0.0

DEGREE DAYS
 HEATING
  YESTERDAY        6                         7     -1
  MONTH TO DATE  153                       192    -39
  SINCE MAR 1    593                       818   -225
  SINCE JUL 1   2317                      2651   -334

 COOLING
  YESTERDAY        0                         0      0
  MONTH TO DATE    4                         0      4
  SINCE MAR 1     14                         5      9
  SINCE JAN 1     14                         6      8
..................................................................


WIND (MPH)
  HIGHEST WIND SPEED    16   HIGHEST WIND DIRECTION    NW (320)
  HIGHEST GUST SPEED    19   HIGHEST GUST DIRECTION    NW (320)
  AVERAGE WIND SPEED     6.6


SKY COVER
  POSSIBLE SUNSHINE  MM
  AVERAGE SKY COVER 0.8


WEATHER CONDITIONS
 THE FOLLOWING WEATHER WAS RECORDED YESTERDAY.
  NO SIGNIFICANT WEATHER WAS OBSERVED.


RELATIVE HUMIDITY (PERCENT)
 HIGHEST    93          1200 AM
 LOWEST     56           300 PM
 AVERAGE    75

..........................................................


THE SANTA MARIA AIRPORT CA CLIMATE NORMALS FOR TODAY
                         NORMAL    RECORD    YEAR
 MAXIMUM TEMPERATURE (F)   69        93      1973
 MINIMUM TEMPERATURE (F)   49        36      1918


SUNRISE AND SUNSET
MAY 27 2017...........SUNRISE   551 AM PDT   SUNSET   807 PM PDT
MAY 28 2017...........SUNRISE   551 AM PDT   SUNSET   808 PM PDT


-  INDICATES NEGATIVE NUMBERS.
R  INDICATES RECORD WAS SET OR TIED.
MM INDICATES DATA IS MISSING.
T  INDICATES TRACE AMOUNT.




$$
