000
CDUS46 KLOX 210113
CLISMX


CLIMATE REPORT
NATIONAL WEATHER SERVICE LOS ANGELES/OXNARD CA
613 PM PDT SAT SEP 20 2014


...................................

...THE SANTA MARIA AIRPORT CA CLIMATE SUMMARY FOR SEPTEMBER 20 2014...
VALID TODAY AS OF 0600 PM LOCAL TIME.

CLIMATE NORMAL PERIOD 1981 TO 2010
CLIMATE RECORD PERIOD 1906 TO 2014


WEATHER ITEM   OBSERVED TIME   RECORD YEAR NORMAL DEPARTURE LAST
                VALUE   (LST)  VALUE       VALUE  FROM      YEAR
                                                  NORMAL
..................................................................
TEMPERATURE (F)
 TODAY
  MAXIMUM         77   1258 PM 102    1943  74      3       72
  MINIMUM         63    645 AM  41    1954  52     11       53
  AVERAGE         70                        63      7       63

PRECIPITATION (IN)
  TODAY            0.00          0.01 2007   0.00   0.00     0.00
  MONTH TO DATE    0.00                      0.07  -0.07     0.00
  SINCE JUL 1      T                         0.12  -0.12     0.01
  SINCE JAN 1      4.01                      9.83  -5.82     2.50

SNOWFALL (IN)
  TODAY            0.0
  MONTH TO DATE    0.0
  SINCE SEP 1      0.0
  SINCE JUL 1      0.0

DEGREE DAYS
 HEATING
  TODAY            0                         3     -3
  MONTH TO DATE    0                        50    -50
  SINCE SEP 1      0                        50    -50
  SINCE JUL 1      0                       186   -186

 COOLING
  TODAY            5                         1      4
  MONTH TO DATE   66                        20     46
  SINCE SEP 1     66                        20     46
  SINCE JAN 1    411                        75    336
..................................................................


WIND (MPH)
  HIGHEST WIND SPEED    18   HIGHEST WIND DIRECTION    NW (330)
  HIGHEST GUST SPEED    22   HIGHEST GUST DIRECTION    NW (330)
  AVERAGE WIND SPEED     6.3


SKY COVER
  POSSIBLE SUNSHINE  MM
  AVERAGE SKY COVER 0.7


WEATHER CONDITIONS
 THE FOLLOWING WEATHER WAS RECORDED TODAY.
  FOG
  HAZE


RELATIVE HUMIDITY (PERCENT)
 HIGHEST    90           200 AM
 LOWEST     54           100 PM
 AVERAGE    72

..........................................................


THE SANTA MARIA AIRPORT CA CLIMATE NORMALS FOR TOMORROW
                         NORMAL    RECORD    YEAR
 MAXIMUM TEMPERATURE (F)   74        98      1939
 MINIMUM TEMPERATURE (F)   52        38      1926


SUNRISE AND SUNSET
SEPTEMBER 20 2014.....SUNRISE   648 AM PDT   SUNSET   701 PM PDT
SEPTEMBER 21 2014.....SUNRISE   649 AM PDT   SUNSET   700 PM PDT


-  INDICATES NEGATIVE NUMBERS.
R  INDICATES RECORD WAS SET OR TIED.
MM INDICATES DATA IS MISSING.
T  INDICATES TRACE AMOUNT.




$$
