000
CDUS46 KLOX 220111
CLISMX


CLIMATE REPORT
NATIONAL WEATHER SERVICE LOS ANGELES/OXNARD CA
611 PM PDT THU SEP 21 2017


...................................

...THE SANTA MARIA AIRPORT CA CLIMATE SUMMARY FOR SEPTEMBER 21 2017...
VALID TODAY AS OF 0600 PM LOCAL TIME.

CLIMATE NORMAL PERIOD 1981 TO 2010
CLIMATE RECORD PERIOD 1906 TO 2017


WEATHER ITEM   OBSERVED TIME   RECORD YEAR NORMAL DEPARTURE LAST
                VALUE   (LST)  VALUE       VALUE  FROM      YEAR
                                                  NORMAL
..................................................................
TEMPERATURE (F)
 TODAY
  MAXIMUM         69   1111 AM  98    1939  74     -5       71
  MINIMUM         56    433 AM  38    1926  52      4       51
  AVERAGE         63                        63      0       61

PRECIPITATION (IN)
  TODAY            0.00          0.32 1990   0.01  -0.01     0.00
  MONTH TO DATE    0.47                      0.08   0.39     0.00
  SINCE OCT 1     18.91                     13.89   5.02     9.00
  SINCE JAN 1     14.11                      9.84   4.27     7.12

SNOWFALL (IN)
  TODAY            0.0
  MONTH TO DATE    0.0
  SINCE SEP 1      0.0
  SINCE JUL 1      0.0

DEGREE DAYS
 HEATING
  TODAY            2                         3     -1
  MONTH TO DATE    5                        53    -48
  SINCE SEP 1      5                        53    -48
  SINCE JUL 1     46                       189   -143

 COOLING
  TODAY            0                         1     -1
  MONTH TO DATE  113                        21     92
  SINCE SEP 1    113                        21     92
  SINCE JAN 1    213                        76    137
..................................................................


WIND (MPH)
  HIGHEST WIND SPEED    33   HIGHEST WIND DIRECTION    NW (300)
  HIGHEST GUST SPEED    38   HIGHEST GUST DIRECTION     W (290)
  AVERAGE WIND SPEED    13.9


SKY COVER
  POSSIBLE SUNSHINE  MM
  AVERAGE SKY COVER 0.6


WEATHER CONDITIONS
 THE FOLLOWING WEATHER WAS RECORDED TODAY.
  FOG


RELATIVE HUMIDITY (PERCENT)
 HIGHEST   100          1200 AM
 LOWEST     55          1100 AM
 AVERAGE    78

..........................................................


THE SANTA MARIA AIRPORT CA CLIMATE NORMALS FOR TOMORROW
                         NORMAL    RECORD    YEAR
 MAXIMUM TEMPERATURE (F)   74       106      1939
 MINIMUM TEMPERATURE (F)   52        32      1918


SUNRISE AND SUNSET
SEPTEMBER 21 2017.....SUNRISE   649 AM PDT   SUNSET   659 PM PDT
SEPTEMBER 22 2017.....SUNRISE   650 AM PDT   SUNSET   658 PM PDT


-  INDICATES NEGATIVE NUMBERS.
R  INDICATES RECORD WAS SET OR TIED.
MM INDICATES DATA IS MISSING.
T  INDICATES TRACE AMOUNT.




$$
