000
CDUS46 KSGX 091519
CLISNA


CLIMATE REPORT
NATIONAL WEATHER SERVICE SAN DIEGO, CA
718 AM PST FRI DEC 9 2016


...................................

...THE JOHN WAYNE AIRPORT CA CLIMATE SUMMARY FOR DECEMBER 8 2016...

CLIMATE NORMAL PERIOD 1981 TO 2010
CLIMATE RECORD PERIOD 1999 TO 2016


WEATHER ITEM   OBSERVED TIME   RECORD YEAR NORMAL DEPARTURE LAST
                VALUE   (LST)  VALUE       VALUE  FROM      YEAR
                                                  NORMAL
..................................................................
TEMPERATURE (F)
 YESTERDAY
  MAXIMUM         65    254 PM  80    2001  66     -1       76
  MINIMUM         50    657 AM  37    2009  47      3       50
  AVERAGE         58                        56      2       63

PRECIPITATION (IN)
  YESTERDAY        0.00          0.10 2007   0.04  -0.04     0.00
  MONTH TO DATE    0.00                      0.31  -0.31     0.00
  SINCE OCT 1      2.24                      2.31  -0.07     0.19
  SINCE JAN 1      6.00                     11.56  -5.56     5.47

DEGREE DAYS
 HEATING
  YESTERDAY        7                         9     -2        2
  MONTH TO DATE   58                        63     -5       37
  SINCE DEC 1     58                        63     -5       37
  SINCE JUL 1    136                       216    -80      167

 COOLING
  YESTERDAY        0                         0      0        0
  MONTH TO DATE    0                         0      0        0
  SINCE DEC 1      0                         0      0        0
  SINCE JAN 1   1226                       876    350     1612
..................................................................


WIND (MPH)
  RESULTANT WIND SPEED   1   RESULTANT WIND DIRECTION   W (260)
  HIGHEST WIND SPEED    10   HIGHEST WIND DIRECTION    SW (220)
  HIGHEST GUST SPEED    12   HIGHEST GUST DIRECTION    SW (230)
  AVERAGE WIND SPEED     2.5


SKY COVER
  POSSIBLE SUNSHINE  MM
  AVERAGE SKY COVER 0.3


WEATHER CONDITIONS
 THE FOLLOWING WEATHER WAS RECORDED YESTERDAY.
  NO SIGNIFICANT WEATHER WAS OBSERVED.


RELATIVE HUMIDITY (PERCENT)
 HIGHEST    96           100 AM
 LOWEST     44           300 PM
 AVERAGE    70

..........................................................


THE JOHN WAYNE AIRPORT CA CLIMATE NORMALS FOR TODAY
                         NORMAL    RECORD    YEAR
 MAXIMUM TEMPERATURE (F)   66        76      2014
 MINIMUM TEMPERATURE (F)   47        41      2013


SUNRISE AND SUNSET
DECEMBER  9 2016......SUNRISE   645 AM PST   SUNSET   443 PM PST
DECEMBER 10 2016......SUNRISE   646 AM PST   SUNSET   444 PM PST


-  INDICATES NEGATIVE NUMBERS.
R  INDICATES RECORD WAS SET OR TIED.
MM INDICATES DATA IS MISSING.
T  INDICATES TRACE AMOUNT.




$$
