000
CDUS46 KSGX 300015
CLISNA


CLIMATE REPORT
NATIONAL WEATHER SERVICE SAN DIEGO, CA
515 PM PDT TUE JUL 29 2014


...................................

...THE JOHN WAYNE AIRPORT CA CLIMATE SUMMARY FOR JULY 29 2014...
VALID TODAY AS OF 0500 PM LOCAL TIME.

CLIMATE NORMAL PERIOD 1981 TO 2010
CLIMATE RECORD PERIOD 1999 TO 2014


WEATHER ITEM   OBSERVED TIME   RECORD YEAR NORMAL DEPARTURE LAST
                VALUE   (LST)  VALUE       VALUE  FROM      YEAR
                                                  NORMAL
..................................................................
TEMPERATURE (F)
 TODAY
  MAXIMUM         86R   247 PM  83    2006  79      7       76
  MINIMUM         71    509 AM  62    1999  65      6       65
  AVERAGE         79                        72      7       71

PRECIPITATION (IN)
  TODAY            0.00          0.01 2003   0.01  -0.01     0.00
  MONTH TO DATE    T                         0.04  -0.04     0.12
  SINCE JUL 1      T                         0.04  -0.04     0.12
  SINCE JAN 1      2.59                      9.00  -6.41     2.09

SNOWFALL (IN)
  TODAY            0.0
  MONTH TO DATE    0.0
  SINCE JAN 1      0.0
  SINCE JUL 1      0.0
  SNOW DEPTH       0

DEGREE DAYS
 HEATING
  TODAY            0                         0      0        0
  MONTH TO DATE    0                         0      0        0
  SINCE JUN 1      0                         7     -7        0
  SINCE JUL 1      0                         0      0        0

 COOLING
  TODAY           14                         7      7        6
  MONTH TO DATE  323                       177    146      216
  SINCE JUN 1    513                       253    260      331
  SINCE JAN 1    850                       320    530      411
..................................................................


WIND (MPH)
  RESULTANT WIND SPEED   4   RESULTANT WIND DIRECTION  SW (220)
  HIGHEST WIND SPEED    13   HIGHEST WIND DIRECTION    SW (220)
  HIGHEST GUST SPEED    16   HIGHEST GUST DIRECTION    SW (230)
  AVERAGE WIND SPEED     5.3


SKY COVER
  POSSIBLE SUNSHINE  MM
  AVERAGE SKY COVER 0.4


WEATHER CONDITIONS
 THE FOLLOWING WEATHER WAS RECORDED TODAY.
  NO SIGNIFICANT WEATHER WAS OBSERVED.


RELATIVE HUMIDITY (PERCENT)
 HIGHEST    79           100 AM
 LOWEST     34           200 PM
 AVERAGE    57

..........................................................


THE JOHN WAYNE AIRPORT CA CLIMATE NORMALS FOR TOMORROW
                         NORMAL    RECORD    YEAR
 MAXIMUM TEMPERATURE (F)   79        99      2003
 MINIMUM TEMPERATURE (F)   65        62      1999


SUNRISE AND SUNSET
JULY 29 2014..........SUNRISE   602 AM PDT   SUNSET   754 PM PDT
JULY 30 2014..........SUNRISE   602 AM PDT   SUNSET   753 PM PDT


-  INDICATES NEGATIVE NUMBERS.
R  INDICATES RECORD WAS SET OR TIED.
MM INDICATES DATA IS MISSING.
T  INDICATES TRACE AMOUNT.




$$
