000
CDUS46 KSGX 220118
CLISNA


CLIMATE REPORT
NATIONAL WEATHER SERVICE SAN DIEGO, CA
518 PM PST TUE NOV 21 2017


...................................

...THE JOHN WAYNE AIRPORT CA CLIMATE SUMMARY FOR NOVEMBER 21 2017...
VALID TODAY AS OF 0500 PM LOCAL TIME.

CLIMATE NORMAL PERIOD 1981 TO 2010
CLIMATE RECORD PERIOD 1999 TO 2017


WEATHER ITEM   OBSERVED TIME   RECORD YEAR NORMAL DEPARTURE LAST
                VALUE   (LST)  VALUE       VALUE  FROM      YEAR
                                                  NORMAL
..................................................................
TEMPERATURE (F)
 TODAY
  MAXIMUM         80    114 PM  87    2015  70     10       66
  MINIMUM         57    656 AM  45    2004  51      6       58
  AVERAGE         69                        60      9       62

PRECIPITATION (IN)
  TODAY            0.00          0.59 2004   0.04  -0.04     0.36
  MONTH TO DATE    T                         0.94  -0.94     0.59
  SINCE OCT 1      T                         1.69  -1.69     1.57
  SINCE JAN 1      9.69                     10.94  -1.25     5.33

DEGREE DAYS
 HEATING
  TODAY            0                         5     -5        3
  MONTH TO DATE   15                        70    -55       19
  SINCE SEP 1     15                        97    -82       20
  SINCE JUL 1     15                        97    -82       20

 COOLING
  TODAY            4                         0      4        0
  MONTH TO DATE   24                        22      2       73
  SINCE SEP 1    476                       305    171      448
  SINCE JAN 1   1262                       876    386     1226
..................................................................


WIND (MPH)
  RESULTANT WIND SPEED   1   RESULTANT WIND DIRECTION   S (200)
  HIGHEST WIND SPEED    10   HIGHEST WIND DIRECTION     S (190)
  HIGHEST GUST SPEED    14   HIGHEST GUST DIRECTION     S (190)
  AVERAGE WIND SPEED     2.5


SKY COVER
  POSSIBLE SUNSHINE  MM
  AVERAGE SKY COVER 0.4


WEATHER CONDITIONS
 THE FOLLOWING WEATHER WAS RECORDED TODAY.
  HAZE


RELATIVE HUMIDITY (PERCENT)
 HIGHEST    69          1200 AM
 LOWEST     30          1200 PM
 AVERAGE    50

..........................................................


THE JOHN WAYNE AIRPORT CA CLIMATE NORMALS FOR TOMORROW
                         NORMAL    RECORD    YEAR
 MAXIMUM TEMPERATURE (F)   70        84      2015
 MINIMUM TEMPERATURE (F)   50        45      2011


SUNRISE AND SUNSET
NOVEMBER 21 2017......SUNRISE   629 AM PST   SUNSET   445 PM PST
NOVEMBER 22 2017......SUNRISE   630 AM PST   SUNSET   445 PM PST


-  INDICATES NEGATIVE NUMBERS.
R  INDICATES RECORD WAS SET OR TIED.
MM INDICATES DATA IS MISSING.
T  INDICATES TRACE AMOUNT.




$$
