000
CDUS46 KSGX 230119
CLISNA


CLIMATE REPORT
NATIONAL WEATHER SERVICE SAN DIEGO, CA
519 PM PST THU FEB 22 2018


...................................

...THE JOHN WAYNE AIRPORT CA CLIMATE SUMMARY FOR FEBRUARY 22 2018...
VALID TODAY AS OF 0500 PM LOCAL TIME.

CLIMATE NORMAL PERIOD 1981 TO 2010
CLIMATE RECORD PERIOD 1999 TO 2018


WEATHER ITEM   OBSERVED TIME   RECORD YEAR NORMAL DEPARTURE LAST
                VALUE   (LST)  VALUE       VALUE  FROM      YEAR
                                                  NORMAL
..................................................................
TEMPERATURE (F)
 TODAY
  MAXIMUM         62    107 PM  88    2002  66     -4       62
  MINIMUM         45    241 AM  41    2013  49     -4       54
  AVERAGE         54                        58     -4       58

PRECIPITATION (IN)
  TODAY            T             1.12 2005   0.13  -0.13     0.00
  MONTH TO DATE    T                         2.24  -2.24     3.49
  SINCE OCT 1      1.11                      9.23  -8.12    15.42
  SINCE JAN 1      1.10                      5.15  -4.05     9.23

DEGREE DAYS
 HEATING
  TODAY           11                         7      4        7
  MONTH TO DATE  103                       173    -70      118
  SINCE DEC 1    361                       712   -351      596
  SINCE JUL 1    394                       865   -471      674

 COOLING
  TODAY            0                         0      0        0
  MONTH TO DATE    3                         0      3        0
  SINCE DEC 1     44                         6     38        0
  SINCE JAN 1     26                         5     21        0
..................................................................


WIND (MPH)
  RESULTANT WIND SPEED   4   RESULTANT WIND DIRECTION   S (180)
  HIGHEST WIND SPEED    16   HIGHEST WIND DIRECTION     S (200)
  HIGHEST GUST SPEED    20   HIGHEST GUST DIRECTION    SW (210)
  AVERAGE WIND SPEED     6.1


SKY COVER
  POSSIBLE SUNSHINE  MM
  AVERAGE SKY COVER 0.4


WEATHER CONDITIONS
 THE FOLLOWING WEATHER WAS RECORDED TODAY.
  LIGHT RAIN


RELATIVE HUMIDITY (PERCENT)
 HIGHEST    71           700 AM
 LOWEST     42           100 PM
 AVERAGE    57

..........................................................


THE JOHN WAYNE AIRPORT CA CLIMATE NORMALS FOR TOMORROW
                         NORMAL    RECORD    YEAR
 MAXIMUM TEMPERATURE (F)   66        79      2016
 MINIMUM TEMPERATURE (F)   49        43      2013
                                             2006


SUNRISE AND SUNSET
FEBRUARY 22 2018......SUNRISE   628 AM PST   SUNSET   542 PM PST
FEBRUARY 23 2018......SUNRISE   627 AM PST   SUNSET   543 PM PST


-  INDICATES NEGATIVE NUMBERS.
R  INDICATES RECORD WAS SET OR TIED.
MM INDICATES DATA IS MISSING.
T  INDICATES TRACE AMOUNT.




$$
