000
CDUS46 KSGX 011528
CLISNA


CLIMATE REPORT
NATIONAL WEATHER SERVICE SAN DIEGO, CA
728 AM PST WED MAR 1 2017


...................................

...THE JOHN WAYNE AIRPORT CA CLIMATE SUMMARY FOR FEBRUARY 28 2017...

CLIMATE NORMAL PERIOD 1981 TO 2010
CLIMATE RECORD PERIOD 1999 TO 2017


WEATHER ITEM   OBSERVED TIME   RECORD YEAR NORMAL DEPARTURE LAST
                VALUE   (LST)  VALUE       VALUE  FROM      YEAR
                                                  NORMAL
..................................................................
TEMPERATURE (F)
 YESTERDAY
  MAXIMUM         62    255 PM  85    2009  67     -5       71
  MINIMUM         48    654 AM  41    2011  50     -2       53
  AVERAGE         55                        58     -3       62

PRECIPITATION (IN)
  YESTERDAY        0.00          1.13 2014   0.09  -0.09     0.00
  MONTH TO DATE    3.78                      2.95   0.83     0.32
  SINCE OCT 1     15.71                      9.94   5.77     3.58
  SINCE JAN 1      9.52                      5.86   3.66     2.36

DEGREE DAYS
 HEATING
  YESTERDAY       10                         7      3        3
  MONTH TO DATE  185                       215    -30       92
  SINCE DEC 1    663                       753    -90      641
  SINCE JUL 1    741                       906   -165      771

 COOLING
  YESTERDAY        0                         0      0        0
  MONTH TO DATE    0                         3     -3       38
  SINCE DEC 1      0                         9     -9       38
  SINCE JAN 1      0                         8     -8       38
..................................................................


WIND (MPH)
  RESULTANT WIND SPEED   3   RESULTANT WIND DIRECTION  SW (210)
  HIGHEST WIND SPEED    13   HIGHEST WIND DIRECTION     S (190)
  HIGHEST GUST SPEED    17   HIGHEST GUST DIRECTION    SW (220)
  AVERAGE WIND SPEED     3.2


SKY COVER
  POSSIBLE SUNSHINE  MM
  AVERAGE SKY COVER 0.2


WEATHER CONDITIONS
 THE FOLLOWING WEATHER WAS RECORDED YESTERDAY.
  NO SIGNIFICANT WEATHER WAS OBSERVED.


RELATIVE HUMIDITY (PERCENT)
 HIGHEST   100           500 AM
 LOWEST     36           100 PM
 AVERAGE    68

..........................................................


THE JOHN WAYNE AIRPORT CA CLIMATE NORMALS FOR TODAY
                         NORMAL    RECORD    YEAR
 MAXIMUM TEMPERATURE (F)   67        83      2013
                                             2009
 MINIMUM TEMPERATURE (F)   50        41      2007


SUNRISE AND SUNSET
MARCH  1 2017.........SUNRISE   620 AM PST   SUNSET   548 PM PST
MARCH  2 2017.........SUNRISE   618 AM PST   SUNSET   549 PM PST


-  INDICATES NEGATIVE NUMBERS.
R  INDICATES RECORD WAS SET OR TIED.
MM INDICATES DATA IS MISSING.
T  INDICATES TRACE AMOUNT.




$$
