000
CDUS46 KSGX 180117
CLISNA


CLIMATE REPORT
NATIONAL WEATHER SERVICE SAN DIEGO, CA
517 PM PST TUE JAN 17 2017


...................................

...THE JOHN WAYNE AIRPORT CA CLIMATE SUMMARY FOR JANUARY 17 2017...
VALID TODAY AS OF 0500 PM LOCAL TIME.

CLIMATE NORMAL PERIOD 1981 TO 2010
CLIMATE RECORD PERIOD 1999 TO 2017


WEATHER ITEM   OBSERVED TIME   RECORD YEAR NORMAL DEPARTURE LAST
                VALUE   (LST)  VALUE       VALUE  FROM      YEAR
                                                  NORMAL
..................................................................
TEMPERATURE (F)
 TODAY
  MAXIMUM         64    319 PM  85    2014  67     -3       66
  MINIMUM         45    545 AM  41    2013  47     -2       50
                                      2007
  AVERAGE         55                        57     -2       58

PRECIPITATION (IN)
  TODAY            0.00          T    2007   0.09  -0.09     0.00
  MONTH TO DATE    1.37                      1.96  -0.59     1.94
  SINCE OCT 1      7.56                      6.04   1.52     3.16
  SINCE JAN 1      1.37                      1.96  -0.59     1.94

DEGREE DAYS
 HEATING
  TODAY           10                         8      2        7
  MONTH TO DATE  134                       147    -13      174
  SINCE DEC 1    362                       426    -64      464
  SINCE JUL 1    440                       579   -139      594

 COOLING
  TODAY            0                         0      0        0
  MONTH TO DATE    0                         0      0        0
  SINCE DEC 1      0                         1     -1        0
  SINCE JAN 1      0                         0      0        0
..................................................................


WIND (MPH)
  RESULTANT WIND SPEED   1   RESULTANT WIND DIRECTION   S (190)
  HIGHEST WIND SPEED    12   HIGHEST WIND DIRECTION    SW (220)
  HIGHEST GUST SPEED    16   HIGHEST GUST DIRECTION    SW (220)
  AVERAGE WIND SPEED     2.9


SKY COVER
  POSSIBLE SUNSHINE  MM
  AVERAGE SKY COVER 0.1


WEATHER CONDITIONS
 THE FOLLOWING WEATHER WAS RECORDED TODAY.
  FOG


RELATIVE HUMIDITY (PERCENT)
 HIGHEST   100           300 AM
 LOWEST     48           300 PM
 AVERAGE    74

..........................................................


THE JOHN WAYNE AIRPORT CA CLIMATE NORMALS FOR TOMORROW
                         NORMAL    RECORD    YEAR
 MAXIMUM TEMPERATURE (F)   67        85      2009
 MINIMUM TEMPERATURE (F)   47        37      2007
                                             2001


SUNRISE AND SUNSET
JANUARY 17 2017.......SUNRISE   655 AM PST   SUNSET   508 PM PST
JANUARY 18 2017.......SUNRISE   655 AM PST   SUNSET   509 PM PST


-  INDICATES NEGATIVE NUMBERS.
R  INDICATES RECORD WAS SET OR TIED.
MM INDICATES DATA IS MISSING.
T  INDICATES TRACE AMOUNT.




$$
