000
CDAK48 PASN 201133
CLISNP

CLIMATE REPORT
NATIONAL WEATHER SERVICE ST PAUL, AK
333 AM AKDT WED AUG 20 2014

...................................
...THE ST PAUL AIRPORT CLIMATE SUMMARY FOR AUGUST 19 2014...

CLIMATE NORMAL PERIOD  1981 TO  2010
CLIMATE RECORD PERIOD  1892 TO  2014

WEATHER ITEM   OBSERVED TIME    RECORD YEAR NORMAL DEPARTURE LAST
               VALUE    (LST)   VALUE       VALUE  FROM      YEAR
                                                   NORMAL
...................................................................
TEMPERATURE
YESTERDAY
 MAXIMUM            58R 0609 PM    57  1977     52       6     53
 MINIMUM            47  0806 AM    33  1986     46       1     47
 AVERAGE            53                          49       4     50

PRECIPITATION
(INCHES)
 YESTERDAY        0.00           0.54  2006   0.10   -0.10   0.00
 MONTH TO DATE    1.80                        1.80    0.00   1.71
 SINCE JUN 1      3.89                        5.00   -1.11   4.88
 SINCE JAN 1     11.03                       11.16   -0.13  12.06

SNOWFALL
(INCHES)
 YESTERDAY         0.0            0.0  2014    0.0     0.0    0.0
 MONTH TO DATE     0.0                         0.0     0.0    0.0
 SINCE JUN 1       0.0                         0.0     0.0    0.0
 SINCE JUL 1       0.0                         0.0     0.0    0.0
 SNOW DEPTH (IN)     0                                          0

DEGREE DAYS
 HEATING
  YESTERDAY         12                          16      -4     15
  MONTH TO DATE    206                         305     -99    298
  SINCE JUN 1     1280                        1537    -257   1559
  SINCE JUL 1      652                         858    -206    849

 COOLING
  YESTERDAY          0                           0       0      0
  MONTH TO DATE      0                           0       0      0
  SINCE JUN 1        0                           0       0      0
  SINCE JAN 1        0                           0       0      0
...................................................................

WIND (MPH)
 HIGHEST WIND SPEED    12     HIGHEST WIND DIRECTION    150
 HIGHEST GUST SPEED    15     HIGHEST GUST DIRECTION    160
 AVERAGE WIND SPEED   5.5

SKY COVER
  POSSIBLE SUNSHINE    MM          AVERAGE SKY COVER     MM

WEATHER CONDITIONS
 THE FOLLOWING WEATHER WAS RECORDED YESTERDAY.
FOG


RELATIVE HUMIDITY
 HIGHEST RH     MM PERCENT       MM
 LOWEST  RH     MM PERCENT       MM
 AVERAGE RH     MM PERCENT       MM
...................................................................

THE ST PAUL CLIMATE NORMALS FOR TODAY
                           NORMAL    RECORD   YEAR
 MAXIMUM TEMPERATURE (F)     52        60     2004
 MINIMUM TEMPERATURE (F)     46        32     1979

SUNRISE AND SUNSET
 AUG 20 2014..........SUNRISE  7:59 AM      SUNSET 10:49 PM
 AUG 21 2014..........SUNRISE  8:01 AM      SUNSET 10:46 PM

-  INDICATES NEGATIVE NUMBERS.
R  INDICATES RECORD HAS BEEN SET OR TIED.
MM INDICATES DATA IS MISSING.
T  INDICATES TRACE OF PRECIPITATION.

&&
-------------------------------------------------------------------

AMOUNT OF DAYLIGHT TODAY  (HOUR:MIN)........14 HOURS 50 MINUTES
GAIN/LOSS SINCE YESTERDAY (HOUR:MIN:SEC)....-0:04:37

$$
WIW AUG 14
