000
CDAK48 PASN 231152 CCA
CLISNP

CLIMATE REPORT...CORRECTED
NATIONAL WEATHER SERVICE ST PAUL, AK
352 AM AKDT WED APR 23 2014

...................................
...THE ST PAUL AIRPORT CLIMATE SUMMARY FOR APRIL 22 2014...

CLIMATE NORMAL PERIOD  1981 TO  2010
CLIMATE RECORD PERIOD  1949 TO  2014

WEATHER ITEM   OBSERVED TIME    RECORD YEAR NORMAL DEPARTURE LAST
               VALUE    (LST)   VALUE       VALUE  FROM      YEAR
                                                   NORMAL
...................................................................
TEMPERATURE
YESTERDAY
 MAXIMUM            42  0427 PM    46  1996     35       7     32
 MINIMUM            36R 1159 PM    -4  1976     27       9     19
 AVERAGE            39R                         31       8     26

PRECIPITATION
(INCHES)
 YESTERDAY           T           0.52  1979   0.03   -0.03   0.00
 MONTH TO DATE    0.78                        0.79   -0.01   0.25
 SINCE MAR 1      1.98                        1.86    0.12   3.38
 SINCE JAN 1      6.31                        4.74    1.57   6.23

SNOWFALL
(INCHES)
 YESTERDAY           T            1.3  1970    0.2    -0.2    0.0
 MONTH TO DATE     1.0                         4.7    -3.7    2.3
 SINCE MAR 1       9.4                        12.7    -3.3   29.2
 SINCE JUL 1      43.7                        57.7   -14.0   72.7
 SNOW DEPTH (IN)     T                                         23

DEGREE DAYS
 HEATING
  YESTERDAY         26                          34      -8     39
  MONTH TO DATE    702                         807    -105    932
  SINCE MAR 1     1948                        2044     -96   2210
  SINCE JUL 1     8394                        8963    -569   9670

 COOLING
  YESTERDAY          0                           0       0      0
  MONTH TO DATE      0                           0       0      0
  SINCE MAR 1        0                           0       0      0
  SINCE JAN 1        0                           0       0      0
...................................................................

WIND (MPH)
 HIGHEST WIND SPEED    21     HIGHEST WIND DIRECTION     90
 HIGHEST GUST SPEED    26     HIGHEST GUST DIRECTION    110
 AVERAGE WIND SPEED  15.3

SKY COVER
  POSSIBLE SUNSHINE    MM          AVERAGE SKY COVER     MM

WEATHER CONDITIONS
 THE FOLLOWING WEATHER WAS RECORDED YESTERDAY.
  FOG
SNOW


RELATIVE HUMIDITY
 HIGHEST RH     MM PERCENT       MM
 LOWEST  RH     MM PERCENT       MM
 AVERAGE RH     MM PERCENT       MM
...................................................................

THE ST PAUL CLIMATE NORMALS FOR TODAY
                           NORMAL    RECORD   YEAR
 MAXIMUM TEMPERATURE (F)     35        45     1978
 MINIMUM TEMPERATURE (F)     27        -8     1976

SUNRISE AND SUNSET
 APR 23 2014..........SUNRISE  7:52 AM      SUNSET 10:49 PM
 APR 24 2014..........SUNRISE  7:49 AM      SUNSET 10:51 PM

-  INDICATES NEGATIVE NUMBERS.
R  INDICATES RECORD HAS BEEN SET OR TIED.
MM INDICATES DATA IS MISSING.
T  INDICATES TRACE OF PRECIPITATION.

&&
-------------------------------------------------------------------

AMOUNT OF DAYLIGHT TODAY  (HOUR:MIN)........14 HOURS 57 MINUTES
GAIN/LOSS SINCE YESTERDAY (HOUR:MIN:SEC)....+0:04:40

$$
FONTENOT
