000
CDAK48 PASN 270934
CLISNP


CLIMATE REPORT
NATIONAL WEATHER SERVICE ANCHORAGE, AK
133 AM AKDT TUE JUN 27 2017


...................................

...THE SAINT PAUL ISLAND CLIMATE SUMMARY FOR JUNE 26 2017...

CLIMATE NORMAL PERIOD 1981 TO 2010
CLIMATE RECORD PERIOD 1892 TO 2017


WEATHER ITEM   OBSERVED TIME   RECORD YEAR NORMAL DEPARTURE LAST
                VALUE   (LST)  VALUE       VALUE  FROM      YEAR
                                                  NORMAL
..................................................................
TEMPERATURE (F)
 YESTERDAY
  MAXIMUM         49        MM  60    2016  49      0       60
  MINIMUM         43        MM  29    1988  41      2       44
  AVERAGE         46                        45      1       52

PRECIPITATION (IN)
  YESTERDAY        0.06          0.57 1985   0.05   0.01     0.00
  MONTH TO DATE    0.87                      1.15  -0.28     1.47
  SINCE JUN 1      0.87                      1.15  -0.28     1.47
  SINCE JAN 1      6.68                      7.31  -0.63     7.16

SNOWFALL (IN)
  YESTERDAY       MM            MM      MM   0.0   MM        0.0
  MONTH TO DATE    0.0                       0.0    0.0      0.0
  SINCE JUN 1      0.0                       0.0    0.0      0.0
  SINCE JUL 1     48.8                      59.8  -11.0     23.7
  SNOW DEPTH       0

DEGREE DAYS
 HEATING
  YESTERDAY       19                        20     -1       13
  MONTH TO DATE  480                       599   -119      403
  SINCE JUN 1    480                       599   -119      403
  SINCE JUL 1   9348                     10728  -1380     7923

 COOLING
  YESTERDAY        0                         0      0        0
  MONTH TO DATE    0                         0      0        0
  SINCE JUN 1      0                         0      0        0
  SINCE JAN 1      0                         0      0        0
..................................................................


WIND (MPH)
  RESULTANT WIND SPEED   8   RESULTANT WIND DIRECTION   S (190)
  HIGHEST WIND SPEED    17   HIGHEST WIND DIRECTION    SW (230)
  HIGHEST GUST SPEED    23   HIGHEST GUST DIRECTION    SW (230)
  AVERAGE WIND SPEED    11.8



WEATHER CONDITIONS
 THE FOLLOWING WEATHER WAS RECORDED YESTERDAY.
  LIGHT RAIN
  FOG


..........................................................


THE SAINT PAUL ISLAND CLIMATE NORMALS FOR TODAY
                         NORMAL    RECORD    YEAR
 MAXIMUM TEMPERATURE (F)   49        61      2016
                                             2005
                                             2004
 MINIMUM TEMPERATURE (F)   41        29      1988


SUNRISE AND SUNSET
JUNE 27 2017..........SUNRISE   628 AM AKDT  SUNSET  1220 AM AKDT
JUNE 28 2017..........SUNRISE   628 AM AKDT  SUNSET  1220 AM AKDT


-  INDICATES NEGATIVE NUMBERS.
R  INDICATES RECORD WAS SET OR TIED.
MM INDICATES DATA IS MISSING.
T  INDICATES TRACE AMOUNT.




$$
