000
CDAK48 PASN 191134
CLISNP

CLIMATE REPORT
NATIONAL WEATHER SERVICE ST PAUL, AK
334 AM AKDT SAT APR 19 2014

...................................
...THE ST PAUL AIRPORT CLIMATE SUMMARY FOR APRIL 18 2014...

CLIMATE NORMAL PERIOD  1981 TO  2010
CLIMATE RECORD PERIOD  1949 TO  2014

WEATHER ITEM   OBSERVED TIME    RECORD YEAR NORMAL DEPARTURE LAST
               VALUE    (LST)   VALUE       VALUE  FROM      YEAR
                                                   NORMAL
...................................................................
TEMPERATURE
YESTERDAY
 MAXIMUM            35  0542 PM    43  1978     34       1     31
 MINIMUM            30  0507 AM     7  1960     26       4     26
 AVERAGE            33                          30       3     29

PRECIPITATION
(INCHES)
 YESTERDAY        0.01           0.19  1975   0.04   -0.03   0.00
 MONTH TO DATE    0.68                        0.65    0.03   0.24
 SINCE MAR 1      1.88                        1.72    0.16   3.37
 SINCE JAN 1      6.21                        4.60    1.61   6.22

SNOWFALL
(INCHES)
 YESTERDAY           T            1.4  1983    0.1    -0.1    0.0
 MONTH TO DATE     1.0                         4.0    -3.0    2.3
 SINCE MAR 1       9.4                        12.0    -2.6   29.2
 SINCE JUL 1      43.7                        57.0   -13.3   72.7
 SNOW DEPTH (IN)     T                                         27

DEGREE DAYS
 HEATING
  YESTERDAY         32                          35      -3     36
  MONTH TO DATE    584                         669     -85    783
  SINCE MAR 1     1830                        1906     -76   2061
  SINCE JUL 1     8276                        8825    -549   9521

 COOLING
  YESTERDAY          0                           0       0      0
  MONTH TO DATE      0                           0       0      0
  SINCE MAR 1        0                           0       0      0
  SINCE JAN 1        0                           0       0      0
...................................................................

WIND (MPH)
 HIGHEST WIND SPEED    22     HIGHEST WIND DIRECTION    350
 HIGHEST GUST SPEED    26     HIGHEST GUST DIRECTION    350
 AVERAGE WIND SPEED  12.1

SKY COVER
  POSSIBLE SUNSHINE    MM          AVERAGE SKY COVER     MM

WEATHER CONDITIONS
 THE FOLLOWING WEATHER WAS RECORDED YESTERDAY.
  FOG
  DRIZZLE
  SNOW


RELATIVE HUMIDITY
 HIGHEST RH     MM PERCENT       MM
 LOWEST  RH     MM PERCENT       MM
 AVERAGE RH     MM PERCENT       MM
...................................................................

THE ST PAUL CLIMATE NORMALS FOR TODAY
                           NORMAL    RECORD   YEAR
 MAXIMUM TEMPERATURE (F)     34        43     1978
 MINIMUM TEMPERATURE (F)     26         6     1960

SUNRISE AND SUNSET
 APR 19 2014..........SUNRISE  8:02 AM      SUNSET 10:41 PM
 APR 20 2014..........SUNRISE  7:59 AM      SUNSET 10:43 PM

-  INDICATES NEGATIVE NUMBERS.
R  INDICATES RECORD HAS BEEN SET OR TIED.
MM INDICATES DATA IS MISSING.
T  INDICATES TRACE OF PRECIPITATION.

&&
-------------------------------------------------------------------

AMOUNT OF DAYLIGHT TODAY  (HOUR:MIN)........14 HOURS 39 MINUTES
GAIN/LOSS SINCE YESTERDAY (HOUR:MIN:SEC)....+0:04:44

$$
FONTENOT
