000
CDAK48 PASN 021120
CLISNP

CLIMATE REPORT
NATIONAL WEATHER SERVICE ST PAUL, AK
320 AM AKDT THU JUL 2 2015

...................................
...THE ST PAUL AIRPORT CLIMATE SUMMARY FOR JULY 1 2015...

CLIMATE NORMAL PERIOD  1981 TO  2010
CLIMATE RECORD PERIOD  1892 TO  2015

WEATHER ITEM   OBSERVED TIME    RECORD YEAR NORMAL DEPARTURE LAST
               VALUE    (LST)   VALUE       VALUE  FROM      YEAR
                                                   NORMAL
...................................................................
TEMPERATURE
YESTERDAY
 MAXIMUM            48  0915 PM    58  1976     49      -1     48
 MINIMUM            44  0251 AM    33  1971     42       2     42
 AVERAGE            46                          46       0     45

PRECIPITATION
(INCHES)
 YESTERDAY        0.00           0.68  1993   0.05   -0.05   0.01
 MONTH TO DATE    0.00                        0.05   -0.05   0.01
 SINCE JUN 1      0.92                        1.40   -0.48   1.03
 SINCE JAN 1      7.20                        7.56   -0.36   8.17

SNOWFALL
(INCHES)
 YESTERDAY         0.0            0.0  2015    0.0     0.0    0.0
 MONTH TO DATE     0.0                         0.0     0.0    0.0
 SINCE JUN 1       0.0                         0.0     0.0    0.0
 SINCE JUL 1       0.0                         0.0     0.0    0.0
 SNOW DEPTH (IN)     0                                          0

DEGREE DAYS
 HEATING
  YESTERDAY         19                          20      -1     20
  MONTH TO DATE     19                          20      -1     20
  SINCE JUN 1      639                         699     -60    648
  SINCE JUL 1       19                          20      -1     20

 COOLING
  YESTERDAY          0                           0       0      0
  MONTH TO DATE      0                           0       0      0
  SINCE JUN 1        0                           0       0      0
  SINCE JAN 1        0                           0       0      0
...................................................................

WIND (MPH)
 HIGHEST WIND SPEED    13     HIGHEST WIND DIRECTION    150
 HIGHEST GUST SPEED    15     HIGHEST GUST DIRECTION    150
 AVERAGE WIND SPEED   8.5

SKY COVER
  POSSIBLE SUNSHINE    MM          AVERAGE SKY COVER     MM

WEATHER CONDITIONS
 THE FOLLOWING WEATHER WAS RECORDED YESTERDAY.
  FOG
  DENSE FOG

RELATIVE HUMIDITY
 HIGHEST RH     MM PERCENT       MM
 LOWEST  RH     MM PERCENT       MM
 AVERAGE RH     MM PERCENT       MM
...................................................................

THE ST PAUL CLIMATE NORMALS FOR TODAY
                           NORMAL    RECORD   YEAR
 MAXIMUM TEMPERATURE (F)     50        58     1991
 MINIMUM TEMPERATURE (F)     42        29     1976

SUNRISE AND SUNSET
 JUL 2 2015..........SUNRISE  6:32 AM      SUNSET 12:19 AM
 JUL 3 2015..........SUNRISE  6:33 AM      SUNSET 12:18 AM

-  INDICATES NEGATIVE NUMBERS.
R  INDICATES RECORD HAS BEEN SET OR TIED.
MM INDICATES DATA IS MISSING.
T  INDICATES TRACE OF PRECIPITATION.

&&
-------------------------------------------------------------------

AMOUNT OF DAYLIGHT TODAY  (HOUR:MIN)........17 HOURS 47 MINUTES
GAIN/LOSS SINCE YESTERDAY (HOUR:MIN:SEC)....-0:01:25

$$
HCH JUL 15
