000
CDAK48 PASN 031118
CLISNP

CLIMATE REPORT
NATIONAL WEATHER SERVICE ST PAUL, AK
318 AM AKDT THU SEP 3 2015

...................................
...THE ST PAUL AIRPORT CLIMATE SUMMARY FOR SEPTEMBER 2 2015...

CLIMATE NORMAL PERIOD  1981 TO  2010
CLIMATE RECORD PERIOD  1892 TO  2015

WEATHER ITEM   OBSERVED TIME    RECORD YEAR NORMAL DEPARTURE LAST
               VALUE    (LST)   VALUE       VALUE  FROM      YEAR
                                                   NORMAL
...................................................................
TEMPERATURE
YESTERDAY
 MAXIMUM            54  0308 PM    59  1977     52       2     58
 MINIMUM            48  1159 PM    30  1963     45       3     51
 AVERAGE            51                          48       3     55

PRECIPITATION
(INCHES)
 YESTERDAY           T           0.81  2012   0.10   -0.10   0.00
 MONTH TO DATE    0.35                        0.21    0.14      T
 SINCE SEP 1      0.35                        0.21    0.14   0.00
 SINCE JAN 1     11.82                       12.64   -0.82  13.35

SNOWFALL
(INCHES)
 YESTERDAY         0.0            0.0  2015    0.0     0.0    0.0
 MONTH TO DATE     0.0                         0.0     0.0    0.0
 SINCE SEP 1       0.0                         0.0     0.0    0.0
 SINCE JUL 1       0.0                         0.0     0.0    0.0
 SNOW DEPTH (IN)     0                                          0

DEGREE DAYS
 HEATING
  YESTERDAY         14                          17      -3     10
  MONTH TO DATE     28                          34      -6     21
  SINCE SEP 1       28                          34      -6     21
  SINCE JUL 1      938                        1086    -148    839

 COOLING
  YESTERDAY          0                           0       0      0
  MONTH TO DATE      0                           0       0      0
  SINCE SEP 1        0                           0       0      0
  SINCE JAN 1        0                           0       0      0
...................................................................

WIND (MPH)
 HIGHEST WIND SPEED    21     HIGHEST WIND DIRECTION    270
 HIGHEST GUST SPEED    26     HIGHEST GUST DIRECTION    260
 AVERAGE WIND SPEED   9.1

SKY COVER
  POSSIBLE SUNSHINE    MM          AVERAGE SKY COVER     MM

WEATHER CONDITIONS
 THE FOLLOWING WEATHER WAS RECORDED YESTERDAY.
  FOG
  RAIN


RELATIVE HUMIDITY
 HIGHEST RH     MM PERCENT       MM
 LOWEST  RH     MM PERCENT       MM
 AVERAGE RH     MM PERCENT       MM
...................................................................

THE ST PAUL CLIMATE NORMALS FOR TODAY
                           NORMAL    RECORD   YEAR
 MAXIMUM TEMPERATURE (F)     52        58     1979
 MINIMUM TEMPERATURE (F)     44        30     1962

SUNRISE AND SUNSET
 SEP 3 2015..........SUNRISE  8:27 AM      SUNSET 10:13 PM
 SEP 4 2015..........SUNRISE  8:29 AM      SUNSET 10:10 PM

-  INDICATES NEGATIVE NUMBERS.
R  INDICATES RECORD HAS BEEN SET OR TIED.
MM INDICATES DATA IS MISSING.
T  INDICATES TRACE OF PRECIPITATION.

&&
-------------------------------------------------------------------

AMOUNT OF DAYLIGHT TODAY  (HOUR:MIN)........13 HOURS 46 MINUTES
GAIN/LOSS SINCE YESTERDAY (HOUR:MIN:SEC)....-0:04:45

$$
SAH SEP 15
