000
CDAK48 PASN 021136
CLISNP

CLIMATE REPORT
NATIONAL WEATHER SERVICE ST PAUL, AK
237 AM AKST MON MAR 2 2015

...................................
...THE ST PAUL AIRPORT CLIMATE SUMMARY FOR MARCH 1 2015...

CLIMATE NORMAL PERIOD  1981 TO  2010
CLIMATE RECORD PERIOD  1892 TO  2015

WEATHER ITEM   OBSERVED TIME    RECORD YEAR NORMAL DEPARTURE LAST
               VALUE    (LST)   VALUE       VALUE  FROM      YEAR
                                                   NORMAL
...................................................................
TEMPERATURE
YESTERDAY
 MAXIMUM            38  0817 PM    40  2003     29       9     34
 MINIMUM            33  1248 AM   -12  1956     20      13     31
 AVERAGE            36                          25      11     33

PRECIPITATION
(INCHES)
 YESTERDAY           T           0.78  1894   0.04   -0.04      T
 MONTH TO DATE       T                        0.04   -0.04      T
 SINCE MAR 1      0.00                        0.04   -0.04   0.00
 SINCE JAN 1      2.32                        2.92   -0.60   4.33

SNOWFALL
(INCHES)
 YESTERDAY         0.0            5.4  1957    0.3    -0.3      T
 MONTH TO DATE     0.0                         0.3    -0.3      T
 SINCE MAR 1       0.0                         0.3    -0.3    0.0
 SINCE JUL 1      29.7                        45.3   -15.6   34.3
 SNOW DEPTH (IN)     T                                          6

DEGREE DAYS
 HEATING
  YESTERDAY         29                          40     -11     32
  MONTH TO DATE     29                          40     -11     32
  SINCE MAR 1       29                          40     -11     32
  SINCE JUL 1     5986                        6959    -973   6478

 COOLING
  YESTERDAY          0                           0       0      0
  MONTH TO DATE      0                           0       0      0
  SINCE MAR 1        0                           0       0      0
  SINCE JAN 1        0                           0       0      0
...................................................................

WIND (MPH)
 HIGHEST WIND SPEED    28     HIGHEST WIND DIRECTION    140
 HIGHEST GUST SPEED    34     HIGHEST GUST DIRECTION    140
 AVERAGE WIND SPEED  16.1

SKY COVER
  POSSIBLE SUNSHINE    MM          AVERAGE SKY COVER     MM

WEATHER CONDITIONS
 THE FOLLOWING WEATHER WAS RECORDED YESTERDAY.
FOG
DRIZZLE
RAIN


RELATIVE HUMIDITY
 HIGHEST RH     MM PERCENT       MM
 LOWEST  RH     MM PERCENT       MM
 AVERAGE RH     MM PERCENT       MM
...................................................................

THE ST PAUL CLIMATE NORMALS FOR TODAY
                           NORMAL    RECORD   YEAR
 MAXIMUM TEMPERATURE (F)     29        40     1996
 MINIMUM TEMPERATURE (F)     20       -13     1956

SUNRISE AND SUNSET
 MAR 2 2015..........SUNRISE  9:12 AM      SUNSET  7:56 PM
 MAR 3 2015..........SUNRISE  9:09 AM      SUNSET  7:58 PM

-  INDICATES NEGATIVE NUMBERS.
R  INDICATES RECORD HAS BEEN SET OR TIED.
MM INDICATES DATA IS MISSING.
T  INDICATES TRACE OF PRECIPITATION.

&&
-------------------------------------------------------------------

AMOUNT OF DAYLIGHT TODAY  (HOUR:MIN)........10 HOURS 44 MINUTES
GAIN/LOSS SINCE YESTERDAY (HOUR:MIN:SEC)....+0:04:51

$$
WIW MAR 15
