978
CDAK48 PAFC 200104
CLISNP


CLIMATE REPORT
NATIONAL WEATHER SERVICE ANCHORAGE, AK
404 PM AKST THU JAN 19 2017


...................................

...THE SAINT PAUL ISLAND CLIMATE SUMMARY FOR JANUARY 19 2017...
VALID TODAY AS OF 0400 PM LOCAL TIME.

CLIMATE NORMAL PERIOD 1981 TO 2010
CLIMATE RECORD PERIOD 1892 TO 2017


WEATHER ITEM   OBSERVED TIME   RECORD YEAR NORMAL DEPARTURE LAST
                VALUE   (LST)  VALUE       VALUE  FROM      YEAR
                                                  NORMAL
..................................................................
TEMPERATURE (F)
 TODAY
  MAXIMUM         30        MM  39    1963  29      1       46
                                      1961
                                      1952
  MINIMUM         16    100 PM  -6    1893  21     -5       26
  AVERAGE         23                        25     -2       36

PRECIPITATION (IN)
  TODAY            0.03          0.78 1964   0.04  -0.01      T
  MONTH TO DATE    0.91                      1.01  -0.10     1.12
  SINCE DEC 1      4.11                      3.26   0.85     5.85
  SINCE JAN 1      0.91                      1.01  -0.10     1.12

SNOWFALL (IN)
  TODAY            0.7          MM      MM   0.4    0.3     MM
  MONTH TO DATE   10.3                       7.8    2.5      0.2
  SINCE DEC 1     13.9                      19.9   -6.0     11.7
  SINCE JUL 1     20.5                      30.2   -9.7     23.7
  SNOW DEPTH       8

DEGREE DAYS
 HEATING
  TODAY           42                        40      2       29
  MONTH TO DATE  717                       747    -30      566
  SINCE DEC 1   1673                      1868   -195     1469
  SINCE JUL 1   4242                      5289  -1047     4017

 COOLING
  TODAY            0                         0      0        0
  MONTH TO DATE    0                         0      0        0
  SINCE DEC 1      0                         0      0        0
  SINCE JAN 1      0                         0      0        0
..................................................................


WIND (MPH)
  RESULTANT WIND SPEED  19   RESULTANT WIND DIRECTION  NW (330)
  HIGHEST WIND SPEED    36   HIGHEST WIND DIRECTION    NW (330)
  HIGHEST GUST SPEED    45   HIGHEST GUST DIRECTION     N (340)
  AVERAGE WIND SPEED    23.9



WEATHER CONDITIONS
 THE FOLLOWING WEATHER WAS RECORDED TODAY.
  SNOW
  LIGHT SNOW
  FOG
  BLOWING SNOW


..........................................................


THE SAINT PAUL ISLAND CLIMATE NORMALS FOR TOMORROW
                         NORMAL    RECORD    YEAR
 MAXIMUM TEMPERATURE (F)   29        40      1952
 MINIMUM TEMPERATURE (F)   21         0      1993
                                             1973


SUNRISE AND SUNSET
JANUARY 19 2017.......SUNRISE  1042 AM AKST  SUNSET   622 PM AKST
JANUARY 20 2017.......SUNRISE  1041 AM AKST  SUNSET   624 PM AKST


-  INDICATES NEGATIVE NUMBERS.
R  INDICATES RECORD WAS SET OR TIED.
MM INDICATES DATA IS MISSING.
T  INDICATES TRACE AMOUNT.




$$
