631
CDAK48 PAFC 051251
CLISNP

CLIMATE REPORT
NATIONAL WEATHER SERVICE ANCHORAGE, AK
348 AM AKST MON DEC 5 2016


...................................

...THE SAINT PAUL ISLAND CLIMATE SUMMARY FOR DECEMBER 4 2016...

CLIMATE NORMAL PERIOD 1981 TO 2010
CLIMATE RECORD PERIOD 1892 TO 2016


WEATHER ITEM   OBSERVED TIME   RECORD YEAR NORMAL DEPARTURE LAST
                VALUE   (LST)  VALUE       VALUE  FROM      YEAR
                                                  NORMAL
..................................................................
TEMPERATURE (F)
 YESTERDAY
  MAXIMUM         42   1126 AM  43    1972  35      7       31
  MINIMUM         34    900 PM  11    1974  26      8       27
  AVERAGE         38                        30      8       29

PRECIPITATION (IN)
  YESTERDAY        0.25          0.40 1993   0.08   0.17     0.01
  MONTH TO DATE    0.42                      0.33   0.09     0.14
  SINCE DEC 1      0.42                      0.33   0.09     0.14
  SINCE JAN 1     24.49                     21.75   2.74    23.15

SNOWFALL (IN)
  YESTERDAY        0.0           2.7  1989   0.3   -0.3      0.1
  MONTH TO DATE    1.6                       1.4    0.2      1.4
  SINCE DEC 1      1.6                       1.4    0.2      1.4
  SINCE JUL 1      8.2                      11.7   -3.5     13.4
  SNOW DEPTH       0

DEGREE DAYS
 HEATING
  YESTERDAY       27                        35     -8       36
  MONTH TO DATE  142                       138      4      145
  SINCE DEC 1    142                       138      4      145
  SINCE JUL 1   2711                      3559   -848     2693

 COOLING
  YESTERDAY        0                         0      0        0
  MONTH TO DATE    0                         0      0        0
  SINCE DEC 1      0                         0      0        0
  SINCE JAN 1      0                         0      0        0
..................................................................


WIND (MPH)
  RESULTANT WIND SPEED  27   RESULTANT WIND DIRECTION   S (160)
  HIGHEST WIND SPEED    43   HIGHEST WIND DIRECTION    SE (150)
  HIGHEST GUST SPEED    51   HIGHEST GUST DIRECTION    SE (140)
  AVERAGE WIND SPEED    23.7



WEATHER CONDITIONS
 THE FOLLOWING WEATHER WAS RECORDED YESTERDAY.
  LIGHT RAIN
  FOG


..........................................................


THE SAINT PAUL ISLAND CLIMATE NORMALS FOR TODAY
                         NORMAL    RECORD    YEAR
 MAXIMUM TEMPERATURE (F)   35        42      2002
                                             1972
 MINIMUM TEMPERATURE (F)   26         5      1988


SUNRISE AND SUNSET
DECEMBER  5 2016......SUNRISE  1043 AM AKST  SUNSET   541 PM AKST
DECEMBER  6 2016......SUNRISE  1044 AM AKST  SUNSET   540 PM AKST

CIVIL TWILIGHT
DECEMBER 5 2016         START    955 AM GMT     END    630 PM GMT
DECEMBER 6 2016         START    956 AM GMT     END    629 PM GMT



-  INDICATES NEGATIVE NUMBERS.
R  INDICATES RECORD WAS SET OR TIED.
MM INDICATES DATA IS MISSING.
T  INDICATES TRACE AMOUNT.




$$
&&
------------------------------------------------------
AMOUNT OF DAYLIGHT TODAY  (HOUR:MIN)........ 6:58
GAIN/LOSS SINCE YESTERDAY (HOUR:MIN:SEC)....-0:02:13

$$
