000
CDAK48 PASN 181132
CLISNP

CLIMATE REPORT
NATIONAL WEATHER SERVICE ST PAUL, AK
332 AM AKDT THU SEP 18 2014

...................................
...THE ST PAUL AIRPORT CLIMATE SUMMARY FOR SEPTEMBER 17 2014...

CLIMATE NORMAL PERIOD  1981 TO  2010
CLIMATE RECORD PERIOD  1892 TO  2014

WEATHER ITEM   OBSERVED TIME    RECORD YEAR NORMAL DEPARTURE LAST
               VALUE    (LST)   VALUE       VALUE  FROM      YEAR
                                                   NORMAL
...................................................................
TEMPERATURE
YESTERDAY
 MAXIMUM            55  0130 PM    56  1977     50       5     51
 MINIMUM            44  1159 PM    27  2012     41       3     43
 AVERAGE            50                          45       5     47

PRECIPITATION
(INCHES)
 YESTERDAY        0.08           1.42  1985   0.10   -0.02      T
 MONTH TO DATE    2.74                        1.72    1.02   0.77
 SINCE SEP 1      2.74                        1.72    1.02   0.77
 SINCE JAN 1     15.97                       14.15    1.82  14.80

SNOWFALL
(INCHES)
 YESTERDAY         0.0              T  1996    0.0     0.0    0.0
 MONTH TO DATE     0.0                         0.0     0.0    0.0
 SINCE SEP 1       0.0                         0.0     0.0    0.0
 SINCE JUL 1       0.0                         0.0     0.0    0.0
 SNOW DEPTH (IN)     0                                          0

DEGREE DAYS
 HEATING
  YESTERDAY         15                          20      -5     18
  MONTH TO DATE    227                         310     -83    324
  SINCE SEP 1      227                         310     -83    324
  SINCE JUL 1     1044                        1362    -318   1367

 COOLING
  YESTERDAY          0                           0       0      0
  MONTH TO DATE      0                           0       0      0
  SINCE SEP 1        0                           0       0      0
  SINCE JAN 1        0                           0       0      0
...................................................................

WIND (MPH)
 HIGHEST WIND SPEED    23     HIGHEST WIND DIRECTION    360
 HIGHEST GUST SPEED    27     HIGHEST GUST DIRECTION    360
 AVERAGE WIND SPEED  12.9

SKY COVER
  POSSIBLE SUNSHINE    MM          AVERAGE SKY COVER     MM

WEATHER CONDITIONS
 THE FOLLOWING WEATHER WAS RECORDED YESTERDAY.
FOG
RAIN


RELATIVE HUMIDITY
 HIGHEST RH     MM PERCENT       MM
 LOWEST  RH     MM PERCENT       MM
 AVERAGE RH     MM PERCENT       MM
...................................................................

THE ST PAUL CLIMATE NORMALS FOR TODAY
                           NORMAL    RECORD   YEAR
 MAXIMUM TEMPERATURE (F)     49        54     1978
 MINIMUM TEMPERATURE (F)     41        30     1981

SUNRISE AND SUNSET
 SEP 18 2014..........SUNRISE  8:59 AM      SUNSET  9:31 PM
 SEP 19 2014..........SUNRISE  9:01 AM      SUNSET  9:28 PM

-  INDICATES NEGATIVE NUMBERS.
R  INDICATES RECORD HAS BEEN SET OR TIED.
MM INDICATES DATA IS MISSING.
T  INDICATES TRACE OF PRECIPITATION.

&&
-------------------------------------------------------------------

AMOUNT OF DAYLIGHT TODAY  (HOUR:MIN)........12 HOURS 32 MINUTES
GAIN/LOSS SINCE YESTERDAY (HOUR:MIN:SEC)....-0:04:48

$$
WIW SEP 14
