000
CDAK48 PAFC 250107
CLISNP


CLIMATE REPORT
NATIONAL WEATHER SERVICE ANCHORAGE, AK
407 PM AKST SAT FEB 24 2018


...................................

...THE SAINT PAUL ISLAND CLIMATE SUMMARY FOR FEBRUARY 24 2018...
VALID TODAY AS OF 0400 PM LOCAL TIME.

CLIMATE NORMAL PERIOD 1981 TO 2010
CLIMATE RECORD PERIOD 1892 TO 2018


WEATHER ITEM   OBSERVED TIME   RECORD YEAR NORMAL DEPARTURE LAST
                VALUE   (LST)  VALUE       VALUE  FROM      YEAR
                                                  NORMAL
..................................................................
TEMPERATURE (F)
 TODAY
  MAXIMUM         38    202 PM  40    1989  29      9       37
  MINIMUM         30    748 AM -11    1954  20     10       33
  AVERAGE         34                        25      9       35

PRECIPITATION (IN)
  TODAY            0.01          0.60 1894   0.04  -0.03      T
  MONTH TO DATE    1.54                      1.14   0.40     1.18
  SINCE SEP 1     17.36                     13.96   3.40    19.22
  SINCE JAN 1      2.50                      2.72  -0.22     2.69

SNOWFALL (IN)
  TODAY           MM            MM      MM   0.3   MM         T
  MONTH TO DATE    1.5                       8.8   -7.3     10.1
  SINCE SEP 1      8.6                      43.8  -35.2     48.2
  SINCE JUL 1      8.6                      43.8  -35.2     48.2
  SNOW DEPTH       0

DEGREE DAYS
 HEATING
  TODAY           31                        40     -9       30
  MONTH TO DATE  715                       980   -265      991
  SINCE DEC 1   2794                      3338   -544     3166
  SINCE JUL 1   5872                      6759   -887     5735

 COOLING
  TODAY            0                         0      0        0
  MONTH TO DATE    0                         0      0        0
  SINCE DEC 1      0                         0      0        0
  SINCE JAN 1      0                         0      0        0
..................................................................


WIND (MPH)
  RESULTANT WIND SPEED  33   RESULTANT WIND DIRECTION   W (250)
  HIGHEST WIND SPEED    43   HIGHEST WIND DIRECTION     W (260)
  HIGHEST GUST SPEED    57   HIGHEST GUST DIRECTION     W (250)
  AVERAGE WIND SPEED    33.2



WEATHER CONDITIONS
 THE FOLLOWING WEATHER WAS RECORDED TODAY.
  LIGHT SNOW


..........................................................


THE SAINT PAUL ISLAND CLIMATE NORMALS FOR TOMORROW
                         NORMAL    RECORD    YEAR
 MAXIMUM TEMPERATURE (F)   29        39      1951
 MINIMUM TEMPERATURE (F)   20       -12      2013
                                             1954


SUNRISE AND SUNSET
FEBRUARY 24 2018......SUNRISE   926 AM AKST  SUNSET   743 PM AKST
FEBRUARY 25 2018......SUNRISE   924 AM AKST  SUNSET   745 PM AKST


-  INDICATES NEGATIVE NUMBERS.
R  INDICATES RECORD WAS SET OR TIED.
MM INDICATES DATA IS MISSING.
T  INDICATES TRACE AMOUNT.




$$
