010
CDAK48 PAFC 230051
CLISNP


CLIMATE REPORT
NATIONAL WEATHER SERVICE ANCHORAGE, AK
351 PM AKST WED FEB 22 2017


...................................

...THE SAINT PAUL ISLAND CLIMATE SUMMARY FOR FEBRUARY 22 2017...
VALID TODAY AS OF 0300 PM LOCAL TIME.

CLIMATE NORMAL PERIOD 1981 TO 2010
CLIMATE RECORD PERIOD 1892 TO 2017


WEATHER ITEM   OBSERVED TIME   RECORD YEAR NORMAL DEPARTURE LAST
                VALUE   (LST)  VALUE       VALUE  FROM      YEAR
                                                  NORMAL
..................................................................
TEMPERATURE (F)
 TODAY
  MAXIMUM         39R       MM  39    1979  29     10       33
  MINIMUM         33        MM -15    1971  20     13       23
  AVERAGE         36                        24     12       28

PRECIPITATION (IN)
  TODAY            0.14          0.30 1987   0.04   0.10     0.02
  MONTH TO DATE    0.82                      1.06  -0.24     0.88
  SINCE DEC 1      5.53                      4.89   0.64     7.23
  SINCE JAN 1      2.33                      2.64  -0.31     2.50

SNOWFALL (IN)
  TODAY           MM            MM      MM   0.4   MM       MM
  MONTH TO DATE    9.8                       8.2    1.6      0.0
  SINCE DEC 1     41.3                      32.9    8.4     11.7
  SINCE JUL 1     47.9                      43.2    4.7     23.7
  SNOW DEPTH       2

DEGREE DAYS
 HEATING
  TODAY           29                        40    -11       37
  MONTH TO DATE  930                       900     30      577
  SINCE DEC 1   3105                      3258   -153     2451
  SINCE JUL 1   5674                      6679  -1005     4999

 COOLING
  TODAY            0                         0      0        0
  MONTH TO DATE    0                         0      0        0
  SINCE DEC 1      0                         0      0        0
  SINCE JAN 1      0                         0      0        0
..................................................................


WIND (MPH)
  RESULTANT WIND SPEED  19   RESULTANT WIND DIRECTION  SE (130)
  HIGHEST WIND SPEED    31   HIGHEST WIND DIRECTION     S (170)
  HIGHEST GUST SPEED    41   HIGHEST GUST DIRECTION     S (170)
  AVERAGE WIND SPEED    21.9



WEATHER CONDITIONS
 THE FOLLOWING WEATHER WAS RECORDED TODAY.
  RAIN
  LIGHT RAIN
  LIGHT SNOW
  FOG


..........................................................


THE SAINT PAUL ISLAND CLIMATE NORMALS FOR TOMORROW
                         NORMAL    RECORD    YEAR
 MAXIMUM TEMPERATURE (F)   29        39      1989
 MINIMUM TEMPERATURE (F)   20       -10      1991


SUNRISE AND SUNSET
FEBRUARY 22 2017......SUNRISE   931 AM AKST  SUNSET   739 PM AKST
FEBRUARY 23 2017......SUNRISE   928 AM AKST  SUNSET   741 PM AKST


-  INDICATES NEGATIVE NUMBERS.
R  INDICATES RECORD WAS SET OR TIED.
MM INDICATES DATA IS MISSING.
T  INDICATES TRACE AMOUNT.




$$
