000
CDUS46 KMTR 170855
CLISNS


CLIMATE REPORT
NATIONAL WEATHER SERVICE SAN FRANCISCO BAY AREA
1255 AM PST WED DEC 17 2014


...................................

...THE SALINAS AIRPORT CLIMATE SUMMARY FOR DECEMBER 16 2014...

CLIMATE NORMAL PERIOD 1981 TO 2010
CLIMATE RECORD PERIOD 1930 TO 2014


WEATHER ITEM   OBSERVED TIME   RECORD YEAR NORMAL DEPARTURE LAST
                VALUE   (LST)  VALUE       VALUE  FROM      YEAR
                                                  NORMAL
..................................................................
TEMPERATURE (F)
 YESTERDAY
  MAXIMUM         64    220 PM  84    1980  61      3       77
  MINIMUM         50    605 AM  29    1965  41      9       47
  AVERAGE         57                        51      6       62

PRECIPITATION (IN)
  YESTERDAY        0.61          0.72 2002   0.06   0.55     0.00
  MONTH TO DATE    5.81                      0.90   4.91     0.21
  SINCE JUL 1      7.90                      3.08   4.82     0.94
  SINCE JAN 1     12.87                     11.80   1.07     3.27

DEGREE DAYS
 HEATING
  YESTERDAY        8                        14     -6        3
  MONTH TO DATE   87                       218   -131      256
  SINCE DEC 1     87                       218   -131      256
  SINCE JUL 1    301                       836   -535      782

 COOLING
  YESTERDAY        0                         0      0        0
  MONTH TO DATE    1                         0      1        0
  SINCE DEC 1      1                         0      1        0
  SINCE JAN 1    270                       130    140      155
..................................................................


WIND (MPH)
  RESULTANT WIND SPEED  12   RESULTANT WIND DIRECTION   E (110)
  HIGHEST WIND SPEED    22   HIGHEST WIND DIRECTION     E (110)
  HIGHEST GUST SPEED    28   HIGHEST GUST DIRECTION     E (110)
  AVERAGE WIND SPEED    11.5


SKY COVER
  POSSIBLE SUNSHINE  MM
  AVERAGE SKY COVER 0.4


WEATHER CONDITIONS
 THE FOLLOWING WEATHER WAS RECORDED YESTERDAY.
  HEAVY RAIN
  RAIN
  LIGHT RAIN
  FOG


RELATIVE HUMIDITY (PERCENT)
 HIGHEST    89           100 AM
 LOWEST     65           300 PM
 AVERAGE    77

..........................................................


THE SALINAS AIRPORT CLIMATE NORMALS FOR TODAY
                         NORMAL    RECORD    YEAR
 MAXIMUM TEMPERATURE (F)   61        77      1998
 MINIMUM TEMPERATURE (F)   41        30      2008
                                             1965


SUNRISE AND SUNSET
DECEMBER 17 2014......SUNRISE   713 AM PST   SUNSET   452 PM PST
DECEMBER 18 2014......SUNRISE   713 AM PST   SUNSET   453 PM PST


-  INDICATES NEGATIVE NUMBERS.
R  INDICATES RECORD WAS SET OR TIED.
MM INDICATES DATA IS MISSING.
T  INDICATES TRACE AMOUNT.




$$
