000
CDUS46 KMTR 220825
CLISNS


CLIMATE REPORT
NATIONAL WEATHER SERVICE SAN FRANCISCO BAY AREA
125 AM PDT MON SEP 22 2014


...................................

...THE SALINAS AIRPORT CLIMATE SUMMARY FOR SEPTEMBER 21 2014...

CLIMATE NORMAL PERIOD 1981 TO 2010
CLIMATE RECORD PERIOD 1930 TO 2014


WEATHER ITEM   OBSERVED TIME   RECORD YEAR NORMAL DEPARTURE LAST
                VALUE   (LST)  VALUE       VALUE  FROM      YEAR
                                                  NORMAL
..................................................................
TEMPERATURE (F)
 YESTERDAY
  MAXIMUM         72    130 PM 102    1939  74     -2       78
  MINIMUM         63    236 AM  41    1968  54      9       57
  AVERAGE         68                        64      4       68

PRECIPITATION (IN)
  YESTERDAY        0.00          0.14 1967   0.01  -0.01     0.07
  MONTH TO DATE    0.00                      0.09  -0.09     0.09
  SINCE JUL 1      0.01                      0.12  -0.11     0.11
  SINCE JAN 1      4.98                      8.84  -3.86     2.44

DEGREE DAYS
 HEATING
  YESTERDAY        0                         2     -2        0
  MONTH TO DATE    5                        42    -37        1
  SINCE SEP 1      5                        42    -37        1
  SINCE JUL 1     46                       177   -131      106

 COOLING
  YESTERDAY        3                         1      2        3
  MONTH TO DATE   35                        21     14       52
  SINCE SEP 1     35                        21     14       52
  SINCE JAN 1    168                        90     78      136
..................................................................


WIND (MPH)
  RESULTANT WIND SPEED   6   RESULTANT WIND DIRECTION   W (270)
  HIGHEST WIND SPEED    17   HIGHEST WIND DIRECTION     W (270)
  HIGHEST GUST SPEED    22   HIGHEST GUST DIRECTION     W (280)
  AVERAGE WIND SPEED     7.4


SKY COVER
  POSSIBLE SUNSHINE  MM
  AVERAGE SKY COVER 0.9


WEATHER CONDITIONS
 THE FOLLOWING WEATHER WAS RECORDED YESTERDAY.
  NO SIGNIFICANT WEATHER WAS OBSERVED.


RELATIVE HUMIDITY (PERCENT)
 HIGHEST    84           100 AM
 LOWEST     61          1200 PM
 AVERAGE    73

..........................................................


THE SALINAS AIRPORT CLIMATE NORMALS FOR TODAY
                         NORMAL    RECORD    YEAR
 MAXIMUM TEMPERATURE (F)   74       103      1949
 MINIMUM TEMPERATURE (F)   54        40      1968


SUNRISE AND SUNSET
SEPTEMBER 22 2014.....SUNRISE   554 AM PST   SUNSET   603 PM PST
SEPTEMBER 23 2014.....SUNRISE   555 AM PST   SUNSET   602 PM PST


-  INDICATES NEGATIVE NUMBERS.
R  INDICATES RECORD WAS SET OR TIED.
MM INDICATES DATA IS MISSING.
T  INDICATES TRACE AMOUNT.




$$
