000
CDUS46 KMTR 280942
CLISNS


CLIMATE REPORT
NATIONAL WEATHER SERVICE SAN FRANCISCO BAY AREA
142 AM PST WED JAN 28 2015


...................................

...THE SALINAS AIRPORT CLIMATE SUMMARY FOR JANUARY 27 2015...

CLIMATE NORMAL PERIOD 1981 TO 2010
CLIMATE RECORD PERIOD 1930 TO 2015


WEATHER ITEM   OBSERVED TIME   RECORD YEAR NORMAL DEPARTURE LAST
                VALUE   (LST)  VALUE       VALUE  FROM      YEAR
                                                  NORMAL
..................................................................
TEMPERATURE (F)
 YESTERDAY
  MAXIMUM         70    245 PM  77    1986  62      8       67
  MINIMUM         50   1153 PM  29    1949  42      8       49
  AVERAGE         60                        52      8       58

PRECIPITATION (IN)
  YESTERDAY        0.00          1.03 1933   0.08  -0.08     0.00
  MONTH TO DATE    0.01                      2.24  -2.23     0.01
  SINCE JUL 1      8.11                      6.35   1.76     0.95
  SINCE JAN 1      0.01                      2.24  -2.23     0.01

DEGREE DAYS
 HEATING
  YESTERDAY        5                        13     -8        7
  MONTH TO DATE  206                       371   -165      213
  SINCE DEC 1    462                       806   -344      616
  SINCE JUL 1    676                      1424   -748     1142

 COOLING
  YESTERDAY        0                         0      0        0
  MONTH TO DATE    1                         0      1        2
  SINCE DEC 1      2                         0      2        2
  SINCE JAN 1      1                         0      1        2
..................................................................


WIND (MPH)
  RESULTANT WIND SPEED   7   RESULTANT WIND DIRECTION   E (110)
  HIGHEST WIND SPEED    24   HIGHEST WIND DIRECTION    SE (130)
  HIGHEST GUST SPEED    30   HIGHEST GUST DIRECTION    SE (130)
  AVERAGE WIND SPEED    10.3


SKY COVER
  POSSIBLE SUNSHINE  MM
  AVERAGE SKY COVER 0.8


WEATHER CONDITIONS
 THE FOLLOWING WEATHER WAS RECORDED YESTERDAY.
  NO SIGNIFICANT WEATHER WAS OBSERVED.


RELATIVE HUMIDITY (PERCENT)
 HIGHEST    77          1100 PM
 LOWEST     45           300 PM
 AVERAGE    61

..........................................................


THE SALINAS AIRPORT CLIMATE NORMALS FOR TODAY
                         NORMAL    RECORD    YEAR
 MAXIMUM TEMPERATURE (F)   62        78      1934
 MINIMUM TEMPERATURE (F)   42        26      1975


SUNRISE AND SUNSET
JANUARY 28 2015.......SUNRISE   711 AM PST   SUNSET   528 PM PST
JANUARY 29 2015.......SUNRISE   711 AM PST   SUNSET   529 PM PST


-  INDICATES NEGATIVE NUMBERS.
R  INDICATES RECORD WAS SET OR TIED.
MM INDICATES DATA IS MISSING.
T  INDICATES TRACE AMOUNT.




$$
