000
CDUS46 KMTR 300828
CLISNS


CLIMATE REPORT
NATIONAL WEATHER SERVICE SAN FRANCISCO BAY AREA
128 AM PDT SAT APR 30 2016


...................................

...THE SALINAS AIRPORT CLIMATE SUMMARY FOR APRIL 29 2016...

CLIMATE NORMAL PERIOD 1981 TO 2010
CLIMATE RECORD PERIOD 1930 TO 2016


WEATHER ITEM   OBSERVED TIME   RECORD YEAR NORMAL DEPARTURE LAST
                VALUE   (LST)  VALUE       VALUE  FROM      YEAR
                                                  NORMAL
..................................................................
TEMPERATURE (F)
 YESTERDAY
  MAXIMUM         62    119 PM  95    1981  68     -6       66
  MINIMUM         52   1159 PM  35    1967  48      4       53
  AVERAGE         57                        58     -1       60

PRECIPITATION (IN)
  YESTERDAY        0.00          0.44 1938   0.02  -0.02     0.00
  MONTH TO DATE    0.50                      0.91  -0.41     0.64
  SINCE OCT 1     13.34                     12.17   1.17     9.46
  SINCE JAN 1      8.44                      8.26   0.18     1.47

DEGREE DAYS
 HEATING
  YESTERDAY        8                         7      1        5
  MONTH TO DATE  163                       247    -84      177
  SINCE MAR 1    399                       567   -168      290
  SINCE JUL 1   1790                      2381   -591     1139

 COOLING
  YESTERDAY        0                         0      0        0
  MONTH TO DATE   18                         0     18        1
  SINCE MAR 1     18                         1     17       18
  SINCE JAN 1     21                         1     20       26
..................................................................


WIND (MPH)
  RESULTANT WIND SPEED  12   RESULTANT WIND DIRECTION  SW (240)
  HIGHEST WIND SPEED    22   HIGHEST WIND DIRECTION    SW (230)
  HIGHEST GUST SPEED    28   HIGHEST GUST DIRECTION    SW (230)
  AVERAGE WIND SPEED    12.5


SKY COVER
  POSSIBLE SUNSHINE  MM
  AVERAGE SKY COVER 0.9


WEATHER CONDITIONS
 THE FOLLOWING WEATHER WAS RECORDED YESTERDAY.
  NO SIGNIFICANT WEATHER WAS OBSERVED.


RELATIVE HUMIDITY (PERCENT)
 HIGHEST    83           300 AM
 LOWEST     60          1200 PM
 AVERAGE    72

..........................................................


THE SALINAS AIRPORT CLIMATE NORMALS FOR TODAY
                         NORMAL    RECORD    YEAR
 MAXIMUM TEMPERATURE (F)   68        93      2014
 MINIMUM TEMPERATURE (F)   48        32      1933


SUNRISE AND SUNSET
APRIL 30 2016.........SUNRISE   513 AM PST   SUNSET   654 PM PST
MAY  1 2016...........SUNRISE   512 AM PST   SUNSET   655 PM PST


-  INDICATES NEGATIVE NUMBERS.
R  INDICATES RECORD WAS SET OR TIED.
MM INDICATES DATA IS MISSING.
T  INDICATES TRACE AMOUNT.




$$
