000
CDUS46 KMTR 270833
CLISNS


CLIMATE REPORT
NATIONAL WEATHER SERVICE SAN FRANCISCO BAY AREA
1233 AM PST FRI FEB 27 2015


...................................

...THE SALINAS AIRPORT CLIMATE SUMMARY FOR FEBRUARY 26 2015...

CLIMATE NORMAL PERIOD 1981 TO 2010
CLIMATE RECORD PERIOD 1930 TO 2015


WEATHER ITEM   OBSERVED TIME   RECORD YEAR NORMAL DEPARTURE LAST
                VALUE   (LST)  VALUE       VALUE  FROM      YEAR
                                                  NORMAL
..................................................................
TEMPERATURE (F)
 YESTERDAY
  MAXIMUM         70    138 PM  83    1992  64      6       MM
  MINIMUM         50    705 AM  28    1935  44      6       MM
  AVERAGE         60                        54      6       MM

PRECIPITATION (IN)
  YESTERDAY        0.00          0.71 2014   0.09  -0.09     0.71
  MONTH TO DATE    0.58                      2.32  -1.74     1.90
  SINCE OCT 1      8.58                      8.83  -0.25     2.85
  SINCE JAN 1      0.59                      4.92  -4.33     2.02

DEGREE DAYS
 HEATING
  YESTERDAY        5                        11     -6       MM
  MONTH TO DATE  130                       314   -184      257
  SINCE DEC 1    616                      1174   -558      901
  SINCE JUL 1    830                      1792   -962     1427

 COOLING
  YESTERDAY        0                         0      0       MM
  MONTH TO DATE    7                         0      7        0
  SINCE DEC 1      9                         0      9        2
  SINCE JAN 1      8                         0      8        2
..................................................................


WIND (MPH)
  RESULTANT WIND SPEED   6   RESULTANT WIND DIRECTION  SW (240)
  HIGHEST WIND SPEED    18   HIGHEST WIND DIRECTION     W (250)
  HIGHEST GUST SPEED    21   HIGHEST GUST DIRECTION    SW (220)
  AVERAGE WIND SPEED     8.1


SKY COVER
  POSSIBLE SUNSHINE  MM
  AVERAGE SKY COVER 0.5


WEATHER CONDITIONS
 THE FOLLOWING WEATHER WAS RECORDED YESTERDAY.
  HAZE


RELATIVE HUMIDITY (PERCENT)
 HIGHEST    83           400 AM
 LOWEST     40           100 PM
 AVERAGE    62

..........................................................


THE SALINAS AIRPORT CLIMATE NORMALS FOR TODAY
                         NORMAL    RECORD    YEAR
 MAXIMUM TEMPERATURE (F)   64        82      1992
 MINIMUM TEMPERATURE (F)   44        29      1962


SUNRISE AND SUNSET
FEBRUARY 27 2015......SUNRISE   640 AM PST   SUNSET   559 PM PST
FEBRUARY 28 2015......SUNRISE   639 AM PST   SUNSET   600 PM PST


-  INDICATES NEGATIVE NUMBERS.
R  INDICATES RECORD WAS SET OR TIED.
MM INDICATES DATA IS MISSING.
T  INDICATES TRACE AMOUNT.




$$
