542
CDUS45 KPIH 130809
CLISNT


CLIMATE REPORT
NATIONAL WEATHER SERVICE POCATELLO ID
104 AM MST SAT FEB 13 2016


...................................

...THE STANLEY ID CLIMATE SUMMARY FOR FEBRUARY 12 2016...

CLIMATE NORMAL PERIOD 1981 TO 2010
CLIMATE RECORD PERIOD 1916 TO 2016


WEATHER ITEM   OBSERVED TIME   RECORD YEAR NORMAL DEPARTURE LAST
                VALUE   (LST)  VALUE       VALUE  FROM      YEAR
                                                  NORMAL
..................................................................
TEMPERATURE (F)
 YESTERDAY
  MAXIMUM         50R   345 PM  50    2011  32     18       48
                                      1921
  MINIMUM         16    427 AM -24    1994   3     13       15
  AVERAGE         33                        17     16       32

PRECIPITATION (IN)
  YESTERDAY        0.00          0.46 2014   0.06  -0.06     0.00
  MONTH TO DATE    0.03                      0.89  -0.86     1.80
  SINCE OCT 1     10.05                      7.26   2.79     9.95
  SINCE JAN 1      2.48                      2.41   0.07     3.24

SNOWFALL (IN)
  YESTERDAY       MM
  MONTH TO DATE   MM
  SINCE DEC 1     MM
  SINCE JUL 1     MM
  SNOW DEPTH      MM

DEGREE DAYS
 HEATING
  YESTERDAY       32                        48    -16       33
  MONTH TO DATE  554                       585    -31      377
  SINCE DEC 1   3547                      3717   -170     3157
  SINCE JUL 1   6319                      6814   -495     5750

 COOLING
  YESTERDAY        0                         0      0        0
  MONTH TO DATE    0                         0      0        0
  SINCE DEC 1      0                         0      0        0
  SINCE JAN 1      0                         0      0        0
..................................................................


WIND (MPH)
  HIGHEST WIND SPEED     9   HIGHEST WIND DIRECTION     N (10)
  HIGHEST GUST SPEED    12   HIGHEST GUST DIRECTION     N (360)
  AVERAGE WIND SPEED     2.2


SKY COVER
  POSSIBLE SUNSHINE  MM
  AVERAGE SKY COVER 0.0


WEATHER CONDITIONS
 THE FOLLOWING WEATHER WAS RECORDED YESTERDAY.
  NO SIGNIFICANT WEATHER WAS OBSERVED.


RELATIVE HUMIDITY (PERCENT)
 HIGHEST    88           100 AM
 LOWEST     45           300 PM
 AVERAGE    67

..........................................................


THE STANLEY ID CLIMATE NORMALS FOR TODAY
                         NORMAL    RECORD    YEAR
 MAXIMUM TEMPERATURE (F)   32        49      1977
 MINIMUM TEMPERATURE (F)    3       -30      1966


SUNRISE AND SUNSET
FEBRUARY 13 2016......SUNRISE   743 AM MST   SUNSET   606 PM MST
FEBRUARY 14 2016......SUNRISE   741 AM MST   SUNSET   607 PM MST


-  INDICATES NEGATIVE NUMBERS.
R  INDICATES RECORD WAS SET OR TIED.
MM INDICATES DATA IS MISSING.
T  INDICATES TRACE AMOUNT.




$$
