000
CDUS45 KPIH 120732
CLISNT


CLIMATE REPORT
NATIONAL WEATHER SERVICE POCATELLO ID
1230 AM MST TUE DEC 12 2017


...................................

...THE STANLEY ID CLIMATE SUMMARY FOR DECEMBER 11 2017...

CLIMATE NORMAL PERIOD 1981 TO 2010
CLIMATE RECORD PERIOD 1916 TO 2017


WEATHER ITEM   OBSERVED TIME   RECORD YEAR NORMAL DEPARTURE LAST
                VALUE   (LST)  VALUE       VALUE  FROM      YEAR
                                                  NORMAL
..................................................................
TEMPERATURE (F)
 YESTERDAY
  MAXIMUM         29    323 PM  49    2014  25      4       26
                                      2004
  MINIMUM         -2    839 AM -43    1985   4     -6        4
  AVERAGE         14                        14      0       15

PRECIPITATION (IN)
  YESTERDAY        0.00          0.30 1995   0.04  -0.04     0.10
  MONTH TO DATE    0.37                      0.41  -0.04     1.99
  SINCE OCT 1      7.27                      3.99   3.28     7.45
  SINCE JAN 1     27.32                     16.20  11.12    18.44

SNOWFALL (IN)
  YESTERDAY       MM
  MONTH TO DATE   MM
  SINCE DEC 1     MM
  SINCE JUL 1     MM
  SNOW DEPTH      MM

DEGREE DAYS
 HEATING
  YESTERDAY       51                        50      1       50
  MONTH TO DATE  546                       543      3      582
  SINCE DEC 1    546                       543      3      582
  SINCE JUL 1   3187                      3640   -453     3199

 COOLING
  YESTERDAY        0                         0      0        0
  MONTH TO DATE    0                         0      0        0
  SINCE DEC 1      0                         0      0        0
  SINCE JAN 1     25                         3     22        4
..................................................................


WIND (MPH)
  HIGHEST WIND SPEED     5   HIGHEST WIND DIRECTION     S (180)
  HIGHEST GUST SPEED     6   HIGHEST GUST DIRECTION     S (180)
  AVERAGE WIND SPEED     0.0


SKY COVER
  POSSIBLE SUNSHINE  MM
  AVERAGE SKY COVER 0.0


WEATHER CONDITIONS
 THE FOLLOWING WEATHER WAS RECORDED YESTERDAY.
  NO SIGNIFICANT WEATHER WAS OBSERVED.


RELATIVE HUMIDITY (PERCENT)
 HIGHEST    92           700 PM
 LOWEST     62           300 PM
 AVERAGE    77

..........................................................


THE STANLEY ID CLIMATE NORMALS FOR TODAY
                         NORMAL    RECORD    YEAR
 MAXIMUM TEMPERATURE (F)   25        60      1921
 MINIMUM TEMPERATURE (F)    4       -50      1919


SUNRISE AND SUNSET
DECEMBER 12 2017......SUNRISE   806 AM MST   SUNSET   501 PM MST
DECEMBER 13 2017......SUNRISE   807 AM MST   SUNSET   501 PM MST


-  INDICATES NEGATIVE NUMBERS.
R  INDICATES RECORD WAS SET OR TIED.
MM INDICATES DATA IS MISSING.
T  INDICATES TRACE AMOUNT.




$$
