000
CDUS45 KPIH 290730
CLISNT


CLIMATE REPORT
NATIONAL WEATHER SERVICE POCATELLO ID
129 AM MDT FRI MAY 29 2015


...................................

...THE STANLEY ID CLIMATE SUMMARY FOR MAY 28 2015...

CLIMATE NORMAL PERIOD 1981 TO 2010
CLIMATE RECORD PERIOD 1916 TO 2015


WEATHER ITEM   OBSERVED TIME   RECORD YEAR NORMAL DEPARTURE LAST
                VALUE   (LST)  VALUE       VALUE  FROM      YEAR
                                                  NORMAL
..................................................................
TEMPERATURE (F)
 YESTERDAY
  MAXIMUM         65    512 PM  84    2003  61      4       68
  MINIMUM         35    108 AM  18    1923  31      4       31
  AVERAGE         50                        46      4       50

PRECIPITATION (IN)
  YESTERDAY        0.00          0.86 2010   0.06  -0.06     0.00
  MONTH TO DATE    2.23                      1.56   0.67     0.65
  SINCE OCT 1     14.48                     13.25   1.23    16.04
  SINCE JAN 1      7.77                      8.40  -0.63    12.43

SNOWFALL (IN)
  YESTERDAY       MM
  MONTH TO DATE   MM
  SINCE MAR 1     MM
  SINCE JUL 1     MM
  SNOW DEPTH      MM

DEGREE DAYS
 HEATING
  YESTERDAY       15                        19     -4       15
  MONTH TO DATE  529                       627    -98      585
  SINCE MAR 1   2294                      2753   -459     2697
  SINCE JUL 1   8672                     10287  -1615     9865

 COOLING
  YESTERDAY        0                         0      0        0
  MONTH TO DATE    0                         0      0        0
  SINCE MAR 1      0                         0      0        0
  SINCE JAN 1      0                         0      0        0
..................................................................


WIND (MPH)
  HIGHEST WIND SPEED    12   HIGHEST WIND DIRECTION    NW (320)
  HIGHEST GUST SPEED    16   HIGHEST GUST DIRECTION    NW (300)
  AVERAGE WIND SPEED     4.0


SKY COVER
  POSSIBLE SUNSHINE  MM
  AVERAGE SKY COVER 0.0


WEATHER CONDITIONS
 THE FOLLOWING WEATHER WAS RECORDED YESTERDAY.
  NO SIGNIFICANT WEATHER WAS OBSERVED.


RELATIVE HUMIDITY (PERCENT)
 HIGHEST    92          1200 AM
 LOWEST     34           300 PM
 AVERAGE    63

..........................................................


THE STANLEY ID CLIMATE NORMALS FOR TODAY
                         NORMAL    RECORD    YEAR
 MAXIMUM TEMPERATURE (F)   62        82      2003
                                             1986
 MINIMUM TEMPERATURE (F)   31        18      1977


SUNRISE AND SUNSET
MAY 29 2015...........SUNRISE   601 AM MDT   SUNSET   914 PM MDT
MAY 30 2015...........SUNRISE   601 AM MDT   SUNSET   914 PM MDT


-  INDICATES NEGATIVE NUMBERS.
R  INDICATES RECORD WAS SET OR TIED.
MM INDICATES DATA IS MISSING.
T  INDICATES TRACE AMOUNT.




$$
