000
CDUS45 KPIH 022322
CLISNT


CLIMATE REPORT
NATIONAL WEATHER SERVICE POCATELLO ID
521 PM MDT TUE SEP 2 2014


...................................

...THE STANLEY ID CLIMATE SUMMARY FOR SEPTEMBER 2 2014...
VALID TODAY AS OF 0500 PM LOCAL TIME.

CLIMATE NORMAL PERIOD 1981 TO 2010
CLIMATE RECORD PERIOD 1916 TO 2014


WEATHER ITEM   OBSERVED TIME   RECORD YEAR NORMAL DEPARTURE LAST
                VALUE   (LST)  VALUE       VALUE  FROM      YEAR
                                                  NORMAL
..................................................................
TEMPERATURE (F)
 TODAY
  MAXIMUM         74    340 PM  88    1967  72      2       79
  MINIMUM         26    540 AM  20    1965  31     -5       44
  AVERAGE         50                        51     -1       62

PRECIPITATION (IN)
  TODAY            0.00          0.26 1921   0.04  -0.04     0.00
  MONTH TO DATE    0.00                      0.07  -0.07     0.00
  SINCE OCT 1     18.32                     16.21   2.11    14.64
  SINCE JAN 1     14.71                     11.36   3.35     6.45

SNOWFALL (IN)
  TODAY           MM
  MONTH TO DATE   MM
  SINCE SEP 1     MM
  SINCE JUL 1     MM
  SNOW DEPTH      MM

DEGREE DAYS
 HEATING
  TODAY           15                        14      1        3
  MONTH TO DATE   32                        27      5        8
  SINCE SEP 1     32                        27      5        8
  SINCE JUL 1    371                       547   -176      335

 COOLING
  TODAY            0                         0      0        0
  MONTH TO DATE    0                         0      0        0
  SINCE SEP 1      0                         0      0        0
  SINCE JAN 1     16                         3     13       19
..................................................................


WIND (MPH)
  HIGHEST WIND SPEED    14   HIGHEST WIND DIRECTION     S (180)
  HIGHEST GUST SPEED    20   HIGHEST GUST DIRECTION     S (180)
  AVERAGE WIND SPEED     3.8


SKY COVER
  POSSIBLE SUNSHINE  MM
  AVERAGE SKY COVER 0.0


WEATHER CONDITIONS
 THE FOLLOWING WEATHER WAS RECORDED TODAY.
  NO SIGNIFICANT WEATHER WAS OBSERVED.


RELATIVE HUMIDITY (PERCENT)
 HIGHEST    92           500 AM
 LOWEST     13           300 PM
 AVERAGE    53

..........................................................


THE STANLEY ID CLIMATE NORMALS FOR TOMORROW
                         NORMAL    RECORD    YEAR
 MAXIMUM TEMPERATURE (F)   72        88      1988
 MINIMUM TEMPERATURE (F)   30        19      1980


SUNRISE AND SUNSET
SEPTEMBER  2 2014.....SUNRISE   704 AM MDT   SUNSET   814 PM MDT
SEPTEMBER  3 2014.....SUNRISE   705 AM MDT   SUNSET   812 PM MDT


-  INDICATES NEGATIVE NUMBERS.
R  INDICATES RECORD WAS SET OR TIED.
MM INDICATES DATA IS MISSING.
T  INDICATES TRACE AMOUNT.




$$
