000
CDUS45 KPIH 300730
CLISNT


CLIMATE REPORT
NATIONAL WEATHER SERVICE POCATELLO ID
128 AM MDT TUE SEP 30 2014


...................................

...THE STANLEY ID CLIMATE SUMMARY FOR SEPTEMBER 29 2014...

CLIMATE NORMAL PERIOD 1981 TO 2010
CLIMATE RECORD PERIOD 1916 TO 2014


WEATHER ITEM   OBSERVED TIME   RECORD YEAR NORMAL DEPARTURE LAST
                VALUE   (LST)  VALUE       VALUE  FROM      YEAR
                                                  NORMAL
..................................................................
TEMPERATURE (F)
 YESTERDAY
  MAXIMUM         54    321 PM  82    1967  62     -8       44
  MINIMUM         36    519 AM   9    1985  26     10       40
  AVERAGE         45                        44      1       42

PRECIPITATION (IN)
  YESTERDAY        0.10          1.85 2013   0.03   0.07     1.85
  MONTH TO DATE    1.07                      0.90   0.17     3.07
  SINCE OCT 1     19.39                     17.04   2.35    17.71
  SINCE JAN 1     15.78                     12.19   3.59     9.52

SNOWFALL (IN)
  YESTERDAY       MM
  MONTH TO DATE   MM
  SINCE SEP 1     MM
  SINCE JUL 1     MM
  SNOW DEPTH      MM

DEGREE DAYS
 HEATING
  YESTERDAY       20                        21     -1       23
  MONTH TO DATE  388                       500   -112      398
  SINCE SEP 1    388                       500   -112      398
  SINCE JUL 1    727                      1020   -293      725

 COOLING
  YESTERDAY        0                         0      0        0
  MONTH TO DATE    0                         0      0        0
  SINCE SEP 1      0                         0      0        0
  SINCE JAN 1     16                         3     13       19
..................................................................


WIND (MPH)
  HIGHEST WIND SPEED    12   HIGHEST WIND DIRECTION    SE (130)
  HIGHEST GUST SPEED    17   HIGHEST GUST DIRECTION    SE (130)
  AVERAGE WIND SPEED     2.9


SKY COVER
  POSSIBLE SUNSHINE  MM
  AVERAGE SKY COVER 0.0


WEATHER CONDITIONS
 THE FOLLOWING WEATHER WAS RECORDED YESTERDAY.
  NO SIGNIFICANT WEATHER WAS OBSERVED.


RELATIVE HUMIDITY (PERCENT)
 HIGHEST    92           600 AM
 LOWEST     54           400 PM
 AVERAGE    73

..........................................................


THE STANLEY ID CLIMATE NORMALS FOR TODAY
                         NORMAL    RECORD    YEAR
 MAXIMUM TEMPERATURE (F)   62        80      2010
                                             1989
 MINIMUM TEMPERATURE (F)   26        12      1985


SUNRISE AND SUNSET
SEPTEMBER 30 2014.....SUNRISE   736 AM MDT   SUNSET   722 PM MDT
OCTOBER  1 2014.......SUNRISE   737 AM MDT   SUNSET   720 PM MDT


-  INDICATES NEGATIVE NUMBERS.
R  INDICATES RECORD WAS SET OR TIED.
MM INDICATES DATA IS MISSING.
T  INDICATES TRACE AMOUNT.




$$
