000
CDUS45 KPIH 300734
CLISNT


CLIMATE REPORT
NATIONAL WEATHER SERVICE POCATELLO ID
134 AM MDT THU OCT 30 2014


...................................

...THE STANLEY ID CLIMATE SUMMARY FOR OCTOBER 29 2014...

CLIMATE NORMAL PERIOD 1981 TO 2010
CLIMATE RECORD PERIOD 1916 TO 2014


WEATHER ITEM   OBSERVED TIME   RECORD YEAR NORMAL DEPARTURE LAST
                VALUE   (LST)  VALUE       VALUE  FROM      YEAR
                                                  NORMAL
..................................................................
TEMPERATURE (F)
 YESTERDAY
  MAXIMUM         53    219 PM  67    1987  47      6       41
  MINIMUM         31   1149 PM -10    1971  20     11       20
  AVERAGE         42                        33      9       31

PRECIPITATION (IN)
  YESTERDAY        0.04          0.43 1919   0.07  -0.03     0.00
  MONTH TO DATE    1.31                      1.32  -0.01     0.37
  SINCE OCT 1      1.31                      1.32  -0.01     0.37
  SINCE JAN 1     17.22                     13.53   3.69    10.87

SNOWFALL (IN)
  YESTERDAY       MM
  MONTH TO DATE   MM
  SINCE SEP 1     MM
  SINCE JUL 1     MM
  SNOW DEPTH      MM

DEGREE DAYS
 HEATING
  YESTERDAY       23                        32     -9       34
  MONTH TO DATE  636                       757   -121      808
  SINCE SEP 1   1048                      1278   -230     1232
  SINCE JUL 1   1387                      1798   -411     1559

 COOLING
  YESTERDAY        0                         0      0        0
  MONTH TO DATE    0                         0      0        0
  SINCE SEP 1      0                         0      0        0
  SINCE JAN 1     16                         3     13       19
..................................................................


WIND (MPH)
  HIGHEST WIND SPEED    13   HIGHEST WIND DIRECTION     S (190)
  HIGHEST GUST SPEED    17   HIGHEST GUST DIRECTION     W (250)
  AVERAGE WIND SPEED     2.9


SKY COVER
  POSSIBLE SUNSHINE  MM
  AVERAGE SKY COVER 0.0


WEATHER CONDITIONS
 THE FOLLOWING WEATHER WAS RECORDED YESTERDAY.
  NO SIGNIFICANT WEATHER WAS OBSERVED.


RELATIVE HUMIDITY (PERCENT)
 HIGHEST    85           600 AM
 LOWEST     41           100 PM
 AVERAGE    63

..........................................................


THE STANLEY ID CLIMATE NORMALS FOR TODAY
                         NORMAL    RECORD    YEAR
 MAXIMUM TEMPERATURE (F)   46        61      1983
 MINIMUM TEMPERATURE (F)   19       -10      1991


SUNRISE AND SUNSET
OCTOBER 30 2014.......SUNRISE   814 AM MDT   SUNSET   632 PM MDT
OCTOBER 31 2014.......SUNRISE   815 AM MDT   SUNSET   631 PM MDT


-  INDICATES NEGATIVE NUMBERS.
R  INDICATES RECORD WAS SET OR TIED.
MM INDICATES DATA IS MISSING.
T  INDICATES TRACE AMOUNT.




$$
