000
CDUS45 KPIH 220729
CLISNT


CLIMATE REPORT
NATIONAL WEATHER SERVICE POCATELLO ID
129 AM MDT SUN OCT 22 2017


...................................

...THE STANLEY ID CLIMATE SUMMARY FOR OCTOBER 21 2017...

CLIMATE NORMAL PERIOD 1981 TO 2010
CLIMATE RECORD PERIOD 1916 TO 2017


WEATHER ITEM   OBSERVED TIME   RECORD YEAR NORMAL DEPARTURE LAST
                VALUE   (LST)  VALUE       VALUE  FROM      YEAR
                                                  NORMAL
..................................................................
TEMPERATURE (F)
 YESTERDAY
  MAXIMUM         35   1159 PM  73    2003  52    -17       63
  MINIMUM         15    647 AM   1    1996  22     -7       29
  AVERAGE         25                        37    -12       46

PRECIPITATION (IN)
  YESTERDAY        0.10          0.38 2014   0.06   0.04     0.00
  MONTH TO DATE    1.19                      0.76   0.43     2.70
  SINCE OCT 1      1.19                      0.76   0.43     2.70
  SINCE JAN 1     21.24                     12.97   8.27    13.69

SNOWFALL (IN)
  YESTERDAY       MM
  MONTH TO DATE   MM
  SINCE SEP 1     MM
  SINCE JUL 1     MM
  SNOW DEPTH      MM

DEGREE DAYS
 HEATING
  YESTERDAY       40                        28     12       19
  MONTH TO DATE  606                       515     91      531
  SINCE SEP 1   1039                      1036      3      989
  SINCE JUL 1   1254                      1556   -302     1467

 COOLING
  YESTERDAY        0                         0      0        0
  MONTH TO DATE    0                         0      0        0
  SINCE SEP 1      0                         0      0        0
  SINCE JAN 1     25                         3     22        4
..................................................................


WIND (MPH)
  HIGHEST WIND SPEED    15   HIGHEST WIND DIRECTION    SE (150)
  HIGHEST GUST SPEED    23   HIGHEST GUST DIRECTION    SE (150)
  AVERAGE WIND SPEED     5.9


SKY COVER
  POSSIBLE SUNSHINE  MM
  AVERAGE SKY COVER 0.0


WEATHER CONDITIONS
 THE FOLLOWING WEATHER WAS RECORDED YESTERDAY.
  NO SIGNIFICANT WEATHER WAS OBSERVED.


RELATIVE HUMIDITY (PERCENT)
 HIGHEST    96          1100 PM
 LOWEST     64          1100 AM
 AVERAGE    80

..........................................................


THE STANLEY ID CLIMATE NORMALS FOR TODAY
                         NORMAL    RECORD    YEAR
 MAXIMUM TEMPERATURE (F)   51        75      2003
 MINIMUM TEMPERATURE (F)   22         7      2008
                                             1984


SUNRISE AND SUNSET
OCTOBER 22 2017.......SUNRISE   804 AM MDT   SUNSET   644 PM MDT
OCTOBER 23 2017.......SUNRISE   805 AM MDT   SUNSET   642 PM MDT


-  INDICATES NEGATIVE NUMBERS.
R  INDICATES RECORD WAS SET OR TIED.
MM INDICATES DATA IS MISSING.
T  INDICATES TRACE AMOUNT.




$$
