000
CDUS45 KPIH 050742
CLISNT


CLIMATE REPORT
NATIONAL WEATHER SERVICE POCATELLO ID
1238 AM MST THU MAR 5 2015


...................................

...THE STANLEY ID CLIMATE SUMMARY FOR MARCH 4 2015...

CLIMATE NORMAL PERIOD 1981 TO 2010
CLIMATE RECORD PERIOD 1916 TO 2015


WEATHER ITEM   OBSERVED TIME   RECORD YEAR NORMAL DEPARTURE LAST
                VALUE   (LST)  VALUE       VALUE  FROM      YEAR
                                                  NORMAL
..................................................................
TEMPERATURE (F)
 YESTERDAY
  MAXIMUM         38    427 PM  53    1994  39     -1       41
  MINIMUM         -4    731 AM -31    1966   9    -13       17
  AVERAGE         17                        24     -7       29

PRECIPITATION (IN)
  YESTERDAY        0.00          0.50 1996   0.04  -0.04     0.04
  MONTH TO DATE    0.00                      0.16  -0.16     0.65
  SINCE OCT 1      9.98                      8.32   1.66    10.80
  SINCE JAN 1      3.27                      3.47  -0.20     7.19

SNOWFALL (IN)
  YESTERDAY       MM
  MONTH TO DATE   MM
  SINCE MAR 1     MM
  SINCE JUL 1     MM
  SNOW DEPTH      MM

DEGREE DAYS
 HEATING
  YESTERDAY       48                        41      7       36
  MONTH TO DATE  184                       167     17      135
  SINCE MAR 1    184                       167     17      135
  SINCE JUL 1   6562                      7701  -1139     7303

 COOLING
  YESTERDAY        0                         0      0        0
  MONTH TO DATE    0                         0      0        0
  SINCE MAR 1      0                         0      0        0
  SINCE JAN 1      0                         0      0        0
..................................................................


WIND (MPH)
  HIGHEST WIND SPEED     8   HIGHEST WIND DIRECTION    NW (330)
  HIGHEST GUST SPEED    12   HIGHEST GUST DIRECTION    NW (310)
  AVERAGE WIND SPEED     2.7


SKY COVER
  POSSIBLE SUNSHINE  MM
  AVERAGE SKY COVER 0.0


WEATHER CONDITIONS
 THE FOLLOWING WEATHER WAS RECORDED YESTERDAY.
  NO SIGNIFICANT WEATHER WAS OBSERVED.


RELATIVE HUMIDITY (PERCENT)
 HIGHEST    71           600 AM
 LOWEST     21           400 PM
 AVERAGE    46

..........................................................


THE STANLEY ID CLIMATE NORMALS FOR TODAY
                         NORMAL    RECORD    YEAR
 MAXIMUM TEMPERATURE (F)   39        55      1987
 MINIMUM TEMPERATURE (F)    9       -28      1923


SUNRISE AND SUNSET
MARCH  5 2015.........SUNRISE   710 AM MST   SUNSET   633 PM MST
MARCH  6 2015.........SUNRISE   708 AM MST   SUNSET   634 PM MST


-  INDICATES NEGATIVE NUMBERS.
R  INDICATES RECORD WAS SET OR TIED.
MM INDICATES DATA IS MISSING.
T  INDICATES TRACE AMOUNT.




$$
