000
CDUS45 KCYS 010726
CLISNY


CLIMATE REPORT
NATIONAL WEATHER SERVICE CHEYENNE WY
126 AM MDT TUE SEP 1 2015


...................................

...THE SIDNEY NE AIRPORT CLIMATE SUMMARY FOR AUGUST 31 2015...

CLIMATE NORMAL PERIOD 1981 TO 2010
CLIMATE RECORD PERIOD 1948 TO 2015


WEATHER ITEM   OBSERVED TIME   RECORD YEAR NORMAL DEPARTURE LAST
                VALUE   (LST)  VALUE       VALUE  FROM      YEAR
                                                  NORMAL
..................................................................
TEMPERATURE (F)
 YESTERDAY
  MAXIMUM         88    138 PM  99    2013  86      2       80
                                      1985
  MINIMUM         57    339 AM  38    1993  55      2       48
  AVERAGE         73                        70      3       64

PRECIPITATION (IN)
  YESTERDAY        0.00          0.87 1949   0.07  -0.07     0.05
  MONTH TO DATE    0.54                      2.26  -1.72     2.91
  SINCE JAN 1     19.27                     15.16   4.11    11.68

DEGREE DAYS
 HEATING
  YESTERDAY        0                         1     -1        1
  MONTH TO DATE   31                         4     27        3
  SINCE JUN 1     38                        70    -32       67
  SINCE JUL 1     38                        11     27       12

 COOLING
  YESTERDAY        8                         6      2        0
  MONTH TO DATE  219                       264    -45      215
  SINCE JUN 1    568                       720   -152      542
  SINCE JAN 1    568                       742   -174      558
..................................................................


WIND (MPH)
  HIGHEST WIND SPEED    17   HIGHEST WIND DIRECTION    NW (320)
  HIGHEST GUST SPEED    23   HIGHEST GUST DIRECTION    NW (310)
  AVERAGE WIND SPEED     9.5


SKY COVER
  AVERAGE SKY COVER 0.1


WEATHER CONDITIONS
 THE FOLLOWING WEATHER WAS RECORDED YESTERDAY.
  NO SIGNIFICANT WEATHER WAS OBSERVED.


RELATIVE HUMIDITY (PERCENT)
 HIGHEST    72          1100 PM
 LOWEST     29           200 PM
 AVERAGE    51

..........................................................


THE SIDNEY NE AIRPORT CLIMATE NORMALS FOR TODAY
                         NORMAL    RECORD    YEAR
 MAXIMUM TEMPERATURE (F)   85        98      2012
                                             1988
                                             1975
 MINIMUM TEMPERATURE (F)   55        34      1965


SUNRISE AND SUNSET
SEPTEMBER  1 2015.....SUNRISE   618 AM MDT   SUNSET   725 PM MDT
SEPTEMBER  2 2015.....SUNRISE   619 AM MDT   SUNSET   723 PM MDT


-  INDICATES NEGATIVE NUMBERS.
R  INDICATES RECORD WAS SET OR TIED.
MM INDICATES DATA IS MISSING.
T  INDICATES TRACE AMOUNT.




$$
