000
CDUS45 KCYS 060434
CLISNY


CLIMATE REPORT
NATIONAL WEATHER SERVICE CHEYENNE WY
934 PM MST THU MAR 5 2015


...................................

...THE SIDNEY NE AIRPORT CLIMATE SUMMARY FOR MARCH 5 2015...
VALID TODAY AS OF 0900 PM LOCAL TIME.

CLIMATE NORMAL PERIOD 1981 TO 2010
CLIMATE RECORD PERIOD 1948 TO 2015


WEATHER ITEM   OBSERVED TIME   RECORD YEAR NORMAL DEPARTURE LAST
                VALUE   (LST)  VALUE       VALUE  FROM      YEAR
                                                  NORMAL
..................................................................
TEMPERATURE (F)
 TODAY
  MAXIMUM         45    250 PM  73    2012  50     -5       53
  MINIMUM          5    455 AM -19    1989  23    -18       28
  AVERAGE         25                        36    -11       41

PRECIPITATION (IN)
  TODAY            0.00          1.68 1983   0.02  -0.02     0.00
  MONTH TO DATE    0.05                      0.10  -0.05     0.06
  SINCE JAN 1      0.79                      0.62   0.17     1.01

DEGREE DAYS
 HEATING
  TODAY           40                        29     11       24
  MONTH TO DATE  209                       146     63      214
  SINCE MAR 1    209                       146     63      214
  SINCE JUL 1   4941                      4728    213     5203

 COOLING
  TODAY            0                         0      0        0
  MONTH TO DATE    0                         0      0        0
  SINCE MAR 1      0                         0      0        0
  SINCE JAN 1      0                         0      0        0
..................................................................


WIND (MPH)
  HIGHEST WIND SPEED    26   HIGHEST WIND DIRECTION    NW (310)
  HIGHEST GUST SPEED    33   HIGHEST GUST DIRECTION    NW (310)
  AVERAGE WIND SPEED    12.9


SKY COVER
  AVERAGE SKY COVER 0.0


WEATHER CONDITIONS
 THE FOLLOWING WEATHER WAS RECORDED TODAY.
  NO SIGNIFICANT WEATHER WAS OBSERVED.


RELATIVE HUMIDITY (PERCENT)
 HIGHEST    83           500 AM
 LOWEST     27           300 PM
 AVERAGE    55

..........................................................


THE SIDNEY NE AIRPORT CLIMATE NORMALS FOR TOMORROW
                         NORMAL    RECORD    YEAR
 MAXIMUM TEMPERATURE (F)   51        74      2012
                                             1972
 MINIMUM TEMPERATURE (F)   23       -12      1989


SUNRISE AND SUNSET
MARCH  5 2015.........SUNRISE   620 AM MST   SUNSET   547 PM MST
MARCH  6 2015.........SUNRISE   619 AM MST   SUNSET   548 PM MST


-  INDICATES NEGATIVE NUMBERS.
R  INDICATES RECORD WAS SET OR TIED.
MM INDICATES DATA IS MISSING.
T  INDICATES TRACE AMOUNT.




$$
