000
CDUS45 KCYS 180729
CLISNY


CLIMATE REPORT
NATIONAL WEATHER SERVICE CHEYENNE WY
128 AM MDT FRI APR 18 2014


...................................

...THE SIDNEY NE AIRPORT CLIMATE SUMMARY FOR APRIL 17 2014...

CLIMATE NORMAL PERIOD 1981 TO 2010
CLIMATE RECORD PERIOD 1948 TO 2014


WEATHER ITEM   OBSERVED TIME   RECORD YEAR NORMAL DEPARTURE LAST
                VALUE   (LST)  VALUE       VALUE  FROM      YEAR
                                                  NORMAL
..................................................................
TEMPERATURE (F)
 YESTERDAY
  MAXIMUM         62    500 PM  84    1948  62      0       31
  MINIMUM         31    651 AM  11    1953  33     -2       22
  AVERAGE         47                        48     -1       27

PRECIPITATION (IN)
  YESTERDAY        0.00          0.90 2009   0.07  -0.07     0.08
  MONTH TO DATE    0.20                      1.02  -0.82     1.74
  SINCE JAN 1      1.71                      2.64  -0.93     2.69

DEGREE DAYS
 HEATING
  YESTERDAY       18                        17      1       38
  MONTH TO DATE  346                       338      8      471
  SINCE MAR 1   1159                      1141     18     1348
  SINCE JUL 1   6148                      5723    425     6078

 COOLING
  YESTERDAY        0                         0      0        0
  MONTH TO DATE    0                         0      0        0
  SINCE MAR 1      0                         0      0        0
  SINCE JAN 1      0                         0      0        0
..................................................................


WIND (MPH)
  HIGHEST WIND SPEED    22   HIGHEST WIND DIRECTION     S (190)
  HIGHEST GUST SPEED    26   HIGHEST GUST DIRECTION     S (170)
  AVERAGE WIND SPEED    14.2


SKY COVER
  AVERAGE SKY COVER 0.6


WEATHER CONDITIONS
 THE FOLLOWING WEATHER WAS RECORDED YESTERDAY.
  FOG
  FOG W/VISIBILITY <= 1/4 MILE
  HAZE


RELATIVE HUMIDITY (PERCENT)
 HIGHEST   100           600 AM
 LOWEST     36           400 PM
 AVERAGE    68

..........................................................


THE SIDNEY NE AIRPORT CLIMATE NORMALS FOR TODAY
                         NORMAL    RECORD    YEAR
 MAXIMUM TEMPERATURE (F)   63        84      1987
 MINIMUM TEMPERATURE (F)   34         9      1953


SUNRISE AND SUNSET
APRIL 18 2014.........SUNRISE   608 AM MDT   SUNSET   735 PM MDT
APRIL 19 2014.........SUNRISE   607 AM MDT   SUNSET   736 PM MDT


-  INDICATES NEGATIVE NUMBERS.
R  INDICATES RECORD WAS SET OR TIED.
MM INDICATES DATA IS MISSING.
T  INDICATES TRACE AMOUNT.




$$
