000
CDUS45 KCYS 270730
CLISNY


CLIMATE REPORT
NATIONAL WEATHER SERVICE CHEYENNE WY
129 AM MDT WED JUL 27 2016


...................................

...THE SIDNEY NE AIRPORT CLIMATE SUMMARY FOR JULY 26 2016...

CLIMATE NORMAL PERIOD 1981 TO 2010
CLIMATE RECORD PERIOD 1948 TO 2016


WEATHER ITEM   OBSERVED TIME   RECORD YEAR NORMAL DEPARTURE LAST
                VALUE   (LST)  VALUE       VALUE  FROM      YEAR
                                                  NORMAL
..................................................................
TEMPERATURE (F)
 YESTERDAY
  MAXIMUM         96   1243 PM  99    2011  91      5       98
                                      2000
  MINIMUM         61    353 AM  48    1971  61      0       63
  AVERAGE         79                        76      3       81

PRECIPITATION (IN)
  YESTERDAY        0.00          1.12 1981   0.09  -0.09     0.06
  MONTH TO DATE    0.39                      2.50  -2.11     1.64
  SINCE JAN 1      8.18                     12.44  -4.26    18.73

DEGREE DAYS
 HEATING
  YESTERDAY        0                         0      0        0
  MONTH TO DATE    0                         0      0        7
  SINCE JUN 1     10                        59    -49        7
  SINCE JUL 1      0                         0      0        7

 COOLING
  YESTERDAY       14                        11      3       16
  MONTH TO DATE  264                       266     -2      209
  SINCE JUN 1    474                       403     71      318
  SINCE JAN 1    478                       425     53      318
..................................................................


WIND (MPH)
  HIGHEST WIND SPEED    28   HIGHEST WIND DIRECTION    SW (220)
  HIGHEST GUST SPEED    33   HIGHEST GUST DIRECTION    SW (220)
  AVERAGE WIND SPEED    11.9


SKY COVER
  AVERAGE SKY COVER 0.0


WEATHER CONDITIONS
 THE FOLLOWING WEATHER WAS RECORDED YESTERDAY.
  FOG


RELATIVE HUMIDITY (PERCENT)
 HIGHEST   100           400 AM
 LOWEST     16           500 PM
 AVERAGE    58

..........................................................


THE SIDNEY NE AIRPORT CLIMATE NORMALS FOR TODAY
                         NORMAL    RECORD    YEAR
 MAXIMUM TEMPERATURE (F)   91       101      2012
                                             1949
 MINIMUM TEMPERATURE (F)   61        49      2005
                                             1980


SUNRISE AND SUNSET
JULY 27 2016..........SUNRISE   543 AM MDT   SUNSET   813 PM MDT
JULY 28 2016..........SUNRISE   544 AM MDT   SUNSET   812 PM MDT


-  INDICATES NEGATIVE NUMBERS.
R  INDICATES RECORD WAS SET OR TIED.
MM INDICATES DATA IS MISSING.
T  INDICATES TRACE AMOUNT.




$$
