000
CDUS45 KCYS 270328
CLISNY


CLIMATE REPORT
NATIONAL WEATHER SERVICE CHEYENNE WY
928 PM MDT THU MAR 26 2015


...................................

...THE SIDNEY NE AIRPORT CLIMATE SUMMARY FOR MARCH 26 2015...
VALID TODAY AS OF 0900 PM LOCAL TIME.

CLIMATE NORMAL PERIOD 1981 TO 2010
CLIMATE RECORD PERIOD 1948 TO 2015


WEATHER ITEM   OBSERVED TIME   RECORD YEAR NORMAL DEPARTURE LAST
                VALUE   (LST)  VALUE       VALUE  FROM      YEAR
                                                  NORMAL
..................................................................
TEMPERATURE (F)
 TODAY
  MAXIMUM         57    232 PM  83    2012  56      1       74
  MINIMUM         22    502 AM  -6    1965  27     -5       24
  AVERAGE         40                        41     -1       49

PRECIPITATION (IN)
  TODAY            0.00          0.73 1983   0.05  -0.05     0.05
  MONTH TO DATE    0.22                      0.86  -0.64     0.56
  SINCE JAN 1      0.96                      1.38  -0.42     1.51

DEGREE DAYS
 HEATING
  TODAY           25                        24      1       16
  MONTH TO DATE  592                       690    -98      709
  SINCE MAR 1    592                       690    -98      709
  SINCE JUL 1   5324                      5272     52     5698

 COOLING
  TODAY            0                         0      0        0
  MONTH TO DATE    0                         0      0        0
  SINCE MAR 1      0                         0      0        0
  SINCE JAN 1      0                         0      0        0
..................................................................


WIND (MPH)
  HIGHEST WIND SPEED    35   HIGHEST WIND DIRECTION     N (340)
  HIGHEST GUST SPEED    42   HIGHEST GUST DIRECTION     N (340)
  AVERAGE WIND SPEED    17.0


SKY COVER
  AVERAGE SKY COVER 0.8


WEATHER CONDITIONS
 THE FOLLOWING WEATHER WAS RECORDED TODAY.
  NO SIGNIFICANT WEATHER WAS OBSERVED.


RELATIVE HUMIDITY (PERCENT)
 HIGHEST    92           300 AM
 LOWEST     29          1100 AM
 AVERAGE    61

..........................................................


THE SIDNEY NE AIRPORT CLIMATE NORMALS FOR TOMORROW
                         NORMAL    RECORD    YEAR
 MAXIMUM TEMPERATURE (F)   56        77      1986
 MINIMUM TEMPERATURE (F)   27        -1      1955


SUNRISE AND SUNSET
MARCH 26 2015.........SUNRISE   646 AM MDT   SUNSET   710 PM MDT
MARCH 27 2015.........SUNRISE   644 AM MDT   SUNSET   711 PM MDT


-  INDICATES NEGATIVE NUMBERS.
R  INDICATES RECORD WAS SET OR TIED.
MM INDICATES DATA IS MISSING.
T  INDICATES TRACE AMOUNT.




$$
