979
CDUS45 KCYS 090747
CLISNY


CLIMATE REPORT
NATIONAL WEATHER SERVICE CHEYENNE WY
1246 AM MST TUE FEB 9 2016


...................................

...THE SIDNEY NE AIRPORT CLIMATE SUMMARY FOR FEBRUARY 8 2016...

CLIMATE NORMAL PERIOD 1981 TO 2010
CLIMATE RECORD PERIOD 1948 TO 2016


WEATHER ITEM   OBSERVED TIME   RECORD YEAR NORMAL DEPARTURE LAST
                VALUE   (LST)  VALUE       VALUE  FROM      YEAR
                                                  NORMAL
..................................................................
TEMPERATURE (F)
 YESTERDAY
  MAXIMUM         39    759 PM  75    1954  43     -4       63
  MINIMUM         19    546 AM -10    1989  18      1       29
  AVERAGE         29                        30     -1       46

PRECIPITATION (IN)
  YESTERDAY        0.00          0.34 1980   0.01  -0.01     0.00
  MONTH TO DATE    0.11                      0.07   0.04     0.22
  SINCE JAN 1      0.17                      0.27  -0.10     0.59

DEGREE DAYS
 HEATING
  YESTERDAY       36                        35      1       19
  MONTH TO DATE  335                       280     55      210
  SINCE DEC 1   2692                      2515    177     2529
  SINCE JUL 1   4042                      3937    105     4019

 COOLING
  YESTERDAY        0                         0      0        0
  MONTH TO DATE    0                         0      0        0
  SINCE DEC 1      0                         0      0        0
  SINCE JAN 1      0                         0      0        0
..................................................................


WIND (MPH)
  HIGHEST WIND SPEED    30   HIGHEST WIND DIRECTION    NW (320)
  HIGHEST GUST SPEED    38   HIGHEST GUST DIRECTION    NW (320)
  AVERAGE WIND SPEED    16.1


SKY COVER
  AVERAGE SKY COVER 0.3


WEATHER CONDITIONS
 THE FOLLOWING WEATHER WAS RECORDED YESTERDAY.
  NO SIGNIFICANT WEATHER WAS OBSERVED.


RELATIVE HUMIDITY (PERCENT)
 HIGHEST    78          1000 PM
 LOWEST     52          1200 PM
 AVERAGE    65

..........................................................


THE SIDNEY NE AIRPORT CLIMATE NORMALS FOR TODAY
                         NORMAL    RECORD    YEAR
 MAXIMUM TEMPERATURE (F)   44        70      1954
 MINIMUM TEMPERATURE (F)   18       -23      1982


SUNRISE AND SUNSET
FEBRUARY  9 2016......SUNRISE   654 AM MST   SUNSET   518 PM MST
FEBRUARY 10 2016......SUNRISE   653 AM MST   SUNSET   519 PM MST


-  INDICATES NEGATIVE NUMBERS.
R  INDICATES RECORD WAS SET OR TIED.
MM INDICATES DATA IS MISSING.
T  INDICATES TRACE AMOUNT.




$$
