000
CDUS45 KPUB 251136
CLISPD


CLIMATE REPORT
NATIONAL WEATHER SERVICE PUEBLO
436 AM MST THU DEC 25 2014


...................................

...THE SPRINGFIELD CO CLIMATE SUMMARY FOR DECEMBER 24 2014...

CLIMATE NORMAL PERIOD 1981 TO 2010
CLIMATE RECORD PERIOD 9999 TO 9999


WEATHER ITEM   OBSERVED TIME   NORMAL DEPARTURE LAST
                VALUE   (LST)  VALUE  FROM      YEAR
                                      NORMAL
......................................................
TEMPERATURE (F)
 YESTERDAY
  MAXIMUM         46    333 PM  45      1       64
  MINIMUM         12    548 AM  18     -6       22
  AVERAGE         29                            43

PRECIPITATION (IN)
  YESTERDAY        0.00          0.02  -0.02     0.00
  MONTH TO DATE    0.59          0.42   0.17     0.00
  SINCE DEC 1      0.59          0.42   0.17     0.00
  SINCE JAN 1     13.95         17.46  -3.51    14.25

DEGREE DAYS
 HEATING
  YESTERDAY       36            34      2       22
  MONTH TO DATE  665           776   -111      810
  SINCE DEC 1    665           776   -111      810
  SINCE JUL 1   1797          1922   -125     1922

 COOLING
  YESTERDAY        0             0      0        0
  MONTH TO DATE    0             0      0        0
  SINCE DEC 1      0             0      0        0
  SINCE JAN 1   1042          1028     14     1358
......................................................


WIND (MPH)
  HIGHEST WIND SPEED    17   HIGHEST WIND DIRECTION     S (200)
  HIGHEST GUST SPEED    22   HIGHEST GUST DIRECTION     S (190)
  AVERAGE WIND SPEED     9.8


SKY COVER
  POSSIBLE SUNSHINE  MM



RELATIVE HUMIDITY (PERCENT)
 HIGHEST    88           200 AM
 LOWEST     17           300 PM
 AVERAGE    53

..........................................................


THE SPRINGFIELD CO CLIMATE NORMALS FOR TODAY
                         NORMAL    RECORD    YEAR
 MAXIMUM TEMPERATURE (F)   45        MM        MM
 MINIMUM TEMPERATURE (F)   18        MM        MM


SUNRISE AND SUNSET
DECEMBER 25 2014......SUNRISE   703 AM MST   SUNSET   439 PM MST
DECEMBER 26 2014......SUNRISE   703 AM MST   SUNSET   439 PM MST


-  INDICATES NEGATIVE NUMBERS.
R  INDICATES RECORD WAS SET OR TIED.
MM INDICATES DATA IS MISSING.
T  INDICATES TRACE AMOUNT.




$$
