846
CDUS45 KPUB 281040
CLISPD


CLIMATE REPORT
NATIONAL WEATHER SERVICE PUEBLO
440 AM MDT TUE MAR 28 2017


...................................

...THE SPRINGFIELD CO CLIMATE SUMMARY FOR MARCH 27 2017...

CLIMATE NORMAL PERIOD 1981 TO 2010
CLIMATE RECORD PERIOD 9999 TO 9999


WEATHER ITEM   OBSERVED TIME   NORMAL DEPARTURE LAST
                VALUE   (LST)  VALUE  FROM      YEAR
                                      NORMAL
......................................................
TEMPERATURE (F)
 YESTERDAY
  MAXIMUM         68    256 PM  61      7       57
  MINIMUM         29    609 AM  31     -2       20
  AVERAGE         49                            39

PRECIPITATION (IN)
  YESTERDAY        0.00          0.04  -0.04     0.00
  MONTH TO DATE    0.02          0.94  -0.92     0.06
  SINCE MAR 1      0.02          0.94  -0.92     0.06
  SINCE JAN 1      0.21          1.75  -1.54     0.38

DEGREE DAYS
 HEATING
  YESTERDAY       16            19     -3       26
  MONTH TO DATE  442           613   -171      585
  SINCE MAR 1    442           613   -171      585
  SINCE JUL 1   4032          4619   -587     4261

 COOLING
  YESTERDAY        0             0      0        0
  MONTH TO DATE    0             0      0        0
  SINCE MAR 1      0             0      0        0
  SINCE JAN 1      0             0      0        0
......................................................


WIND (MPH)
  HIGHEST WIND SPEED    26   HIGHEST WIND DIRECTION     S (180)
  HIGHEST GUST SPEED    35   HIGHEST GUST DIRECTION     S (160)
  AVERAGE WIND SPEED    10.5


SKY COVER
  POSSIBLE SUNSHINE  MM



RELATIVE HUMIDITY (PERCENT)
 HIGHEST   100           200 AM
 LOWEST     26           300 PM
 AVERAGE    63

..........................................................


THE SPRINGFIELD CO CLIMATE NORMALS FOR TODAY
                         NORMAL    RECORD    YEAR
 MAXIMUM TEMPERATURE (F)   62        MM        MM
 MINIMUM TEMPERATURE (F)   31        MM        MM


SUNRISE AND SUNSET
MARCH 28 2017.........SUNRISE   642 AM MDT   SUNSET   710 PM MDT
MARCH 29 2017.........SUNRISE   640 AM MDT   SUNSET   711 PM MDT


-  INDICATES NEGATIVE NUMBERS.
R  INDICATES RECORD WAS SET OR TIED.
MM INDICATES DATA IS MISSING.
T  INDICATES TRACE AMOUNT.




$$
