000
CDUS45 KPUB 281058
CLISPD


CLIMATE REPORT
NATIONAL WEATHER SERVICE PUEBLO
458 AM MDT SAT MAR 28 2015


...................................

...THE SPRINGFIELD CO CLIMATE SUMMARY FOR MARCH 27 2015...

CLIMATE NORMAL PERIOD 1981 TO 2010
CLIMATE RECORD PERIOD 9999 TO 9999


WEATHER ITEM   OBSERVED TIME   NORMAL DEPARTURE LAST
                VALUE   (LST)  VALUE  FROM      YEAR
                                      NORMAL
......................................................
TEMPERATURE (F)
 YESTERDAY
  MAXIMUM         70    350 PM  61      9       64
  MINIMUM         28    605 AM  31     -3       36
  AVERAGE         49                            50

PRECIPITATION (IN)
  YESTERDAY        0.00          0.04  -0.04     0.04
  MONTH TO DATE    0.38          0.94  -0.56     0.37
  SINCE MAR 1      0.38          0.94  -0.56     0.37
  SINCE JAN 1      2.22          1.75   0.47     0.70

DEGREE DAYS
 HEATING
  YESTERDAY       16            19     -3       15
  MONTH TO DATE  576           613    -37      652
  SINCE MAR 1    576           613    -37      652
  SINCE JUL 1   4480          4619   -139     4649

 COOLING
  YESTERDAY        0             0      0        0
  MONTH TO DATE    0             0      0        0
  SINCE MAR 1      0             0      0        0
  SINCE JAN 1      0             0      0        0
......................................................


WIND (MPH)
  HIGHEST WIND SPEED    18   HIGHEST WIND DIRECTION    NW (320)
  HIGHEST GUST SPEED    23   HIGHEST GUST DIRECTION    NW (320)
  AVERAGE WIND SPEED     6.4


SKY COVER
  POSSIBLE SUNSHINE  MM



RELATIVE HUMIDITY (PERCENT)
 HIGHEST    85           300 AM
 LOWEST     24           200 PM
 AVERAGE    55

..........................................................


THE SPRINGFIELD CO CLIMATE NORMALS FOR TODAY
                         NORMAL    RECORD    YEAR
 MAXIMUM TEMPERATURE (F)   62        MM        MM
 MINIMUM TEMPERATURE (F)   31        MM        MM


SUNRISE AND SUNSET
MARCH 28 2015.........SUNRISE   642 AM MDT   SUNSET   709 PM MDT
MARCH 29 2015.........SUNRISE   641 AM MDT   SUNSET   710 PM MDT


-  INDICATES NEGATIVE NUMBERS.
R  INDICATES RECORD WAS SET OR TIED.
MM INDICATES DATA IS MISSING.
T  INDICATES TRACE AMOUNT.




$$
