000
CDUS45 KPUB 131038
CLISPD


CLIMATE REPORT
NATIONAL WEATHER SERVICE PUEBLO
438 AM MDT SUN JUL 13 2014


...................................

...THE SPRINGFIELD CO CLIMATE SUMMARY FOR JULY 12 2014...

CLIMATE NORMAL PERIOD 1981 TO 2010
CLIMATE RECORD PERIOD 9999 TO 9999


WEATHER ITEM   OBSERVED TIME   NORMAL DEPARTURE LAST
                VALUE   (LST)  VALUE  FROM      YEAR
                                      NORMAL
......................................................
TEMPERATURE (F)
 YESTERDAY
  MAXIMUM         97    216 PM  91      6       97
  MINIMUM         65    954 PM  62      3       68
  AVERAGE         81                            83

PRECIPITATION (IN)
  YESTERDAY        0.01          0.10  -0.09     0.00
  MONTH TO DATE    0.06          1.11  -1.05     1.50
  SINCE JUN 1      1.99          3.61  -1.62     3.24
  SINCE JAN 1      5.88          9.18  -3.30     5.22

DEGREE DAYS
 HEATING
  YESTERDAY        0             0      0        0
  MONTH TO DATE    0             0      0        0
  SINCE JUN 1     22            21      1       19
  SINCE JUL 1      0             0      0        0

 COOLING
  YESTERDAY       16            11      5       18
  MONTH TO DATE  140           130     10      147
  SINCE JUN 1    359           338     21      498
  SINCE JAN 1    417           392     25      615
......................................................


WIND (MPH)
  HIGHEST WIND SPEED    36   HIGHEST WIND DIRECTION    NW (320)
  HIGHEST GUST SPEED    44   HIGHEST GUST DIRECTION    NW (330)
  AVERAGE WIND SPEED    11.3


SKY COVER
  POSSIBLE SUNSHINE  MM



RELATIVE HUMIDITY (PERCENT)
 HIGHEST    81          1000 PM
 LOWEST     23           400 PM
 AVERAGE    52

..........................................................


THE SPRINGFIELD CO CLIMATE NORMALS FOR TODAY
                         NORMAL    RECORD    YEAR
 MAXIMUM TEMPERATURE (F)   91        MM        MM
 MINIMUM TEMPERATURE (F)   62        MM        MM


SUNRISE AND SUNSET
JULY 13 2014..........SUNRISE   541 AM MDT   SUNSET   812 PM MDT
JULY 14 2014..........SUNRISE   541 AM MDT   SUNSET   811 PM MDT


-  INDICATES NEGATIVE NUMBERS.
R  INDICATES RECORD WAS SET OR TIED.
MM INDICATES DATA IS MISSING.
T  INDICATES TRACE AMOUNT.




$$
