000
CDUS45 KPUB 301131
CLISPD


CLIMATE REPORT
NATIONAL WEATHER SERVICE PUEBLO
430 AM MST FRI JAN 30 2015


...................................

...THE SPRINGFIELD CO CLIMATE SUMMARY FOR JANUARY 29 2015...

CLIMATE NORMAL PERIOD 1981 TO 2010
CLIMATE RECORD PERIOD 9999 TO 9999


WEATHER ITEM   OBSERVED TIME   NORMAL DEPARTURE LAST
                VALUE   (LST)  VALUE  FROM      YEAR
                                      NORMAL
......................................................
TEMPERATURE (F)
 YESTERDAY
  MAXIMUM         51   1259 PM  48      3       56
  MINIMUM         31    850 PM  18     13       10
  AVERAGE         41                            33

PRECIPITATION (IN)
  YESTERDAY        0.00          0.02  -0.02     0.00
  MONTH TO DATE    0.32          0.34  -0.02     0.20
  SINCE DEC 1      1.09          0.85   0.24     0.20
  SINCE JAN 1      0.32          0.34  -0.02     0.20

DEGREE DAYS
 HEATING
  YESTERDAY       24            32     -8       32
  MONTH TO DATE  889           955    -66      926
  SINCE DEC 1   1870          1967    -97     1938
  SINCE JUL 1   3002          3113   -111     3050

 COOLING
  YESTERDAY        0             0      0        0
  MONTH TO DATE    0             0      0        0
  SINCE DEC 1      0             0      0        0
  SINCE JAN 1      0             0      0        0
......................................................


WIND (MPH)
  HIGHEST WIND SPEED    18   HIGHEST WIND DIRECTION     N (360)
  HIGHEST GUST SPEED    24   HIGHEST GUST DIRECTION     N (360)
  AVERAGE WIND SPEED    10.2


SKY COVER
  POSSIBLE SUNSHINE  MM



RELATIVE HUMIDITY (PERCENT)
 HIGHEST    82          1200 AM
 LOWEST     30           100 PM
 AVERAGE    56

..........................................................


THE SPRINGFIELD CO CLIMATE NORMALS FOR TODAY
                         NORMAL    RECORD    YEAR
 MAXIMUM TEMPERATURE (F)   48        MM        MM
 MINIMUM TEMPERATURE (F)   18        MM        MM


SUNRISE AND SUNSET
JANUARY 30 2015.......SUNRISE   655 AM MST   SUNSET   513 PM MST
JANUARY 31 2015.......SUNRISE   654 AM MST   SUNSET   514 PM MST


-  INDICATES NEGATIVE NUMBERS.
R  INDICATES RECORD WAS SET OR TIED.
MM INDICATES DATA IS MISSING.
T  INDICATES TRACE AMOUNT.




$$
