000
CDUS43 KILX 270643
CLISPI


CLIMATE REPORT
NATIONAL WEATHER SERVICE LINCOLN IL
142 AM CDT WED JUL 27 2016


...................................

...THE SPRINGFIELD IL CLIMATE SUMMARY FOR JULY 26 2016...

CLIMATE NORMAL PERIOD 1981 TO 2010
CLIMATE RECORD PERIOD 1879 TO 2016


WEATHER ITEM   OBSERVED TIME   RECORD YEAR NORMAL DEPARTURE LAST
                VALUE   (LST)  VALUE       VALUE  FROM      YEAR
                                                  NORMAL
..................................................................
TEMPERATURE (F)
 YESTERDAY
  MAXIMUM         88    338 PM 104    1936  86      2       86
  MINIMUM         72    525 AM  52    1977  65      7       73
                                      1962
  AVERAGE         80                        76      4       80

PRECIPITATION (IN)
  YESTERDAY        0.00          1.40 2002   0.12  -0.12     0.14
  MONTH TO DATE    9.04                      3.37   5.67     4.16
  SINCE JUN 1     10.97                      7.83   3.14    13.30
  SINCE JAN 1     24.56                     21.84   2.72    26.21

SNOWFALL (IN)
  YESTERDAY        0.0           0.0    MM   0.0    0.0      0.0
  MONTH TO DATE    0.0                       0.0    0.0      0.0
  SINCE JUN 1      0.0                       0.0    0.0      0.0
  SINCE JUL 1      0.0                       0.0    0.0      0.0
  SNOW DEPTH       0

DEGREE DAYS
 HEATING
  YESTERDAY        0                         0      0        0
  MONTH TO DATE    1                         0      1        4
  SINCE JUN 1      1                        15    -14        7
  SINCE JUL 1      1                         0      1        4

 COOLING
  YESTERDAY       15                        11      4       15
  MONTH TO DATE  334                       286     48      290
  SINCE JUN 1    701                       526    175      588
  SINCE JAN 1    826                       630    196      754
..................................................................


WIND (MPH)
  HIGHEST WIND SPEED    10   HIGHEST WIND DIRECTION     E (110)
  HIGHEST GUST SPEED    14   HIGHEST GUST DIRECTION     E (100)
  AVERAGE WIND SPEED     4.6


SKY COVER
  POSSIBLE SUNSHINE  MM
  AVERAGE SKY COVER 0.2


WEATHER CONDITIONS
 THE FOLLOWING WEATHER WAS RECORDED YESTERDAY.
  NO SIGNIFICANT WEATHER WAS OBSERVED.


RELATIVE HUMIDITY (PERCENT)
 HIGHEST    93           500 AM
 LOWEST     50          1200 PM
 AVERAGE    72

..........................................................


THE SPRINGFIELD IL CLIMATE NORMALS FOR TODAY
                         NORMAL    RECORD    YEAR
 MAXIMUM TEMPERATURE (F)   86       106      1936
 MINIMUM TEMPERATURE (F)   65        50      1962


SUNRISE AND SUNSET
JULY 27 2016..........SUNRISE   553 AM CDT   SUNSET   817 PM CDT
JULY 28 2016..........SUNRISE   554 AM CDT   SUNSET   816 PM CDT


-  INDICATES NEGATIVE NUMBERS.
R  INDICATES RECORD WAS SET OR TIED.
MM INDICATES DATA IS MISSING.
T  INDICATES TRACE AMOUNT.




$$
