000
CDUS43 KILX 022227
CLISPI


CLIMATE REPORT
NATIONAL WEATHER SERVICE LINCOLN IL
427 PM CST FRI DEC 2 2016


...................................

...THE SPRINGFIELD IL CLIMATE SUMMARY FOR DECEMBER 2 2016...
VALID TODAY AS OF 0400 PM LOCAL TIME.

CLIMATE NORMAL PERIOD 1981 TO 2010
CLIMATE RECORD PERIOD 1879 TO 2016


WEATHER ITEM   OBSERVED TIME   RECORD YEAR NORMAL DEPARTURE LAST
                VALUE   (LST)  VALUE       VALUE  FROM      YEAR
                                                  NORMAL
..................................................................
TEMPERATURE (F)
 TODAY
  MAXIMUM         45    243 PM  71    2012  43      2       38
                                      1982
  MINIMUM         36    857 AM   2    1929  27      9       30
                                      1886
  AVERAGE         41                        35      6       34

PRECIPITATION (IN)
  TODAY            0.00          4.70 1982   0.10  -0.10     0.05
  MONTH TO DATE    0.00                      0.20  -0.20     0.06
  SINCE DEC 1      0.00                      0.20  -0.20     0.06
  SINCE JAN 1     41.86                     35.11   6.75    37.61

SNOWFALL (IN)
  TODAY            0.0           2.8  1967   0.1   -0.1      0.1
  MONTH TO DATE    0.0                       0.2   -0.2      0.1
  SINCE DEC 1      0.0                       0.2   -0.2      0.1
  SINCE JUL 1      0.0                       0.8   -0.8      0.6
  SNOW DEPTH       0

DEGREE DAYS
 HEATING
  TODAY           24                        30     -6       31
  MONTH TO DATE   51                        60     -9       54
  SINCE DEC 1     51                        60     -9       54
  SINCE JUL 1    702                      1128   -426      824

 COOLING
  TODAY            0                         0      0        0
  MONTH TO DATE    0                         0      0        0
  SINCE DEC 1      0                         0      0        0
  SINCE JAN 1   1626                      1122    504     1375
..................................................................


WIND (MPH)
  HIGHEST WIND SPEED    14   HIGHEST WIND DIRECTION     W (280)
  HIGHEST GUST SPEED    17   HIGHEST GUST DIRECTION     W (280)
  AVERAGE WIND SPEED     8.1


SKY COVER
  POSSIBLE SUNSHINE  MM
  AVERAGE SKY COVER 1.0


WEATHER CONDITIONS
 THE FOLLOWING WEATHER WAS RECORDED TODAY.
  NO SIGNIFICANT WEATHER WAS OBSERVED.


RELATIVE HUMIDITY (PERCENT)
 HIGHEST    82           200 AM
 LOWEST     62           300 PM
 AVERAGE    72

..........................................................


THE SPRINGFIELD IL CLIMATE NORMALS FOR TOMORROW
                         NORMAL    RECORD    YEAR
 MAXIMUM TEMPERATURE (F)   43        74      2012
                                             1970
 MINIMUM TEMPERATURE (F)   26        -2      1929


SUNRISE AND SUNSET
DECEMBER  2 2016......SUNRISE   702 AM CST   SUNSET   434 PM CST
DECEMBER  3 2016......SUNRISE   703 AM CST   SUNSET   434 PM CST


-  INDICATES NEGATIVE NUMBERS.
R  INDICATES RECORD WAS SET OR TIED.
MM INDICATES DATA IS MISSING.
T  INDICATES TRACE AMOUNT.




$$
