000
CDUS43 KILX 260643
CLISPI


CLIMATE REPORT
NATIONAL WEATHER SERVICE LINCOLN IL
141 AM CDT THU MAR 26 2015


...................................

...THE SPRINGFIELD IL CLIMATE SUMMARY FOR MARCH 25 2015...

CLIMATE NORMAL PERIOD 1981 TO 2010
CLIMATE RECORD PERIOD 1879 TO 2015


WEATHER ITEM   OBSERVED TIME   RECORD YEAR NORMAL DEPARTURE LAST
                VALUE   (LST)  VALUE       VALUE  FROM      YEAR
                                                  NORMAL
..................................................................
TEMPERATURE (F)
 YESTERDAY
  MAXIMUM         51    248 PM  82    1907  56     -5       35
  MINIMUM         42   1159 PM   7    1960  35      7       19
  AVERAGE         47                        46      1       27

PRECIPITATION (IN)
  YESTERDAY        0.30          1.85 1920   0.08   0.22     0.05
  MONTH TO DATE    1.49                      2.07  -0.58     1.31
  SINCE MAR 1      1.49                      2.07  -0.58     1.31
  SINCE JAN 1      4.77                      5.70  -0.93     6.74

SNOWFALL (IN)
  YESTERDAY        0.0           2.8  1944   0.1   -0.1      0.6
  MONTH TO DATE    3.7                       2.3    1.4      3.3
  SINCE MAR 1      3.7                       2.3    1.4      3.3
  SINCE JUL 1     33.9                      20.4   13.5     45.6
  SNOW DEPTH       0

DEGREE DAYS
 HEATING
  YESTERDAY       18                        19     -1       38
  MONTH TO DATE  624                       601     23      732
  SINCE MAR 1    624                       601     23      732
  SINCE JUL 1   5193                      4872    321     5679

 COOLING
  YESTERDAY        0                         0      0        0
  MONTH TO DATE    0                         0      0        0
  SINCE MAR 1      0                         0      0        0
  SINCE JAN 1      0                         0      0        0
..................................................................


WIND (MPH)
  HIGHEST WIND SPEED    26   HIGHEST WIND DIRECTION     N (350)
  HIGHEST GUST SPEED    32   HIGHEST GUST DIRECTION     N (360)
  AVERAGE WIND SPEED     9.2


SKY COVER
  POSSIBLE SUNSHINE  MM
  AVERAGE SKY COVER 0.8


WEATHER CONDITIONS
 THE FOLLOWING WEATHER WAS RECORDED YESTERDAY.
  RAIN
  LIGHT RAIN
  FOG


RELATIVE HUMIDITY (PERCENT)
 HIGHEST   100          1200 AM
 LOWEST     71           200 PM
 AVERAGE    86

..........................................................


THE SPRINGFIELD IL CLIMATE NORMALS FOR TODAY
                         NORMAL    RECORD    YEAR
 MAXIMUM TEMPERATURE (F)   57        81      1991
 MINIMUM TEMPERATURE (F)   36         6      1955


SUNRISE AND SUNSET
MARCH 26 2015.........SUNRISE   653 AM CDT   SUNSET   717 PM CDT
MARCH 27 2015.........SUNRISE   651 AM CDT   SUNSET   718 PM CDT


-  INDICATES NEGATIVE NUMBERS.
R  INDICATES RECORD WAS SET OR TIED.
MM INDICATES DATA IS MISSING.
T  INDICATES TRACE AMOUNT.




$$
