000
CDUS43 KILX 230655
CLISPI


CLIMATE REPORT
NATIONAL WEATHER SERVICE LINCOLN IL
154 AM CDT THU MAR 23 2017


...................................

...THE SPRINGFIELD IL CLIMATE SUMMARY FOR MARCH 22 2017...

CLIMATE NORMAL PERIOD 1981 TO 2010
CLIMATE RECORD PERIOD 1879 TO 2017


WEATHER ITEM   OBSERVED TIME   RECORD YEAR NORMAL DEPARTURE LAST
                VALUE   (LST)  VALUE       VALUE  FROM      YEAR
                                                  NORMAL
..................................................................
TEMPERATURE (F)
 YESTERDAY
  MAXIMUM         49    345 PM  84    1907  55     -6       70
  MINIMUM         29    532 AM   6    1888  34     -5       45
  AVERAGE         39                        44     -5       58

PRECIPITATION (IN)
  YESTERDAY        T             2.24 1898   0.09  -0.09     0.00
  MONTH TO DATE    1.36                      1.81  -0.45     1.88
  SINCE MAR 1      1.36                      1.81  -0.45     1.88
  SINCE JAN 1      2.83                      5.44  -2.61     4.21

SNOWFALL (IN)
  YESTERDAY        0.0           1.8  1932   0.1   -0.1      0.0
  MONTH TO DATE    4.6                       2.1    2.5      0.1
  SINCE MAR 1      4.6                       2.1    2.5      0.1
  SINCE JUL 1     10.3                      20.2   -9.9     15.7
  SNOW DEPTH       0

DEGREE DAYS
 HEATING
  YESTERDAY       26                        21      5        7
  MONTH TO DATE  491                       542    -51      345
  SINCE MAR 1    491                       542    -51      345
  SINCE JUL 1   3746                      4813  -1067     3771

 COOLING
  YESTERDAY        0                         0      0        0
  MONTH TO DATE    0                         0      0        0
  SINCE MAR 1      0                         0      0        0
  SINCE JAN 1      0                         0      0        0
..................................................................


WIND (MPH)
  HIGHEST WIND SPEED    22   HIGHEST WIND DIRECTION     E (70)
  HIGHEST GUST SPEED    26   HIGHEST GUST DIRECTION     E (70)
  AVERAGE WIND SPEED    13.4


SKY COVER
  POSSIBLE SUNSHINE  MM
  AVERAGE SKY COVER 0.1


WEATHER CONDITIONS
 THE FOLLOWING WEATHER WAS RECORDED YESTERDAY.
  LIGHT RAIN


RELATIVE HUMIDITY (PERCENT)
 HIGHEST    82           300 AM
 LOWEST     23           100 PM
 AVERAGE    53

..........................................................


THE SPRINGFIELD IL CLIMATE NORMALS FOR TODAY
                         NORMAL    RECORD    YEAR
 MAXIMUM TEMPERATURE (F)   55        86      1910
 MINIMUM TEMPERATURE (F)   35         5      1974


SUNRISE AND SUNSET
MARCH 23 2017.........SUNRISE   657 AM CDT   SUNSET   714 PM CDT
MARCH 24 2017.........SUNRISE   655 AM CDT   SUNSET   715 PM CDT


-  INDICATES NEGATIVE NUMBERS.
R  INDICATES RECORD WAS SET OR TIED.
MM INDICATES DATA IS MISSING.
T  INDICATES TRACE AMOUNT.




$$
