000
CDUS43 KILX 010700
CLISPI


CLIMATE REPORT
NATIONAL WEATHER SERVICE LINCOLN IL
158 AM CDT MON MAY 1 2017


...................................

...THE SPRINGFIELD IL CLIMATE SUMMARY FOR APRIL 30 2017...

CLIMATE NORMAL PERIOD 1981 TO 2010
CLIMATE RECORD PERIOD 1879 TO 2017


WEATHER ITEM   OBSERVED TIME   RECORD YEAR NORMAL DEPARTURE LAST
                VALUE   (LST)  VALUE       VALUE  FROM      YEAR
                                                  NORMAL
..................................................................
TEMPERATURE (F)
 YESTERDAY
  MAXIMUM         70    648 PM  88    2007  70      0       69
                                      1942
                                      1901
  MINIMUM         48   1238 AM  34    1971  47      1       51
                                      1908
  AVERAGE         59                        59      0       60

PRECIPITATION (IN)
  YESTERDAY        0.87          3.58 1970   0.13   0.74     0.61
  MONTH TO DATE    6.92                      3.51   3.41     2.77
  SINCE MAR 1     11.18                      6.14   5.04     8.36
  SINCE JAN 1     12.65                      9.77   2.88    10.69

SNOWFALL (IN)
  YESTERDAY        0.0           0.0    MM   0.0    0.0      0.0
  MONTH TO DATE    0.0                       0.3   -0.3      0.0
  SINCE MAR 1      4.6                       2.8    1.8      0.1
  SINCE JUL 1     10.3                      20.9  -10.6     15.7
  SNOW DEPTH       0

DEGREE DAYS
 HEATING
  YESTERDAY        6                         7     -1        5
  MONTH TO DATE  202                       365   -163      308
  SINCE MAR 1    799                      1074   -275      772
  SINCE JUL 1   4054                      5345  -1291     4198

 COOLING
  YESTERDAY        0                         1     -1        0
  MONTH TO DATE   37                        18     19       20
  SINCE MAR 1     37                        20     17       20
  SINCE JAN 1     37                        20     17       20
..................................................................


WIND (MPH)
  HIGHEST WIND SPEED    24   HIGHEST WIND DIRECTION     S (160)
  HIGHEST GUST SPEED    30   HIGHEST GUST DIRECTION     S (200)
  AVERAGE WIND SPEED    11.6


SKY COVER
  POSSIBLE SUNSHINE  MM
  AVERAGE SKY COVER 0.9


WEATHER CONDITIONS
 THE FOLLOWING WEATHER WAS RECORDED YESTERDAY.
  THUNDERSTORM
  HEAVY RAIN
  RAIN
  LIGHT RAIN
  FOG


RELATIVE HUMIDITY (PERCENT)
 HIGHEST   100           300 AM
 LOWEST     67          1000 PM
 AVERAGE    84

..........................................................


THE SPRINGFIELD IL CLIMATE NORMALS FOR TODAY
                         NORMAL    RECORD    YEAR
 MAXIMUM TEMPERATURE (F)   70        88      1952
 MINIMUM TEMPERATURE (F)   48        32      2015
                                             1963
                                             1907


SUNRISE AND SUNSET
MAY  1 2017...........SUNRISE   559 AM CDT   SUNSET   753 PM CDT
MAY  2 2017...........SUNRISE   558 AM CDT   SUNSET   754 PM CDT


-  INDICATES NEGATIVE NUMBERS.
R  INDICATES RECORD WAS SET OR TIED.
MM INDICATES DATA IS MISSING.
T  INDICATES TRACE AMOUNT.




$$
