000
CDUS43 KILX 130628
CLISPI


CLIMATE REPORT
NATIONAL WEATHER SERVICE LINCOLN IL
127 AM CDT SUN JUL 13 2014


...................................

...THE SPRINGFIELD IL CLIMATE SUMMARY FOR JULY 12 2014...

CLIMATE NORMAL PERIOD 1981 TO 2010
CLIMATE RECORD PERIOD 1879 TO 2014


WEATHER ITEM   OBSERVED TIME   RECORD YEAR NORMAL DEPARTURE LAST
                VALUE   (LST)  VALUE       VALUE  FROM      YEAR
                                                  NORMAL
..................................................................
TEMPERATURE (F)
 YESTERDAY
  MAXIMUM         90    428 PM 108    1936  87      3       83
  MINIMUM         77    256 AM  53    1975  66     11       54
  AVERAGE         84                        76      8       69

PRECIPITATION (IN)
  YESTERDAY        0.00          2.53 1937   0.13  -0.13     0.00
  MONTH TO DATE    0.46                      1.56  -1.10     0.97
  SINCE JUN 1      9.33                      6.02   3.31     3.02
  SINCE JAN 1     23.62                     20.03   3.59    28.04

SNOWFALL (IN)
  YESTERDAY        0.0           0.0    MM   0.0    0.0      0.0
  MONTH TO DATE    0.0                       0.0    0.0      0.0
  SINCE JUN 1      0.0                       0.0    0.0      0.0
  SINCE JUL 1      0.0                       0.0    0.0      0.0
  SNOW DEPTH       0

DEGREE DAYS
 HEATING
  YESTERDAY        0                         0      0        0
  MONTH TO DATE    0                         0      0        0
  SINCE JUN 1      0                        15    -15       12
  SINCE JUL 1      0                         0      0        0

 COOLING
  YESTERDAY       19                        11      8        4
  MONTH TO DATE   99                       132    -33      118
  SINCE JUN 1    405                       372     33      376
  SINCE JAN 1    581                       476    105      502
..................................................................


WIND (MPH)
  HIGHEST WIND SPEED    16   HIGHEST WIND DIRECTION    SW (210)
  HIGHEST GUST SPEED    24   HIGHEST GUST DIRECTION    SW (210)
  AVERAGE WIND SPEED     8.8


SKY COVER
  POSSIBLE SUNSHINE  MM
  AVERAGE SKY COVER 0.2


WEATHER CONDITIONS
 THE FOLLOWING WEATHER WAS RECORDED YESTERDAY.
  NO SIGNIFICANT WEATHER WAS OBSERVED.


RELATIVE HUMIDITY (PERCENT)
 HIGHEST    85           700 AM
 LOWEST     59           300 PM
 AVERAGE    72

..........................................................


THE SPRINGFIELD IL CLIMATE NORMALS FOR TODAY
                         NORMAL    RECORD    YEAR
 MAXIMUM TEMPERATURE (F)   87       108      1936
 MINIMUM TEMPERATURE (F)   66        48      1975


SUNRISE AND SUNSET
JULY 13 2014..........SUNRISE   541 AM CDT   SUNSET   827 PM CDT
JULY 14 2014..........SUNRISE   542 AM CDT   SUNSET   827 PM CDT


-  INDICATES NEGATIVE NUMBERS.
R  INDICATES RECORD WAS SET OR TIED.
MM INDICATES DATA IS MISSING.
T  INDICATES TRACE AMOUNT.




$$
