000
CDUS43 KILX 210635
CLISPI


CLIMATE REPORT
NATIONAL WEATHER SERVICE LINCOLN IL
134 AM CDT SAT OCT 21 2017


...................................

...THE SPRINGFIELD IL CLIMATE SUMMARY FOR OCTOBER 20 2017...

CLIMATE NORMAL PERIOD 1981 TO 2010
CLIMATE RECORD PERIOD 1879 TO 2017


WEATHER ITEM   OBSERVED TIME   RECORD YEAR NORMAL DEPARTURE LAST
                VALUE   (LST)  VALUE       VALUE  FROM      YEAR
                                                  NORMAL
..................................................................
TEMPERATURE (F)
 YESTERDAY
  MAXIMUM         80    147 PM  87    2003  65     15       63
  MINIMUM         56    627 AM  24    1964  43     13       46
  AVERAGE         68                        54     14       55

PRECIPITATION (IN)
  YESTERDAY        0.00          1.68 2005   0.10  -0.10     0.04
  MONTH TO DATE    5.01                      2.00   3.01     1.80
  SINCE SEP 1      5.02                      4.90   0.12     3.65
  SINCE JAN 1     30.06                     30.55  -0.49    39.50

SNOWFALL (IN)
  YESTERDAY        0.0           1.1  1916   0.0    0.0      0.0
  MONTH TO DATE    0.0                       0.0    0.0      0.0
  SINCE SEP 1      0.0                       0.0    0.0      0.0
  SINCE JUL 1      0.0                       0.0    0.0      0.0
  SNOW DEPTH       0

DEGREE DAYS
 HEATING
  YESTERDAY        0                        12    -12       10
  MONTH TO DATE   47                       181   -134       68
  SINCE SEP 1     83                       257   -174       80
  SINCE JUL 1     83                       262   -179       81

 COOLING
  YESTERDAY        3                         0      3        0
  MONTH TO DATE   75                        19     56       65
  SINCE SEP 1    284                       148    136      323
  SINCE JAN 1   1396                      1118    278     1599
..................................................................


WIND (MPH)
  HIGHEST WIND SPEED    16   HIGHEST WIND DIRECTION     S (170)
  HIGHEST GUST SPEED    22   HIGHEST GUST DIRECTION     S (160)
  AVERAGE WIND SPEED     9.3


SKY COVER
  POSSIBLE SUNSHINE  MM
  AVERAGE SKY COVER 0.0


WEATHER CONDITIONS
 THE FOLLOWING WEATHER WAS RECORDED YESTERDAY.
  NO SIGNIFICANT WEATHER WAS OBSERVED.


RELATIVE HUMIDITY (PERCENT)
 HIGHEST    80           300 AM
 LOWEST     32           200 PM
 AVERAGE    56

..........................................................


THE SPRINGFIELD IL CLIMATE NORMALS FOR TODAY
                         NORMAL    RECORD    YEAR
 MAXIMUM TEMPERATURE (F)   64        89      1979
 MINIMUM TEMPERATURE (F)   43        25      1930


SUNRISE AND SUNSET
OCTOBER 21 2017.......SUNRISE   716 AM CDT   SUNSET   610 PM CDT
OCTOBER 22 2017.......SUNRISE   717 AM CDT   SUNSET   609 PM CDT


-  INDICATES NEGATIVE NUMBERS.
R  INDICATES RECORD WAS SET OR TIED.
MM INDICATES DATA IS MISSING.
T  INDICATES TRACE AMOUNT.




$$
