831
CDUS44 KOUN 270716
CLISPS

CLIMATE REPORT
NATIONAL WEATHER SERVICE NORMAN OK
1235 AM CST MON FEB 27 2017


...................................

...THE WICHITA FALLS CLIMATE SUMMARY FOR FEBRUARY 26 2017...

CLIMATE NORMAL PERIOD 1981 TO 2010
CLIMATE RECORD PERIOD 1897 TO 2017


WEATHER ITEM   OBSERVED TIME   RECORD YEAR NORMAL DEPARTURE LAST
                VALUE   (LST)  VALUE       VALUE  FROM      YEAR
                                                  NORMAL
..................................................................
TEMPERATURE (F)
 YESTERDAY
  MAXIMUM         64    341 PM  91    2009  61      3       63
  MINIMUM         31    459 AM  16    1934  36     -5       28
  AVERAGE         48                        49     -1       46

PRECIPITATION (IN)
  YESTERDAY        0.00          2.16 1903   0.08  -0.08     0.00
  MONTH TO DATE    2.10                      1.59   0.51     1.27
  SINCE JAN 1      3.97                      2.73   1.24     1.70

SNOWFALL (IN)
  YESTERDAY        0.0                       0.1   -0.1      0.0
  MONTH TO DATE    0.0                       0.7   -0.7      0.0
  SINCE JUL 1      T                         3.4   -3.4      2.6
  SNOW DEPTH       0

DEGREE DAYS
 HEATING
  YESTERDAY       17                        16      1       19
  MONTH TO DATE  312                       505   -193      378
  SINCE JUL 1   1840                      2415   -575     1947
..................................................................


WIND (MPH)
  HIGHEST WIND SPEED    21   HIGHEST WIND DIRECTION    SW (210)
  HIGHEST GUST SPEED    25   HIGHEST GUST DIRECTION    SW (210)
  AVERAGE WIND SPEED     8.2


SKY COVER
  AVERAGE SKY COVER 0.2


WEATHER CONDITIONS
 THE FOLLOWING WEATHER WAS RECORDED YESTERDAY.
  NO SIGNIFICANT WEATHER WAS OBSERVED.


RELATIVE HUMIDITY (PERCENT)
 HIGHEST    85           500 AM
 LOWEST     36           400 PM
 AVERAGE    61

..........................................................


THE WICHITA FALLS CLIMATE NORMALS FOR TODAY
                         NORMAL    RECORD    YEAR
 MAXIMUM TEMPERATURE (F)   61        91      2011
 MINIMUM TEMPERATURE (F)   37        15      2002


SUNRISE AND SUNSET
FEBRUARY 27 2017......SUNRISE   705 AM CST   SUNSET   629 PM CST
FEBRUARY 28 2017......SUNRISE   703 AM CST   SUNSET   630 PM CST


-  INDICATES NEGATIVE NUMBERS.
R  INDICATES RECORD WAS SET OR TIED.
MM INDICATES DATA IS MISSING.
T  INDICATES TRACE AMOUNT.




$$
