000
CDUS44 KOUN 090628 RRA
CLISPS

CLIMATE REPORT
NATIONAL WEATHER SERVICE NORMAN OK
1226 AM CST TUE FEB 9 2016


...................................

...THE WICHITA FALLS CLIMATE SUMMARY FOR FEBRUARY 8 2016...

CLIMATE NORMAL PERIOD 1981 TO 2010
CLIMATE RECORD PERIOD 1897 TO 2016


WEATHER ITEM   OBSERVED TIME   RECORD YEAR NORMAL DEPARTURE LAST
                VALUE   (LST)  VALUE       VALUE  FROM      YEAR
                                                  NORMAL
..................................................................
TEMPERATURE (F)
 YESTERDAY
  MAXIMUM         56    436 PM  82    1943  57     -1       79
  MINIMUM         32    727 AM   1    1933  32      0       40
  AVERAGE         44                        44      0       60

PRECIPITATION (IN)
  YESTERDAY        0.00          2.61 1931   0.05  -0.05     0.00
  MONTH TO DATE    0.01                      0.38  -0.37      T
  SINCE JAN 1      0.44                      1.52  -1.08     2.17

SNOWFALL (IN)
  YESTERDAY        0.0                       0.0    0.0      0.0
  MONTH TO DATE    0.0                       0.2   -0.2      0.0
  SINCE JUL 1      2.6                       2.9   -0.3      2.3
  SNOW DEPTH       0

DEGREE DAYS
 HEATING
  YESTERDAY       21                        21      0        5
  MONTH TO DATE  168                       170     -2      171
  SINCE JUL 1   1737                      2080   -343     1987
..................................................................


WIND (MPH)
  HIGHEST WIND SPEED    37   HIGHEST WIND DIRECTION    NW (330)
  HIGHEST GUST SPEED    47   HIGHEST GUST DIRECTION    NW (320)
  AVERAGE WIND SPEED    17.7


SKY COVER
  AVERAGE SKY COVER 0.1


WEATHER CONDITIONS
 THE FOLLOWING WEATHER WAS RECORDED YESTERDAY.
  LIGHT RAIN


RELATIVE HUMIDITY (PERCENT)
 HIGHEST    52           400 AM
 LOWEST     12           500 PM
 AVERAGE    32

..........................................................


THE WICHITA FALLS CLIMATE NORMALS FOR TODAY
                         NORMAL    RECORD    YEAR
 MAXIMUM TEMPERATURE (F)   57        89      1976
 MINIMUM TEMPERATURE (F)   32         8      2011


SUNRISE AND SUNSET
FEBRUARY  9 2016......SUNRISE   725 AM CST   SUNSET   612 PM CST
FEBRUARY 10 2016......SUNRISE   724 AM CST   SUNSET   613 PM CST


-  INDICATES NEGATIVE NUMBERS.
R  INDICATES RECORD WAS SET OR TIED.
MM INDICATES DATA IS MISSING.
T  INDICATES TRACE AMOUNT.




$$
