925
CDUS44 KOUN 140716 RRA
CLISPS

CLIMATE REPORT
NATIONAL WEATHER SERVICE NORMAN OK
116 AM CST THU DEC 14 2017


...................................

...THE WICHITA FALLS CLIMATE SUMMARY FOR DECEMBER 13 2017...

CLIMATE NORMAL PERIOD 1981 TO 2010
CLIMATE RECORD PERIOD 1897 TO 2017


WEATHER ITEM   OBSERVED TIME   RECORD YEAR NORMAL DEPARTURE LAST
                VALUE   (LST)  VALUE       VALUE  FROM      YEAR
                                                  NORMAL
..................................................................
TEMPERATURE (F)
 YESTERDAY
  MAXIMUM         67    344 PM  84    1948  55     12       49
  MINIMUM         37    621 AM  11    1958  31      6       27
  AVERAGE         52                        43      9       38

PRECIPITATION (IN)
  YESTERDAY        0.00          1.01 1984   0.06  -0.06     0.00
  MONTH TO DATE    0.00                      0.72  -0.72     0.82
  SINCE DEC 1      0.00                      0.72  -0.72     0.82
  SINCE JAN 1     24.62                     28.02  -3.40    37.16

SNOWFALL (IN)
  YESTERDAY        0.0

DEGREE DAYS
 HEATING
  YESTERDAY       13                        22     -9       27
  MONTH TO DATE  200                       270    -70      303
  SINCE DEC 1    200                       270    -70      303
  SINCE JUL 1    614                       777   -163      554

 COOLING
  YESTERDAY        0                         0      0        0
  MONTH TO DATE    1                         0      1        0
  SINCE DEC 1      1                         0      1        0
  SINCE JAN 1   2326                      2388    -62     2532
..................................................................


WIND (MPH)
  HIGHEST WIND SPEED    21   HIGHEST WIND DIRECTION     W (270)
  HIGHEST GUST SPEED    25   HIGHEST GUST DIRECTION    SW (230)
  AVERAGE WIND SPEED     9.6


SKY COVER
  AVERAGE SKY COVER 0.0


WEATHER CONDITIONS
 THE FOLLOWING WEATHER WAS RECORDED YESTERDAY.
  NO SIGNIFICANT WEATHER WAS OBSERVED.


RELATIVE HUMIDITY (PERCENT)
 HIGHEST    50           200 AM
 LOWEST     15           200 PM
 AVERAGE    33

..........................................................


THE WICHITA FALLS CLIMATE NORMALS FOR TODAY
                         NORMAL    RECORD    YEAR
 MAXIMUM TEMPERATURE (F)   55        81      2008
 MINIMUM TEMPERATURE (F)   31        10      1958


SUNRISE AND SUNSET
DECEMBER 14 2017......SUNRISE   731 AM CST   SUNSET   526 PM CST
DECEMBER 15 2017......SUNRISE   732 AM CST   SUNSET   526 PM CST


-  INDICATES NEGATIVE NUMBERS.
R  INDICATES RECORD WAS SET OR TIED.
MM INDICATES DATA IS MISSING.
T  INDICATES TRACE AMOUNT.




$$
