000
CDUS44 KOUN 040648
CLISPS

OUNCLISPS 000
TTAA00 KOUN 040635


CLIMATE REPORT
NATIONAL WEATHER SERVICE NORMAN OK
1235 AM CST WED MAR 4 2015


...................................

...THE WICHITA FALLS CLIMATE SUMMARY FOR MARCH 3 2015...

CLIMATE NORMAL PERIOD 1981 TO 2010
CLIMATE RECORD PERIOD 1897 TO 2015


WEATHER ITEM   OBSERVED TIME   RECORD YEAR NORMAL DEPARTURE LAST
                VALUE   (LST)  VALUE       VALUE  FROM      YEAR
                                                  NORMAL
..................................................................
TEMPERATURE (F)
 YESTERDAY
  MAXIMUM         60    413 PM  90    1974  63     -3       26
  MINIMUM         37    202 AM   9    2014  38     -1        9
                                      1943
  AVERAGE         49                        50     -1       18

PRECIPITATION (IN)
  YESTERDAY        T             0.78 1985   0.08  -0.08      T
                                      1981
  MONTH TO DATE    0.01                      0.23  -0.22     0.04
  SINCE JAN 1      2.61                      3.12  -0.51     0.39

SNOWFALL (IN)
  YESTERDAY        0.0                       0.1   -0.1       T
  MONTH TO DATE    0.0                       0.1   -0.1       T
  SINCE JUL 1      4.7                       3.5    1.2      5.0
  SNOW DEPTH       0

DEGREE DAYS
 HEATING
  YESTERDAY       16                        15      1       47
  MONTH TO DATE   79                        46     33      112
  SINCE JUL 1   2518                      2492     26     2882

 COOLING
  YESTERDAY        0                         0      0        0
  MONTH TO DATE    0                         0      0        0
  SINCE JAN 1      0                         3     -3        0
..................................................................


WIND (MPH)
  HIGHEST WIND SPEED    16   HIGHEST WIND DIRECTION     S (180)
  HIGHEST GUST SPEED    20   HIGHEST GUST DIRECTION     S (180)
  AVERAGE WIND SPEED     7.6


SKY COVER
  AVERAGE SKY COVER 0.9


WEATHER CONDITIONS
 THE FOLLOWING WEATHER WAS RECORDED YESTERDAY.
  LIGHT RAIN
  FOG
  HAZE


RELATIVE HUMIDITY (PERCENT)
 HIGHEST   100           900 AM
 LOWEST     67           300 PM
 AVERAGE    84

..........................................................


THE WICHITA FALLS CLIMATE NORMALS FOR TODAY
                         NORMAL    RECORD    YEAR
 MAXIMUM TEMPERATURE (F)   63        88      1938
 MINIMUM TEMPERATURE (F)   38        17      1978


SUNRISE AND SUNSET
MARCH  4 2015.........SUNRISE   659 AM CST   SUNSET   633 PM CST
MARCH  5 2015.........SUNRISE   658 AM CST   SUNSET   634 PM CST


-  INDICATES NEGATIVE NUMBERS.
R  INDICATES RECORD WAS SET OR TIED.
MM INDICATES DATA IS MISSING.
T  INDICATES TRACE AMOUNT.




$$
