000
CDUS44 KOUN 310638
CLISPS

CLIMATE REPORT
NATIONAL WEATHER SERVICE NORMAN OK
136 AM CDT FRI JUL 31 2015


...................................

...THE WICHITA FALLS CLIMATE SUMMARY FOR JULY 30 2015...

CLIMATE NORMAL PERIOD 1981 TO 2010
CLIMATE RECORD PERIOD 1897 TO 2015


WEATHER ITEM   OBSERVED TIME   RECORD YEAR NORMAL DEPARTURE LAST
                VALUE   (LST)  VALUE       VALUE  FROM      YEAR
                                                  NORMAL
..................................................................
TEMPERATURE (F)
 YESTERDAY
  MAXIMUM        102    340 PM 110    1986  98      4       87
                                      1980
  MINIMUM         73    501 AM  58    1965  73      0       66
  AVERAGE         88                        85      3       77

PRECIPITATION (IN)
  YESTERDAY        0.00          1.30 1911   0.06  -0.06     0.42
  MONTH TO DATE    2.75                      1.54   1.21     5.53
  SINCE JAN 1     32.05                     17.18  14.87    13.77

DEGREE DAYS
 COOLING
  YESTERDAY       23                        20      3       12
  MONTH TO DATE  584                       580      4      490
  SINCE JAN 1   1276                      1335    -59     1380
..................................................................


WIND (MPH)
  HIGHEST WIND SPEED    16   HIGHEST WIND DIRECTION     E (90)
  HIGHEST GUST SPEED    22   HIGHEST GUST DIRECTION     E (80)
  AVERAGE WIND SPEED     6.5


SKY COVER
  AVERAGE SKY COVER 0.1


WEATHER CONDITIONS
 THE FOLLOWING WEATHER WAS RECORDED YESTERDAY.
  NO SIGNIFICANT WEATHER WAS OBSERVED.


RELATIVE HUMIDITY (PERCENT)
 HIGHEST    79           500 AM
 LOWEST     29           400 PM
 AVERAGE    54

..........................................................


THE WICHITA FALLS CLIMATE NORMALS FOR TODAY
                         NORMAL    RECORD    YEAR
 MAXIMUM TEMPERATURE (F)   98       110      2012
 MINIMUM TEMPERATURE (F)   73        59      1971


SUNRISE AND SUNSET
JULY 31 2015..........SUNRISE   645 AM CDT   SUNSET   836 PM CDT
AUGUST  1 2015........SUNRISE   645 AM CDT   SUNSET   835 PM CDT


-  INDICATES NEGATIVE NUMBERS.
R  INDICATES RECORD WAS SET OR TIED.
MM INDICATES DATA IS MISSING.
T  INDICATES TRACE AMOUNT.




$$
