000
CDUS42 KTBW 302118
CLISRQ


CLIMATE REPORT
NATIONAL WEATHER SERVICE TAMPA BAY FL
516 PM EDT TUE JUN 30 2015


...................................

...THE SARASOTA BRADENTON CLIMATE SUMMARY FOR JUNE 30 2015...
VALID TODAY AS OF 0500 PM LOCAL TIME.

CLIMATE NORMAL PERIOD 1981 TO 2010
CLIMATE RECORD PERIOD 1911 TO 2015


WEATHER ITEM   OBSERVED TIME   RECORD YEAR NORMAL DEPARTURE LAST
                VALUE   (LST)  VALUE       VALUE  FROM      YEAR
                                                  NORMAL
..................................................................
TEMPERATURE (F)
 TODAY
  MAXIMUM         91    258 PM 100    1998  89      2       96
  MINIMUM         80    656 AM  67    1973  75      5       76
  AVERAGE         86                        82      4       86

PRECIPITATION (IN)
  TODAY            0.00          2.92 1990   0.35  -0.35     0.60
  MONTH TO DATE    3.73                      7.51  -3.78     6.98
  SINCE JUN 1      3.73                      7.51  -3.78     6.98
  SINCE JAN 1     16.05                     21.21  -5.16    25.36

DEGREE DAYS
 HEATING
  TODAY            0                         0      0        0
  MONTH TO DATE    0                         0      0        0
  SINCE JUN 1      0                         0      0        0
  SINCE JUL 1    470                       477     -7      345

 COOLING
  TODAY           21                        17      4       21
  MONTH TO DATE  502                       472     30      510
  SINCE JUN 1    502                       472     30      510
  SINCE JAN 1   1542                      1223    319     1322
..................................................................


WIND (MPH)
  RESULTANT WIND SPEED   7   RESULTANT WIND DIRECTION   W (250)
  HIGHEST WIND SPEED    13   HIGHEST WIND DIRECTION     W (280)
  HIGHEST GUST SPEED    16   HIGHEST GUST DIRECTION    NW (300)
  AVERAGE WIND SPEED     7.6


SKY COVER
  POSSIBLE SUNSHINE  MM
  AVERAGE SKY COVER 0.2


WEATHER CONDITIONS
 THE FOLLOWING WEATHER WAS RECORDED TODAY.
  NO SIGNIFICANT WEATHER WAS OBSERVED.


RELATIVE HUMIDITY (PERCENT)
 HIGHEST    79           700 AM
 LOWEST     59          1100 AM

..........................................................


THE SARASOTA BRADENTON CLIMATE NORMALS FOR TOMORROW
                         NORMAL    RECORD    YEAR
 MAXIMUM TEMPERATURE (F)   89        96      1998
 MINIMUM TEMPERATURE (F)   75        61      1948


SUNRISE AND SUNSET
JUNE 30 2015..........SUNRISE   638 AM EDT   SUNSET   829 PM EDT
JULY  1 2015..........SUNRISE   639 AM EDT   SUNSET   829 PM EDT


-  INDICATES NEGATIVE NUMBERS.
R  INDICATES RECORD WAS SET OR TIED.
MM INDICATES DATA IS MISSING.
T  INDICATES TRACE AMOUNT.




$$


&&
------------------------------------------------------------------
******************** SUPPLEMENTAL DATA ***************************

...GULF WATER TEMPERATURE AT VENICE 87
