000
CDUS42 KTBW 112226
CLISRQ


CLIMATE REPORT
NATIONAL WEATHER SERVICE TAMPA BAY FL
523 PM EST MON DEC 11 2017


...................................

...THE SARASOTA BRADENTON CLIMATE SUMMARY FOR DECEMBER 11 2017...
VALID TODAY AS OF 0500 PM LOCAL TIME.

CLIMATE NORMAL PERIOD 1981 TO 2010
CLIMATE RECORD PERIOD 1911 TO 2017


WEATHER ITEM   OBSERVED TIME   RECORD YEAR NORMAL DEPARTURE LAST
                VALUE   (LST)  VALUE       VALUE  FROM      YEAR
                                                  NORMAL
..................................................................
TEMPERATURE (F)
 TODAY
  MAXIMUM         64    325 PM  87    1972  74    -10       80
  MINIMUM         40    506 AM  31    1938  54    -14       58
  AVERAGE         52                        64    -12       69

PRECIPITATION (IN)
  TODAY            0.00          2.00 1967   0.08  -0.08     0.01
  MONTH TO DATE    1.04                      0.76   0.28     1.22
  SINCE DEC 1      1.04                      0.76   0.28     1.22
  SINCE JAN 1     65.23                     51.24  13.99    49.08

DEGREE DAYS
 HEATING
  TODAY           13                         4      9        0
  MONTH TO DATE   29                        31     -2        9
  SINCE DEC 1     29                        31     -2        9
  SINCE JUL 1     42                        64    -22       20

 COOLING
  TODAY            0                         3     -3        4
  MONTH TO DATE   54                        33     21       51
  SINCE DEC 1     54                        33     21       51
  SINCE JAN 1   3757                      3333    424     4077
..................................................................


WIND (MPH)
  RESULTANT WIND SPEED   4   RESULTANT WIND DIRECTION  NE (30)
  HIGHEST WIND SPEED    13   HIGHEST WIND DIRECTION     N (360)
  HIGHEST GUST SPEED    17   HIGHEST GUST DIRECTION     N (350)
  AVERAGE WIND SPEED     5.6


SKY COVER
  POSSIBLE SUNSHINE  MM
  AVERAGE SKY COVER 0.0


WEATHER CONDITIONS
 THE FOLLOWING WEATHER WAS RECORDED TODAY.
  NO SIGNIFICANT WEATHER WAS OBSERVED.


RELATIVE HUMIDITY (PERCENT)
 HIGHEST    93           500 AM
 LOWEST     39           400 PM

..........................................................


THE SARASOTA BRADENTON CLIMATE NORMALS FOR TOMORROW
                         NORMAL    RECORD    YEAR
 MAXIMUM TEMPERATURE (F)   74        85      2015
                                             2007
                                             2001
 MINIMUM TEMPERATURE (F)   54        26      1957


SUNRISE AND SUNSET
DECEMBER 11 2017......SUNRISE   710 AM EST   SUNSET   537 PM EST
DECEMBER 12 2017......SUNRISE   711 AM EST   SUNSET   537 PM EST


-  INDICATES NEGATIVE NUMBERS.
R  INDICATES RECORD WAS SET OR TIED.
MM INDICATES DATA IS MISSING.
T  INDICATES TRACE AMOUNT.




$$


&&
------------------------------------------------------------------
******************** SUPPLEMENTAL DATA ***************************

...GULF WATER TEMPERATURE AT VENICE 69 DEGREES
