000
CDUS42 KTBW 202224
CLISRQ


CLIMATE REPORT
NATIONAL WEATHER SERVICE TAMPA BAY FL
521 PM EST MON FEB 20 2017


...................................

...THE SARASOTA BRADENTON CLIMATE SUMMARY FOR FEBRUARY 20 2017...
VALID TODAY AS OF 0500 PM LOCAL TIME.

CLIMATE NORMAL PERIOD 1981 TO 2010
CLIMATE RECORD PERIOD 1911 TO 2017


WEATHER ITEM   OBSERVED TIME   RECORD YEAR NORMAL DEPARTURE LAST
                VALUE   (LST)  VALUE       VALUE  FROM      YEAR
                                                  NORMAL
..................................................................
TEMPERATURE (F)
 TODAY
  MAXIMUM         83    211 PM  85    1997  74      9       77
                                      1977
  MINIMUM         57    744 AM  32    1916  54      3       52
  AVERAGE         70                        64      6       65

PRECIPITATION (IN)
  TODAY            0.00          1.47 1957   0.13  -0.13     0.00
  MONTH TO DATE    0.72                      1.58  -0.86     0.99
  SINCE DEC 1      3.67                      6.60  -2.93     6.69
  SINCE JAN 1      2.42                      4.07  -1.65     5.40

DEGREE DAYS
 HEATING
  TODAY            0                         3     -3        0
  MONTH TO DATE   26                        74    -48      101
  SINCE DEC 1    137                       361   -224      271
  SINCE JUL 1    148                       394   -246      275

 COOLING
  TODAY            5                         2      3        0
  MONTH TO DATE   41                        36      5       28
  SINCE DEC 1    290                       162    128      312
  SINCE JAN 1    127                        88     39       53
..................................................................


WIND (MPH)
  RESULTANT WIND SPEED   2   RESULTANT WIND DIRECTION   E (70)
  HIGHEST WIND SPEED    14   HIGHEST WIND DIRECTION     W (270)
  HIGHEST GUST SPEED    25   HIGHEST GUST DIRECTION     N (360)
  AVERAGE WIND SPEED     6.3


SKY COVER
  POSSIBLE SUNSHINE  MM
  AVERAGE SKY COVER 0.0


WEATHER CONDITIONS
 THE FOLLOWING WEATHER WAS RECORDED TODAY.
  FOG


RELATIVE HUMIDITY (PERCENT)
 HIGHEST    97           100 AM
 LOWEST     37           200 PM

..........................................................


THE SARASOTA BRADENTON CLIMATE NORMALS FOR TOMORROW
                         NORMAL    RECORD    YEAR
 MAXIMUM TEMPERATURE (F)   74        87      1997
                                             1977
 MINIMUM TEMPERATURE (F)   54        32      1958


SUNRISE AND SUNSET
FEBRUARY 20 2017......SUNRISE   703 AM EST   SUNSET   625 PM EST
FEBRUARY 21 2017......SUNRISE   702 AM EST   SUNSET   626 PM EST


-  INDICATES NEGATIVE NUMBERS.
R  INDICATES RECORD WAS SET OR TIED.
MM INDICATES DATA IS MISSING.
T  INDICATES TRACE AMOUNT.




$$


&&
------------------------------------------------------------------
******************** SUPPLEMENTAL DATA ***************************

...GULF WATER TEMPERATURE AT VENICE 71 DEGREES
