000
CDUS42 KTBW 292218
CLISRQ


CLIMATE REPORT
NATIONAL WEATHER SERVICE TAMPA BAY FL
516 PM EST THU JAN 29 2015


...................................

...THE SARASOTA BRADENTON CLIMATE SUMMARY FOR JANUARY 29 2015...
VALID TODAY AS OF 0500 PM LOCAL TIME.

CLIMATE NORMAL PERIOD 1981 TO 2010
CLIMATE RECORD PERIOD 1911 TO 2015


WEATHER ITEM   OBSERVED TIME   RECORD YEAR NORMAL DEPARTURE LAST
                VALUE   (LST)  VALUE       VALUE  FROM      YEAR
                                                  NORMAL
..................................................................
TEMPERATURE (F)
 TODAY
  MAXIMUM         72    232 PM  84    2013  72      0       65
                                      1959
  MINIMUM         43    358 AM  23    1940  52     -9       47
  AVERAGE         58                        62     -4       56

PRECIPITATION (IN)
  TODAY            0.00          1.32 1930   0.05  -0.05     0.49
  MONTH TO DATE    1.07                      2.38  -1.31     1.47
  SINCE DEC 1      1.54                      4.91  -3.37     1.68
  SINCE JAN 1      1.07                      2.38  -1.31     1.47

DEGREE DAYS
 HEATING
  TODAY            7                         5      2        9
  MONTH TO DATE  108                       154    -46      194
  SINCE DEC 1    207                       276    -69      218
  SINCE JUL 1    292                       309    -17      236

 COOLING
  TODAY            0                         2     -2        0
  MONTH TO DATE   59                        58      1       31
  SINCE DEC 1    148                       132     16      188
  SINCE JAN 1     59                        58      1       31
..................................................................


WIND (MPH)
  RESULTANT WIND SPEED   5   RESULTANT WIND DIRECTION  NE (60)
  HIGHEST WIND SPEED    14   HIGHEST WIND DIRECTION     E (100)
  HIGHEST GUST SPEED    19   HIGHEST GUST DIRECTION     E (100)
  AVERAGE WIND SPEED     7.5


SKY COVER
  POSSIBLE SUNSHINE  MM
  AVERAGE SKY COVER 0.0


WEATHER CONDITIONS
 THE FOLLOWING WEATHER WAS RECORDED TODAY.
  NO SIGNIFICANT WEATHER WAS OBSERVED.


RELATIVE HUMIDITY (PERCENT)
 HIGHEST    89           400 AM
 LOWEST     36           200 PM

..........................................................


THE SARASOTA BRADENTON CLIMATE NORMALS FOR TOMORROW
                         NORMAL    RECORD    YEAR
 MAXIMUM TEMPERATURE (F)   72        85      2002
 MINIMUM TEMPERATURE (F)   52        31      1978


SUNRISE AND SUNSET
JANUARY 29 2015.......SUNRISE   718 AM EST   SUNSET   609 PM EST
JANUARY 30 2015.......SUNRISE   717 AM EST   SUNSET   610 PM EST


-  INDICATES NEGATIVE NUMBERS.
R  INDICATES RECORD WAS SET OR TIED.
MM INDICATES DATA IS MISSING.
T  INDICATES TRACE AMOUNT.




$$


&&
------------------------------------------------------------------
******************** SUPPLEMENTAL DATA ***************************

...GULF WATER TEMPERATURE AT NEW PASS 63
