000
CDUS42 KTBW 242116
CLISRQ


CLIMATE REPORT
NATIONAL WEATHER SERVICE TAMPA BAY FL
514 PM EDT TUE MAY 24 2016


...................................

...THE SARASOTA BRADENTON CLIMATE SUMMARY FOR MAY 24 2016...
VALID TODAY AS OF 0500 PM LOCAL TIME.

CLIMATE NORMAL PERIOD 1981 TO 2010
CLIMATE RECORD PERIOD 1911 TO 2016


WEATHER ITEM   OBSERVED TIME   RECORD YEAR NORMAL DEPARTURE LAST
                VALUE   (LST)  VALUE       VALUE  FROM      YEAR
                                                  NORMAL
..................................................................
TEMPERATURE (F)
 TODAY
  MAXIMUM         90   1207 PM  95    2012  87      3       92
  MINIMUM         66    544 AM  55    1971  69     -3       73
  AVERAGE         78                        78      0       83

PRECIPITATION (IN)
  TODAY            0.00          2.75 1925   0.07  -0.07     0.71
  MONTH TO DATE    4.77                      1.54   3.23     4.05
  SINCE MAR 1      6.60                      7.84  -1.24     6.69
  SINCE JAN 1     12.28                     13.03  -0.75    11.57

DEGREE DAYS
 HEATING
  TODAY            0                         0      0        0
  MONTH TO DATE    0                         0      0        0
  SINCE MAR 1     14                        59    -45       13
  SINCE JUL 1    320                       477   -157      470

 COOLING
  TODAY           13                        13      0       18
  MONTH TO DATE  309                       260     49      309
  SINCE MAR 1    789                       553    236      865
  SINCE JAN 1    855                       657    198      934
..................................................................


WIND (MPH)
  RESULTANT WIND SPEED   2   RESULTANT WIND DIRECTION  NW (310)
  HIGHEST WIND SPEED    15   HIGHEST WIND DIRECTION     W (270)
  HIGHEST GUST SPEED    18   HIGHEST GUST DIRECTION     W (280)
  AVERAGE WIND SPEED     5.5


SKY COVER
  POSSIBLE SUNSHINE  MM
  AVERAGE SKY COVER 0.0


WEATHER CONDITIONS
 THE FOLLOWING WEATHER WAS RECORDED TODAY.
  NO SIGNIFICANT WEATHER WAS OBSERVED.


RELATIVE HUMIDITY (PERCENT)
 HIGHEST    81           500 AM
 LOWEST     29          1200 PM

..........................................................


THE SARASOTA BRADENTON CLIMATE NORMALS FOR TOMORROW
                         NORMAL    RECORD    YEAR
 MAXIMUM TEMPERATURE (F)   87        94      2013
                                             2012
 MINIMUM TEMPERATURE (F)   69        58      1931


SUNRISE AND SUNSET
MAY 24 2016...........SUNRISE   637 AM EDT   SUNSET   817 PM EDT
MAY 25 2016...........SUNRISE   637 AM EDT   SUNSET   818 PM EDT


-  INDICATES NEGATIVE NUMBERS.
R  INDICATES RECORD WAS SET OR TIED.
MM INDICATES DATA IS MISSING.
T  INDICATES TRACE AMOUNT.




$$


&&
------------------------------------------------------------------
******************** SUPPLEMENTAL DATA ***************************

...GULF WATER TEMPERATURE AT VENICE 84 DEGREES
