000
CDUS42 KJAX 280532
CLISSI


CLIMATE REPORT
NATIONAL WEATHER SERVICE JACKSONVILLE FL
130 AM EDT THU AUG 28 2014


...................................

...THE ST SIMONS ISLAND CLIMATE SUMMARY FOR AUGUST 27 2014...

CLIMATE NORMAL PERIOD 1981 TO 2010
CLIMATE RECORD PERIOD 1948 TO 2014


WEATHER ITEM   OBSERVED TIME   RECORD YEAR NORMAL DEPARTURE LAST
                VALUE   (LST)  VALUE       VALUE  FROM      YEAR
                                                  NORMAL
..................................................................
TEMPERATURE (F)
 YESTERDAY
  MAXIMUM         85    119 PM  99    2011  88     -3       85
  MINIMUM         71    636 AM  67    1952  75     -4       72
  AVERAGE         78                        81     -3       79

PRECIPITATION (IN)
  YESTERDAY        0.00          2.46 1949   0.24  -0.24     0.00
  MONTH TO DATE    4.80                      5.33  -0.53     7.90
  SINCE JUN 1     12.26                     14.25  -1.99    22.52
  SINCE JAN 1     30.75                     29.17   1.58    34.94

SNOWFALL (IN)
  YESTERDAY        0.0           0.0    MM                   0.0
  MONTH TO DATE    0.0                                       0.0
  SINCE JUN 1      0.0                                       0.0
  SINCE JUL 1      0.0                                       0.0
  SNOW DEPTH       0

DEGREE DAYS
 HEATING
  YESTERDAY        0                         0      0        0
  MONTH TO DATE    0                         0      0        0
  SINCE JUN 1      0                         0      0        0
  SINCE JUL 1      0                         0      0        0

 COOLING
  YESTERDAY       13                        16     -3       14
  MONTH TO DATE  495                       460     35      466
  SINCE JUN 1   1501                      1472     29     1476
  SINCE JAN 1   1944                      1914     30     1877
..................................................................


WIND (MPH)
  HIGHEST WIND SPEED    16   HIGHEST WIND DIRECTION     E (80)
  HIGHEST GUST SPEED    20   HIGHEST GUST DIRECTION    NE (60)
  AVERAGE WIND SPEED     8.3


SKY COVER
  POSSIBLE SUNSHINE  MM
  AVERAGE SKY COVER 0.0


WEATHER CONDITIONS
 THE FOLLOWING WEATHER WAS RECORDED YESTERDAY.
  NO SIGNIFICANT WEATHER WAS OBSERVED.


RELATIVE HUMIDITY (PERCENT)
 HIGHEST    93           500 AM
 LOWEST     47          1100 AM
 AVERAGE    70

..........................................................


THE ST SIMONS ISLAND CLIMATE NORMALS FOR TODAY
                         NORMAL    RECORD    YEAR
 MAXIMUM TEMPERATURE (F)   88        97      1983
 MINIMUM TEMPERATURE (F)   74        63      1952


SUNRISE AND SUNSET
AUGUST 28 2014........SUNRISE   659 AM EDT   SUNSET   754 PM EDT
AUGUST 29 2014........SUNRISE   700 AM EDT   SUNSET   753 PM EDT


-  INDICATES NEGATIVE NUMBERS.
R  INDICATES RECORD WAS SET OR TIED.
MM INDICATES DATA IS MISSING.
T  INDICATES TRACE AMOUNT.




$$
