000
CDUS42 KJAX 292127
CLISSI


CLIMATE REPORT
NATIONAL WEATHER SERVICE JACKSONVILLE FL
526 PM EDT FRI JUL 29 2016


...................................

...THE ST SIMONS ISLAND CLIMATE SUMMARY FOR JULY 29 2016...
VALID TODAY AS OF 0500 PM LOCAL TIME.

CLIMATE NORMAL PERIOD 1981 TO 2010
CLIMATE RECORD PERIOD 1948 TO 2016


WEATHER ITEM   OBSERVED TIME   RECORD YEAR NORMAL DEPARTURE LAST
                VALUE   (LST)  VALUE       VALUE  FROM      YEAR
                                                  NORMAL
..................................................................
TEMPERATURE (F)
 TODAY
  MAXIMUM         99R   243 PM  99    1993  90      9       89
  MINIMUM         80    628 AM  69    1954  76      4       76
  AVERAGE         90                        83      7       83

PRECIPITATION (IN)
  TODAY            0.00          1.90 1951   0.14  -0.14     0.00
  MONTH TO DATE    0.45                      3.80  -3.35     5.15
  SINCE JUN 1      6.14                      8.64  -2.50     9.17
  SINCE JAN 1     19.17                     23.56  -4.39    23.29

SNOWFALL (IN)
  TODAY            0.0           0.0    MM                   0.0
  MONTH TO DATE    0.0                                       0.0
  SINCE JUN 1      0.0                                       0.0
  SINCE JUL 1      0.0                                       0.0

DEGREE DAYS
 HEATING
  TODAY            0                         0      0        0
  MONTH TO DATE    0                         0      0        0
  SINCE JUN 1      0                         0      0        0
  SINCE JUL 1      0                         0      0        0

 COOLING
  TODAY           25                        18      7       18
  MONTH TO DATE  602                       517     85      529
  SINCE JUN 1   1116                       976    140     1024
  SINCE JAN 1   1640                      1418    222     1572
..................................................................


WIND (MPH)
  HIGHEST WIND SPEED    15   HIGHEST WIND DIRECTION     S (160)
  HIGHEST GUST SPEED    22   HIGHEST GUST DIRECTION    SE (150)
  AVERAGE WIND SPEED     8.5


SKY COVER
  POSSIBLE SUNSHINE  MM
  AVERAGE SKY COVER 0.0


WEATHER CONDITIONS
 THE FOLLOWING WEATHER WAS RECORDED TODAY.
  NO SIGNIFICANT WEATHER WAS OBSERVED.


RELATIVE HUMIDITY (PERCENT)
 HIGHEST    85           400 AM
 LOWEST     33           200 PM
 AVERAGE    59

..........................................................


THE ST SIMONS ISLAND CLIMATE NORMALS FOR TOMORROW
                         NORMAL    RECORD    YEAR
 MAXIMUM TEMPERATURE (F)   90        99      2010
 MINIMUM TEMPERATURE (F)   76        69      1962


SUNRISE AND SUNSET
JULY 29 2016..........SUNRISE   641 AM EDT   SUNSET   823 PM EDT
JULY 30 2016..........SUNRISE   642 AM EDT   SUNSET   822 PM EDT


-  INDICATES NEGATIVE NUMBERS.
R  INDICATES RECORD WAS SET OR TIED.
MM INDICATES DATA IS MISSING.
T  INDICATES TRACE AMOUNT.




$$
