000
CDUS42 KJAX 100546
CLISSI


CLIMATE REPORT
NATIONAL WEATHER SERVICE JACKSONVILLE FL
1246 AM EST SAT DEC 10 2016


...................................

...THE ST SIMONS ISLAND CLIMATE SUMMARY FOR DECEMBER 9 2016...

CLIMATE NORMAL PERIOD 1981 TO 2010
CLIMATE RECORD PERIOD 1948 TO 2016


WEATHER ITEM   OBSERVED TIME   RECORD YEAR NORMAL DEPARTURE LAST
                VALUE   (LST)  VALUE       VALUE  FROM      YEAR
                                                  NORMAL
..................................................................
TEMPERATURE (F)
 YESTERDAY
  MAXIMUM         56    356 PM  83    1978  64     -8       73
  MINIMUM         40   1146 PM  29    1968  47     -7       51
  AVERAGE         48                        55     -7       62

PRECIPITATION (IN)
  YESTERDAY        0.00          0.90 2002   0.08  -0.08     0.00
  MONTH TO DATE    1.98                      0.72   1.26     0.43
  SINCE DEC 1      1.98                      0.72   1.26     0.43
  SINCE JAN 1     45.23                     43.08   2.15    52.43

SNOWFALL (IN)
  YESTERDAY        0.0           0.0    MM                   0.0
  MONTH TO DATE    0.0                                       0.0
  SINCE DEC 1      0.0                                       0.0
  SINCE JUL 1      0.0                                       0.0
  SNOW DEPTH       0

DEGREE DAYS
 HEATING
  YESTERDAY       17                        10      7        3
  MONTH TO DATE   47                        83    -36       43
  SINCE DEC 1     47                        83    -36       43
  SINCE JUL 1    152                       263   -111      108

 COOLING
  YESTERDAY        0                         1     -1        0
  MONTH TO DATE   13                         9      4        8
  SINCE DEC 1     13                         9      4        8
  SINCE JAN 1   3014                      2624    390     2817
..................................................................


WIND (MPH)
  HIGHEST WIND SPEED    14   HIGHEST WIND DIRECTION     N (360)
  HIGHEST GUST SPEED    17   HIGHEST GUST DIRECTION    NW (330)
  AVERAGE WIND SPEED     8.5


SKY COVER
  POSSIBLE SUNSHINE  MM
  AVERAGE SKY COVER 0.0


WEATHER CONDITIONS
 THE FOLLOWING WEATHER WAS RECORDED YESTERDAY.
  NO SIGNIFICANT WEATHER WAS OBSERVED.


RELATIVE HUMIDITY (PERCENT)
 HIGHEST    65          1100 PM
 LOWEST     24           200 PM
 AVERAGE    45

..........................................................


THE ST SIMONS ISLAND CLIMATE NORMALS FOR TODAY
                         NORMAL    RECORD    YEAR
 MAXIMUM TEMPERATURE (F)   64        81      1997
 MINIMUM TEMPERATURE (F)   47        27      1968


SUNRISE AND SUNSET
DECEMBER 10 2016......SUNRISE   714 AM EST   SUNSET   524 PM EST
DECEMBER 11 2016......SUNRISE   714 AM EST   SUNSET   524 PM EST


-  INDICATES NEGATIVE NUMBERS.
R  INDICATES RECORD WAS SET OR TIED.
MM INDICATES DATA IS MISSING.
T  INDICATES TRACE AMOUNT.




$$
