000
CDUS42 KJAX 240535
CLISSI


CLIMATE REPORT
NATIONAL WEATHER SERVICE JACKSONVILLE FL
135 AM EDT WED AUG 24 2016


...................................

...THE ST SIMONS ISLAND CLIMATE SUMMARY FOR AUGUST 23 2016...

CLIMATE NORMAL PERIOD 1981 TO 2010
CLIMATE RECORD PERIOD 1948 TO 2016


WEATHER ITEM   OBSERVED TIME   RECORD YEAR NORMAL DEPARTURE LAST
                VALUE   (LST)  VALUE       VALUE  FROM      YEAR
                                                  NORMAL
..................................................................
TEMPERATURE (F)
 YESTERDAY
  MAXIMUM         90    254 PM  99    2014  88      2       89
  MINIMUM         79    910 AM  67    1973  75      4       73
  AVERAGE         85                        81      4       81

PRECIPITATION (IN)
  YESTERDAY        0.02          3.21 1953   0.24  -0.22     1.53
  MONTH TO DATE    1.41                      4.36  -2.95     2.65
  SINCE JUN 1      8.39                     13.28  -4.89    15.89
  SINCE JAN 1     21.42                     28.20  -6.78    30.01

SNOWFALL (IN)
  YESTERDAY        0.0           0.0    MM                   0.0
  MONTH TO DATE    0.0                                       0.0
  SINCE JUN 1      0.0                                       0.0
  SINCE JUL 1      0.0                                       0.0
  SNOW DEPTH       0

DEGREE DAYS
 HEATING
  YESTERDAY        0                         0      0        0
  MONTH TO DATE    0                         0      0        0
  SINCE JUN 1      0                         0      0        0
  SINCE JUL 1      0                         0      0        0

 COOLING
  YESTERDAY       20                        16      4       16
  MONTH TO DATE  444                       396     48      394
  SINCE JUN 1   1600                      1408    192     1452
  SINCE JAN 1   2124                      1850    274     2000
..................................................................


WIND (MPH)
  HIGHEST WIND SPEED    16   HIGHEST WIND DIRECTION    NE (60)
  HIGHEST GUST SPEED    35   HIGHEST GUST DIRECTION     E (90)
  AVERAGE WIND SPEED     8.5


SKY COVER
  POSSIBLE SUNSHINE  MM
  AVERAGE SKY COVER 0.3


WEATHER CONDITIONS
 THE FOLLOWING WEATHER WAS RECORDED YESTERDAY.
  THUNDERSTORM


RELATIVE HUMIDITY (PERCENT)
 HIGHEST    88           200 AM
 LOWEST     68           200 PM
 AVERAGE    78

..........................................................


THE ST SIMONS ISLAND CLIMATE NORMALS FOR TODAY
                         NORMAL    RECORD    YEAR
 MAXIMUM TEMPERATURE (F)   88        97      2002
 MINIMUM TEMPERATURE (F)   75        65      1957


SUNRISE AND SUNSET
AUGUST 24 2016........SUNRISE   657 AM EDT   SUNSET   758 PM EDT
AUGUST 25 2016........SUNRISE   658 AM EDT   SUNSET   757 PM EDT


-  INDICATES NEGATIVE NUMBERS.
R  INDICATES RECORD WAS SET OR TIED.
MM INDICATES DATA IS MISSING.
T  INDICATES TRACE AMOUNT.




$$
