000
CDUS42 KJAX 300532
CLISSI


CLIMATE REPORT
NATIONAL WEATHER SERVICE JACKSONVILLE FL
131 AM EDT FRI SEP 30 2016


...................................

...THE ST SIMONS ISLAND CLIMATE SUMMARY FOR SEPTEMBER 29 2016...

CLIMATE NORMAL PERIOD 1981 TO 2010
CLIMATE RECORD PERIOD 1948 TO 2016


WEATHER ITEM   OBSERVED TIME   RECORD YEAR NORMAL DEPARTURE LAST
                VALUE   (LST)  VALUE       VALUE  FROM      YEAR
                                                  NORMAL
..................................................................
TEMPERATURE (F)
 YESTERDAY
  MAXIMUM         89   1246 PM  92    1974  82      7       84
  MINIMUM         74    708 AM  53    1962  68      6       75
  AVERAGE         82                        75      7       80

PRECIPITATION (IN)
  YESTERDAY        0.00          3.46 1965   0.18  -0.18     0.03
  MONTH TO DATE    8.21                      5.58   2.63     8.84
  SINCE SEP 1      8.21                      5.58   2.63     8.84
  SINCE JAN 1     32.02                     35.69  -3.67    42.96

SNOWFALL (IN)
  YESTERDAY        0.0           0.0    MM                   0.0
  MONTH TO DATE    0.0                                       0.0
  SINCE SEP 1      0.0                                       0.0
  SINCE JUL 1      0.0                                       0.0
  SNOW DEPTH       0

DEGREE DAYS
 HEATING
  YESTERDAY        0                         0      0        0
  MONTH TO DATE    0                         0      0        0
  SINCE SEP 1      0                         0      0        0
  SINCE JUL 1      0                         0      0        0

 COOLING
  YESTERDAY       17                        10      7       15
  MONTH TO DATE  427                       386     41      369
  SINCE SEP 1    427                       386     41      369
  SINCE JAN 1   2698                      2362    336     2496
..................................................................


WIND (MPH)
  HIGHEST WIND SPEED    15   HIGHEST WIND DIRECTION    SE (140)
  HIGHEST GUST SPEED    21   HIGHEST GUST DIRECTION     S (170)
  AVERAGE WIND SPEED     8.8


SKY COVER
  POSSIBLE SUNSHINE  MM
  AVERAGE SKY COVER 0.2


WEATHER CONDITIONS
 THE FOLLOWING WEATHER WAS RECORDED YESTERDAY.
  THUNDERSTORM


RELATIVE HUMIDITY (PERCENT)
 HIGHEST    94           800 AM
 LOWEST     55           100 PM
 AVERAGE    75

..........................................................


THE ST SIMONS ISLAND CLIMATE NORMALS FOR TODAY
                         NORMAL    RECORD    YEAR
 MAXIMUM TEMPERATURE (F)   82        90      1971
 MINIMUM TEMPERATURE (F)   68        49      1967


SUNRISE AND SUNSET
SEPTEMBER 30 2016.....SUNRISE   719 AM EDT   SUNSET   711 PM EDT
OCTOBER  1 2016.......SUNRISE   720 AM EDT   SUNSET   710 PM EDT


-  INDICATES NEGATIVE NUMBERS.
R  INDICATES RECORD WAS SET OR TIED.
MM INDICATES DATA IS MISSING.
T  INDICATES TRACE AMOUNT.




$$
