000
CDUS42 KJAX 290526
CLISSI


CLIMATE REPORT
NATIONAL WEATHER SERVICE JACKSONVILLE FL
126 AM EDT THU JUN 29 2017


...................................

...THE ST SIMONS ISLAND CLIMATE SUMMARY FOR JUNE 28 2017...

CLIMATE NORMAL PERIOD 1981 TO 2010
CLIMATE RECORD PERIOD 1948 TO 2017


WEATHER ITEM   OBSERVED TIME   RECORD YEAR NORMAL DEPARTURE LAST
                VALUE   (LST)  VALUE       VALUE  FROM      YEAR
                                                  NORMAL
..................................................................
TEMPERATURE (F)
 YESTERDAY
  MAXIMUM         85    349 PM  98    1978  89     -4       90
  MINIMUM         73    510 AM  67    1972  74     -1       74
  AVERAGE         79                        82     -3       82

PRECIPITATION (IN)
  YESTERDAY        0.09          3.81 1962   0.14  -0.05     0.99
  MONTH TO DATE    5.01                      4.54   0.47     4.73
  SINCE JUN 1      5.01                      4.54   0.47     4.73
  SINCE JAN 1     17.15                     19.46  -2.31    17.76

SNOWFALL (IN)
  YESTERDAY        0.0           0.0    MM                   0.0
  MONTH TO DATE    0.0                                       0.0
  SINCE JUN 1      0.0                                       0.0
  SINCE JUL 1      0.0                                       0.0
  SNOW DEPTH       0

DEGREE DAYS
 HEATING
  YESTERDAY        0                         0      0        0
  MONTH TO DATE    0                         0      0        0
  SINCE JUN 1      0                         0      0        0
  SINCE JUL 1    781                      1488   -707     1021

 COOLING
  YESTERDAY       14                        17     -3       17
  MONTH TO DATE  428                       426      2      481
  SINCE JUN 1    428                       426      2      481
  SINCE JAN 1   1136                       868    268     1005
..................................................................


WIND (MPH)
  HIGHEST WIND SPEED    16   HIGHEST WIND DIRECTION     E (80)
  HIGHEST GUST SPEED    23   HIGHEST GUST DIRECTION     E (70)
  AVERAGE WIND SPEED    10.1


SKY COVER
  POSSIBLE SUNSHINE  MM
  AVERAGE SKY COVER 0.4


WEATHER CONDITIONS
 THE FOLLOWING WEATHER WAS RECORDED YESTERDAY.
  HEAVY RAIN
  LIGHT RAIN
  FOG


RELATIVE HUMIDITY (PERCENT)
 HIGHEST    94          1200 AM
 LOWEST     61           300 PM
 AVERAGE    78

..........................................................


THE ST SIMONS ISLAND CLIMATE NORMALS FOR TODAY
                         NORMAL    RECORD    YEAR
 MAXIMUM TEMPERATURE (F)   89        99      1959
 MINIMUM TEMPERATURE (F)   75        64      1962


SUNRISE AND SUNSET
JUNE 29 2017..........SUNRISE   625 AM EDT   SUNSET   834 PM EDT
JUNE 30 2017..........SUNRISE   625 AM EDT   SUNSET   834 PM EDT


-  INDICATES NEGATIVE NUMBERS.
R  INDICATES RECORD WAS SET OR TIED.
MM INDICATES DATA IS MISSING.
T  INDICATES TRACE AMOUNT.




$$
