000
CDUS43 KMPX 240642
CLISTC


CLIMATE REPORT
NATIONAL WEATHER SERVICE CHANHASSEN MN
1241 AM CST MON NOV 24 2014


...................................

...THE ST CLOUD MN CLIMATE SUMMARY FOR NOVEMBER 23 2014...

CLIMATE NORMAL PERIOD 1981 TO 2010
CLIMATE RECORD PERIOD 1893 TO 2014


WEATHER ITEM   OBSERVED TIME   RECORD YEAR NORMAL DEPARTURE LAST
                VALUE   (LST)  VALUE       VALUE  FROM      YEAR
                                                  NORMAL
..................................................................
TEMPERATURE (F)
 YESTERDAY
  MAXIMUM         40   1251 PM  53    2006  34      6       17
  MINIMUM         32   1159 PM -10    1989  18     14        1
  AVERAGE         36                        26     10        9

PRECIPITATION (IN)
  YESTERDAY        0.08          0.41 2003   0.05   0.03     0.00
                                      1931
  MONTH TO DATE    1.71                      1.11   0.60     0.53
  SINCE SEP 1      6.42                      7.06  -0.64     6.74
  SINCE JAN 1     35.79                     26.64   9.15    27.07

SNOWFALL (IN)
  YESTERDAY        0.0           7.3  1983   0.4   -0.4      0.0
  MONTH TO DATE   15.7                       5.9    9.8      2.8
  SINCE SEP 1     15.7                       6.7    9.0      3.6
  SINCE JUL 1     15.7                       6.7    9.0      3.6
  SNOW DEPTH       5

DEGREE DAYS
 HEATING
  YESTERDAY       29                        39    -10       56
  MONTH TO DATE  909                       750    159      764
  SINCE SEP 1   1576                      1577     -1     1507
  SINCE JUL 1   1585                      1635    -50     1556

 COOLING
  YESTERDAY        0                         0      0        0
  MONTH TO DATE    0                         0      0        0
  SINCE SEP 1     43                        36      7       74
  SINCE JAN 1    597                       465    132      578
..................................................................


WIND (MPH)
  HIGHEST WIND SPEED    23   HIGHEST WIND DIRECTION    NW (310)
  HIGHEST GUST SPEED    28   HIGHEST GUST DIRECTION    NW (310)
  AVERAGE WIND SPEED     8.7


SKY COVER
  POSSIBLE SUNSHINE  MM
  AVERAGE SKY COVER 1.0


WEATHER CONDITIONS
 THE FOLLOWING WEATHER WAS RECORDED YESTERDAY.
  LIGHT RAIN
  FOG
  FOG W/VISIBILITY <= 1/4 MILE
  HAZE


RELATIVE HUMIDITY (PERCENT)
 HIGHEST   100           500 AM
 LOWEST     70           900 PM
 AVERAGE    85

..........................................................


THE ST CLOUD MN CLIMATE NORMALS FOR TODAY
                         NORMAL    RECORD    YEAR
 MAXIMUM TEMPERATURE (F)   34        56      1990
 MINIMUM TEMPERATURE (F)   17       -17      1898


SUNRISE AND SUNSET
NOVEMBER 24 2014......SUNRISE   728 AM CST   SUNSET   438 PM CST
NOVEMBER 25 2014......SUNRISE   729 AM CST   SUNSET   437 PM CST


-  INDICATES NEGATIVE NUMBERS.
R  INDICATES RECORD WAS SET OR TIED.
MM INDICATES DATA IS MISSING.
T  INDICATES TRACE AMOUNT.




$$
