000
CDUS43 KMPX 280632
CLISTC


CLIMATE REPORT
NATIONAL WEATHER SERVICE CHANHASSEN MN
1232 AM CST SUN DEC 28 2014


...................................

...THE ST CLOUD MN CLIMATE SUMMARY FOR DECEMBER 27 2014...

CLIMATE NORMAL PERIOD 1981 TO 2010
CLIMATE RECORD PERIOD 1893 TO 2014


WEATHER ITEM   OBSERVED TIME   RECORD YEAR NORMAL DEPARTURE LAST
                VALUE   (LST)  VALUE       VALUE  FROM      YEAR
                                                  NORMAL
..................................................................
TEMPERATURE (F)
 YESTERDAY
  MAXIMUM         27   1217 AM  45    1994  22      5       40
  MINIMUM         15    826 PM -27    1924   4     11        4
  AVERAGE         21                        13      8       22

PRECIPITATION (IN)
  YESTERDAY        T             0.45 1982   0.03  -0.03     0.00
  MONTH TO DATE    0.75                      0.72   0.03     1.71
  SINCE DEC 1      0.75                      0.72   0.03     1.71
  SINCE JAN 1     36.72                     27.63   9.09    28.78

SNOWFALL (IN)
  YESTERDAY        T             4.5  1982   0.3   -0.3      0.0
  MONTH TO DATE    2.5                       8.1   -5.6     19.9
  SINCE DEC 1      2.5                       8.1   -5.6     19.9
  SINCE JUL 1     20.1                      17.3    2.8     23.5
  SNOW DEPTH       1

DEGREE DAYS
 HEATING
  YESTERDAY       44                        52     -8       43
  MONTH TO DATE 1030                      1312   -282     1548
  SINCE DEC 1   1030                      1312   -282     1548
  SINCE JUL 1   2962                      3237   -275     3421

 COOLING
  YESTERDAY        0                         0      0        0
  MONTH TO DATE    0                         0      0        0
  SINCE DEC 1      0                         0      0        0
  SINCE JAN 1    597                       465    132      578
..................................................................


WIND (MPH)
  HIGHEST WIND SPEED    17   HIGHEST WIND DIRECTION    NW (310)
  HIGHEST GUST SPEED    19   HIGHEST GUST DIRECTION    NW (310)
  AVERAGE WIND SPEED     9.0


SKY COVER
  POSSIBLE SUNSHINE  MM
  AVERAGE SKY COVER 0.6


WEATHER CONDITIONS
 THE FOLLOWING WEATHER WAS RECORDED YESTERDAY.
  LIGHT SNOW


RELATIVE HUMIDITY (PERCENT)
 HIGHEST    74           200 AM
 LOWEST     42           200 PM
 AVERAGE    58

..........................................................


THE ST CLOUD MN CLIMATE NORMALS FOR TODAY
                         NORMAL    RECORD    YEAR
 MAXIMUM TEMPERATURE (F)   22        41      1999
 MINIMUM TEMPERATURE (F)    4       -26      1917


SUNRISE AND SUNSET
DECEMBER 28 2014......SUNRISE   756 AM CST   SUNSET   440 PM CST
DECEMBER 29 2014......SUNRISE   756 AM CST   SUNSET   441 PM CST


-  INDICATES NEGATIVE NUMBERS.
R  INDICATES RECORD WAS SET OR TIED.
MM INDICATES DATA IS MISSING.
T  INDICATES TRACE AMOUNT.




$$
