000
CDUS43 KEAX 030638
CLISTJ


CLIMATE REPORT
NATIONAL WEATHER SERVICE KANSAS CITY/PLEASANT HILL MO
137 AM CDT FRI JUL 3 2015


...................................

...THE ST. JOSEPH MO CLIMATE SUMMARY FOR JULY 2 2015...

CLIMATE NORMAL PERIOD 1981 TO 2010
CLIMATE RECORD PERIOD 1892 TO 2015


WEATHER ITEM   OBSERVED TIME   RECORD YEAR NORMAL DEPARTURE LAST
                VALUE   (LST)  VALUE       VALUE  FROM      YEAR
                                                  NORMAL
..................................................................
TEMPERATURE (F)
 YESTERDAY
  MAXIMUM         74   1255 AM 102    1911  86    -12       69
  MINIMUM         66   1159 PM  51    1924  66      0       55
  AVERAGE         70                        76     -6       62

PRECIPITATION (IN)
  YESTERDAY        0.06          1.78 1973   0.15  -0.09      T
  MONTH TO DATE    0.38                      0.31   0.07      T
  SINCE JUN 1      7.28                      4.49   2.79     7.91
  SINCE JAN 1     22.97                     17.44   5.53    15.68

DEGREE DAYS
 HEATING
  YESTERDAY        0                         0      0        3
  MONTH TO DATE    0                         0      0        3
  SINCE JUN 1      1                         8     -7        4
  SINCE JUL 1      0                         0      0        3

 COOLING
  YESTERDAY        5                        11     -6        0
  MONTH TO DATE   18                        22     -4        8
  SINCE JUN 1    332                       289     43      287
  SINCE JAN 1    400                       402     -2      448
..................................................................


WIND (MPH)
  HIGHEST WIND SPEED    13   HIGHEST WIND DIRECTION     E (70)
  HIGHEST GUST SPEED    18   HIGHEST GUST DIRECTION    NE (60)
  AVERAGE WIND SPEED     7.0


SKY COVER
  POSSIBLE SUNSHINE  MM
  AVERAGE SKY COVER 1.0


WEATHER CONDITIONS
 THE FOLLOWING WEATHER WAS RECORDED YESTERDAY.
  LIGHT RAIN
  FOG


RELATIVE HUMIDITY (PERCENT)
 HIGHEST    90           300 AM
 LOWEST     81          1100 PM
 AVERAGE    86

..........................................................


THE ST. JOSEPH MO CLIMATE NORMALS FOR TODAY
                         NORMAL    RECORD    YEAR
 MAXIMUM TEMPERATURE (F)   86       105      1954
 MINIMUM TEMPERATURE (F)   67        46      1968


SUNRISE AND SUNSET
JULY  3 2015..........SUNRISE   556 AM CDT   SUNSET   851 PM CDT
JULY  4 2015..........SUNRISE   557 AM CDT   SUNSET   851 PM CDT


-  INDICATES NEGATIVE NUMBERS.
R  INDICATES RECORD WAS SET OR TIED.
MM INDICATES DATA IS MISSING.
T  INDICATES TRACE AMOUNT.




$$
