000
CDUS43 KEAX 200635
CLISTJ


CLIMATE REPORT
NATIONAL WEATHER SERVICE KANSAS CITY/PLEASANT HILL MO
135 AM CDT MON OCT 20 2014


...................................

...THE ST. JOSEPH MO CLIMATE SUMMARY FOR OCTOBER 19 2014...

CLIMATE NORMAL PERIOD 1981 TO 2010
CLIMATE RECORD PERIOD 1892 TO 2014


WEATHER ITEM   OBSERVED TIME   RECORD YEAR NORMAL DEPARTURE LAST
                VALUE   (LST)  VALUE       VALUE  FROM      YEAR
                                                  NORMAL
..................................................................
TEMPERATURE (F)
 YESTERDAY
  MAXIMUM         71    251 PM  90    1963  66      5       65
  MINIMUM         34    411 AM  18    1972  42     -8       31
  AVERAGE         53                        54     -1       48

PRECIPITATION (IN)
  YESTERDAY        0.00          0.86 1983   0.09  -0.09     0.00
  MONTH TO DATE    6.12                      1.77   4.35     2.29
  SINCE SEP 1      7.83                      5.19   2.64     5.84
  SINCE JAN 1     30.38                     31.49  -1.11    25.51

DEGREE DAYS
 HEATING
  YESTERDAY       12                        12      0       17
  MONTH TO DATE  184                       170     14      152
  SINCE SEP 1    262                       245     17      188
  SINCE JUL 1    268                       250     18      190

 COOLING
  YESTERDAY        0                         0      0        0
  MONTH TO DATE    7                        18    -11       26
  SINCE SEP 1    126                       140    -14      215
  SINCE JAN 1   1175                      1217    -42     1285
..................................................................


WIND (MPH)
  HIGHEST WIND SPEED    17   HIGHEST WIND DIRECTION     S (200)
  HIGHEST GUST SPEED    22   HIGHEST GUST DIRECTION    SW (210)
  AVERAGE WIND SPEED     5.2


SKY COVER
  POSSIBLE SUNSHINE  MM
  AVERAGE SKY COVER 0.2


WEATHER CONDITIONS
 THE FOLLOWING WEATHER WAS RECORDED YESTERDAY.
  FOG
  FOG W/VISIBILITY <= 1/4 MILE


RELATIVE HUMIDITY (PERCENT)
 HIGHEST   100           100 AM
 LOWEST     44           300 PM
 AVERAGE    72

..........................................................


THE ST. JOSEPH MO CLIMATE NORMALS FOR TODAY
                         NORMAL    RECORD    YEAR
 MAXIMUM TEMPERATURE (F)   65        90      2003
 MINIMUM TEMPERATURE (F)   41        22      1989


SUNRISE AND SUNSET
OCTOBER 20 2014.......SUNRISE   735 AM CDT   SUNSET   633 PM CDT
OCTOBER 21 2014.......SUNRISE   736 AM CDT   SUNSET   632 PM CDT


-  INDICATES NEGATIVE NUMBERS.
R  INDICATES RECORD WAS SET OR TIED.
MM INDICATES DATA IS MISSING.
T  INDICATES TRACE AMOUNT.




$$
