000
CDUS43 KEAX 130636
CLISTJ


CLIMATE REPORT
NATIONAL WEATHER SERVICE KANSAS CITY/PLEASANT HILL MO
135 AM CDT SUN JUL 13 2014


...................................

...THE ST. JOSEPH MO CLIMATE SUMMARY FOR JULY 12 2014...

CLIMATE NORMAL PERIOD 1981 TO 2010
CLIMATE RECORD PERIOD 1892 TO 2014


WEATHER ITEM   OBSERVED TIME   RECORD YEAR NORMAL DEPARTURE LAST
                VALUE   (LST)  VALUE       VALUE  FROM      YEAR
                                                  NORMAL
..................................................................
TEMPERATURE (F)
 YESTERDAY
  MAXIMUM         92    448 PM 103    1954  87      5       89
  MINIMUM         75    530 AM  51    1975  67      8       66
  AVERAGE         84                        77      7       78

PRECIPITATION (IN)
  YESTERDAY        0.00          3.02 1963   0.16  -0.16     0.00
  MONTH TO DATE    3.79                      1.79   2.00     0.07
  SINCE JUN 1     11.70                      5.97   5.73     2.16
  SINCE JAN 1     19.47                     18.92   0.55    16.21

DEGREE DAYS
 HEATING
  YESTERDAY        0                         0      0        0
  MONTH TO DATE    4                         0      4        0
  SINCE JUN 1      5                         8     -3       15
  SINCE JUL 1      4                         0      4        0

 COOLING
  YESTERDAY       19                        12      7       13
  MONTH TO DATE  114                       142    -28      145
  SINCE JUN 1    393                       409    -16      420
  SINCE JAN 1    554                       522     32      546
..................................................................


WIND (MPH)
  HIGHEST WIND SPEED    20   HIGHEST WIND DIRECTION     N (10)
  HIGHEST GUST SPEED    27   HIGHEST GUST DIRECTION     N (10)
  AVERAGE WIND SPEED     9.0


SKY COVER
  POSSIBLE SUNSHINE  MM
  AVERAGE SKY COVER 0.1


WEATHER CONDITIONS
 THE FOLLOWING WEATHER WAS RECORDED YESTERDAY.
  NO SIGNIFICANT WEATHER WAS OBSERVED.


RELATIVE HUMIDITY (PERCENT)
 HIGHEST    87           400 AM
 LOWEST     56           200 PM
 AVERAGE    72

..........................................................


THE ST. JOSEPH MO CLIMATE NORMALS FOR TODAY
                         NORMAL    RECORD    YEAR
 MAXIMUM TEMPERATURE (F)   87       107      1954
 MINIMUM TEMPERATURE (F)   67        47      1975


SUNRISE AND SUNSET
JULY 13 2014..........SUNRISE   603 AM CDT   SUNSET   848 PM CDT
JULY 14 2014..........SUNRISE   603 AM CDT   SUNSET   847 PM CDT


-  INDICATES NEGATIVE NUMBERS.
R  INDICATES RECORD WAS SET OR TIED.
MM INDICATES DATA IS MISSING.
T  INDICATES TRACE AMOUNT.




$$
