000
CDUS43 KEAX 290033
CLISTJ


CLIMATE REPORT
NATIONAL WEATHER SERVICE KANSAS CITY/PLEASANT HILL MO
733 PM CDT THU JUL 28 2016


...................................

...THE ST. JOSEPH MO CLIMATE SUMMARY FOR JULY 28 2016...
VALID TODAY AS OF 0700 PM LOCAL TIME.

CLIMATE NORMAL PERIOD 1981 TO 2010
CLIMATE RECORD PERIOD 1892 TO 2016


WEATHER ITEM   OBSERVED TIME   RECORD YEAR NORMAL DEPARTURE LAST
                VALUE   (LST)  VALUE       VALUE  FROM      YEAR
                                                  NORMAL
..................................................................
TEMPERATURE (F)
 TODAY
  MAXIMUM         88    332 PM 103    1931  87      1       94
  MINIMUM         68    510 AM  48    2013  67      1       74
  AVERAGE         78                        77      1       84

PRECIPITATION (IN)
  TODAY            0.00          1.87 1979   0.17  -0.17      T
  MONTH TO DATE    8.31                      4.68   3.63     4.09
  SINCE JUN 1      9.02                      8.86   0.16    10.99
  SINCE JAN 1     23.15                     21.81   1.34    26.68

DEGREE DAYS
 HEATING
  TODAY            0                         0      0        0
  MONTH TO DATE    2                         0      2        0
  SINCE JUN 1      2                         8     -6        1
  SINCE JUL 1      2                         0      2        0

 COOLING
  TODAY           13                        12      1       19
  MONTH TO DATE  387                       334     53      353
  SINCE JUN 1    814                       601    213      667
  SINCE JAN 1    897                       714    183      735
..................................................................


WIND (MPH)
  HIGHEST WIND SPEED    14   HIGHEST WIND DIRECTION     N (350)
  HIGHEST GUST SPEED    27   HIGHEST GUST DIRECTION     E (100)
  AVERAGE WIND SPEED     5.8


SKY COVER
  AVERAGE SKY COVER 0.2


WEATHER CONDITIONS
 THE FOLLOWING WEATHER WAS RECORDED TODAY.
  FOG
  FOG W/VISIBILITY <= 1/4 MILE


RELATIVE HUMIDITY (PERCENT)
 HIGHEST   100           400 AM
 LOWEST     50           300 PM
 AVERAGE    75

..........................................................


THE ST. JOSEPH MO CLIMATE NORMALS FOR TOMORROW
                         NORMAL    RECORD    YEAR
 MAXIMUM TEMPERATURE (F)   87       104      1947
 MINIMUM TEMPERATURE (F)   67        52      1971


SUNRISE AND SUNSET
JULY 28 2016..........SUNRISE   615 AM CDT   SUNSET   836 PM CDT
JULY 29 2016..........SUNRISE   616 AM CDT   SUNSET   835 PM CDT


-  INDICATES NEGATIVE NUMBERS.
R  INDICATES RECORD WAS SET OR TIED.
MM INDICATES DATA IS MISSING.
T  INDICATES TRACE AMOUNT.




$$
