000
CDUS43 KEAX 240034
CLISTJ


CLIMATE REPORT
NATIONAL WEATHER SERVICE KANSAS CITY/PLEASANT HILL MO
734 PM CDT SUN APR 23 2017


...................................

...THE ST. JOSEPH MO CLIMATE SUMMARY FOR APRIL 23 2017...
VALID TODAY AS OF 0700 PM LOCAL TIME.

CLIMATE NORMAL PERIOD 1981 TO 2010
CLIMATE RECORD PERIOD 1892 TO 2017


WEATHER ITEM   OBSERVED TIME   RECORD YEAR NORMAL DEPARTURE LAST
                VALUE   (LST)  VALUE       VALUE  FROM      YEAR
                                                  NORMAL
..................................................................
TEMPERATURE (F)
 TODAY
  MAXIMUM         72    455 PM  92    1950  68      4       80
  MINIMUM         32    542 AM  30    1996  45    -13       45
  AVERAGE         52                        56     -4       63

PRECIPITATION (IN)
  TODAY            0.00          1.31 1968   0.15  -0.15     0.00
  MONTH TO DATE    2.52                      2.61  -0.09     1.20
  SINCE MAR 1      5.09                      4.86   0.23     2.07
  SINCE JAN 1      6.11                      6.35  -0.24     2.98

DEGREE DAYS
 HEATING
  TODAY           13                         9      4        2
  MONTH TO DATE  187                       288   -101      231
  SINCE MAR 1    754                       973   -219      734
  SINCE JUL 1   4051                      5281  -1230     4352

 COOLING
  TODAY            0                         1     -1        0
  MONTH TO DATE   14                        16     -2        5
  SINCE MAR 1     18                        18      0        7
  SINCE JAN 1     18                        18      0        7
..................................................................


WIND (MPH)
  HIGHEST WIND SPEED    15   HIGHEST WIND DIRECTION     S (180)
  HIGHEST GUST SPEED    18   HIGHEST GUST DIRECTION     S (180)
  AVERAGE WIND SPEED     3.0


SKY COVER
  AVERAGE SKY COVER 0.0


WEATHER CONDITIONS
 THE FOLLOWING WEATHER WAS RECORDED TODAY.
  NO SIGNIFICANT WEATHER WAS OBSERVED.


RELATIVE HUMIDITY (PERCENT)
 HIGHEST   100           500 AM
 LOWEST     23           200 PM
 AVERAGE    62

..........................................................


THE ST. JOSEPH MO CLIMATE NORMALS FOR TOMORROW
                         NORMAL    RECORD    YEAR
 MAXIMUM TEMPERATURE (F)   68        92      1989
 MINIMUM TEMPERATURE (F)   45        27      2013
                                             1967


SUNRISE AND SUNSET
APRIL 23 2017.........SUNRISE   630 AM CDT   SUNSET   806 PM CDT
APRIL 24 2017.........SUNRISE   629 AM CDT   SUNSET   807 PM CDT


-  INDICATES NEGATIVE NUMBERS.
R  INDICATES RECORD WAS SET OR TIED.
MM INDICATES DATA IS MISSING.
T  INDICATES TRACE AMOUNT.




$$
