000
CDUS43 KEAX 270634
CLISTJ


CLIMATE REPORT
NATIONAL WEATHER SERVICE KANSAS CITY/PLEASANT HILL MO
1233 AM CST MON FEB 27 2017


...................................

...THE ST. JOSEPH MO CLIMATE SUMMARY FOR FEBRUARY 26 2017...

CLIMATE NORMAL PERIOD 1981 TO 2010
CLIMATE RECORD PERIOD 1892 TO 2017


WEATHER ITEM   OBSERVED TIME   RECORD YEAR NORMAL DEPARTURE LAST
                VALUE   (LST)  VALUE       VALUE  FROM      YEAR
                                                  NORMAL
..................................................................
TEMPERATURE (F)
 YESTERDAY
  MAXIMUM         53    357 PM  73    1988  46      7       55
  MINIMUM         23    654 AM  -4    1934  25     -2       20
  AVERAGE         38                        35      3       38

PRECIPITATION (IN)
  YESTERDAY        0.00          0.74 1899   0.04  -0.04     0.00
  MONTH TO DATE    0.05                      0.85  -0.80     0.32
  SINCE DEC 1      2.12                      2.93  -0.81     3.16
  SINCE JAN 1      1.02                      1.41  -0.39     0.91

DEGREE DAYS
 HEATING
  YESTERDAY       27                        30     -3       27
  MONTH TO DATE  633                       866   -233      744
  SINCE DEC 1   2590                      3138   -548     2733
  SINCE JUL 1   3265                      4249   -984     3569

 COOLING
  YESTERDAY        0                         0      0        0
  MONTH TO DATE    0                         0      0        0
  SINCE DEC 1      0                         0      0        0
  SINCE JAN 1      0                         0      0        0
..................................................................


WIND (MPH)
  HIGHEST WIND SPEED    18   HIGHEST WIND DIRECTION     S (200)
  HIGHEST GUST SPEED    24   HIGHEST GUST DIRECTION     S (200)
  AVERAGE WIND SPEED     7.9


SKY COVER
  POSSIBLE SUNSHINE  MM
  AVERAGE SKY COVER 0.3


WEATHER CONDITIONS
 THE FOLLOWING WEATHER WAS RECORDED YESTERDAY.
  NO SIGNIFICANT WEATHER WAS OBSERVED.


RELATIVE HUMIDITY (PERCENT)
 HIGHEST    81           700 AM
 LOWEST     32           400 PM
 AVERAGE    57

..........................................................


THE ST. JOSEPH MO CLIMATE NORMALS FOR TODAY
                         NORMAL    RECORD    YEAR
 MAXIMUM TEMPERATURE (F)   47        75      2016
 MINIMUM TEMPERATURE (F)   25       -10      1934


SUNRISE AND SUNSET
FEBRUARY 27 2017......SUNRISE   655 AM CST   SUNSET   610 PM CST
FEBRUARY 28 2017......SUNRISE   654 AM CST   SUNSET   611 PM CST


-  INDICATES NEGATIVE NUMBERS.
R  INDICATES RECORD WAS SET OR TIED.
MM INDICATES DATA IS MISSING.
T  INDICATES TRACE AMOUNT.




$$
