000
CDUS43 KEAX 240635
CLISTJ


CLIMATE REPORT
NATIONAL WEATHER SERVICE KANSAS CITY/PLEASANT HILL MO
133 AM CDT FRI MAR 24 2017


...................................

...THE ST. JOSEPH MO CLIMATE SUMMARY FOR MARCH 23 2017...

CLIMATE NORMAL PERIOD 1981 TO 2010
CLIMATE RECORD PERIOD 1892 TO 2017


WEATHER ITEM   OBSERVED TIME   RECORD YEAR NORMAL DEPARTURE LAST
                VALUE   (LST)  VALUE       VALUE  FROM      YEAR
                                                  NORMAL
..................................................................
TEMPERATURE (F)
 YESTERDAY
  MAXIMUM         81    353 PM  87    1910  58     23       78
  MINIMUM         47    451 AM  12    1965  34     13       47
  AVERAGE         64                        46     18       63

PRECIPITATION (IN)
  YESTERDAY        T             1.13 2009   0.07  -0.07     0.09
  MONTH TO DATE    0.06                      1.54  -1.48     0.75
  SINCE MAR 1      0.06                      1.54  -1.48     0.75
  SINCE JAN 1      1.08                      3.03  -1.95     1.66

DEGREE DAYS
 HEATING
  YESTERDAY        1                        19    -18        2
  MONTH TO DATE  449                       546    -97      364
  SINCE MAR 1    449                       546    -97      364
  SINCE JUL 1   3746                      4854  -1108     3982

 COOLING
  YESTERDAY        0                         0      0        0
  MONTH TO DATE    4                         0      4        1
  SINCE MAR 1      4                         0      4        1
  SINCE JAN 1      4                         0      4        1
..................................................................


WIND (MPH)
  HIGHEST WIND SPEED    32   HIGHEST WIND DIRECTION     S (170)
  HIGHEST GUST SPEED    38   HIGHEST GUST DIRECTION     S (180)
  AVERAGE WIND SPEED    17.1


SKY COVER
  POSSIBLE SUNSHINE  MM
  AVERAGE SKY COVER 0.4


WEATHER CONDITIONS
 THE FOLLOWING WEATHER WAS RECORDED YESTERDAY.
  LIGHT RAIN


RELATIVE HUMIDITY (PERCENT)
 HIGHEST    50           700 AM
 LOWEST     39          1200 AM
 AVERAGE    45

..........................................................


THE ST. JOSEPH MO CLIMATE NORMALS FOR TODAY
                         NORMAL    RECORD    YEAR
 MAXIMUM TEMPERATURE (F)   58        86      1967
 MINIMUM TEMPERATURE (F)   35         9      1965


SUNRISE AND SUNSET
MARCH 24 2017.........SUNRISE   716 AM CDT   SUNSET   736 PM CDT
MARCH 25 2017.........SUNRISE   715 AM CDT   SUNSET   737 PM CDT


-  INDICATES NEGATIVE NUMBERS.
R  INDICATES RECORD WAS SET OR TIED.
MM INDICATES DATA IS MISSING.
T  INDICATES TRACE AMOUNT.




$$
