472
CDUS43 KEAX 060632
CLISTJ


CLIMATE REPORT
NATIONAL WEATHER SERVICE KANSAS CITY/PLEASANT HILL MO
1231 AM CST SAT FEB 6 2016


...................................

...THE ST. JOSEPH MO CLIMATE SUMMARY FOR FEBRUARY 5 2016...

CLIMATE NORMAL PERIOD 1981 TO 2010
CLIMATE RECORD PERIOD 1892 TO 2016


WEATHER ITEM   OBSERVED TIME   RECORD YEAR NORMAL DEPARTURE LAST
                VALUE   (LST)  VALUE       VALUE  FROM      YEAR
                                                  NORMAL
..................................................................
TEMPERATURE (F)
 YESTERDAY
  MAXIMUM         39    510 PM  68    1938  40     -1       25
  MINIMUM         19    117 AM -19    1979  19      0       -6
  AVERAGE         29                        30     -1       10

PRECIPITATION (IN)
  YESTERDAY        0.00          0.62 2008   0.03  -0.03     0.00
  MONTH TO DATE    0.32                      0.14   0.18     0.25
  SINCE DEC 1      3.16                      2.22   0.94     2.36
  SINCE JAN 1      0.91                      0.70   0.21     1.40

DEGREE DAYS
 HEATING
  YESTERDAY       36                        35      1       55
  MONTH TO DATE  159                       179    -20      250
  SINCE DEC 1   2148                      2451   -303     2341
  SINCE JUL 1   2984                      3562   -578     3587

 COOLING
  YESTERDAY        0                         0      0        0
  MONTH TO DATE    0                         0      0        0
  SINCE DEC 1      0                         0      0        0
  SINCE JAN 1      0                         0      0        0
..................................................................


WIND (MPH)
  HIGHEST WIND SPEED    10   HIGHEST WIND DIRECTION     S (160)
  HIGHEST GUST SPEED    13   HIGHEST GUST DIRECTION     S (190)
  AVERAGE WIND SPEED     4.1


SKY COVER
  POSSIBLE SUNSHINE  MM
  AVERAGE SKY COVER 0.4


WEATHER CONDITIONS
 THE FOLLOWING WEATHER WAS RECORDED YESTERDAY.
  FOG


RELATIVE HUMIDITY (PERCENT)
 HIGHEST    96           700 AM
 LOWEST     50           400 PM
 AVERAGE    73

..........................................................


THE ST. JOSEPH MO CLIMATE NORMALS FOR TODAY
                         NORMAL    RECORD    YEAR
 MAXIMUM TEMPERATURE (F)   40        67      2009
 MINIMUM TEMPERATURE (F)   20       -21      1982


SUNRISE AND SUNSET
FEBRUARY  6 2016......SUNRISE   723 AM CST   SUNSET   545 PM CST
FEBRUARY  7 2016......SUNRISE   722 AM CST   SUNSET   546 PM CST


-  INDICATES NEGATIVE NUMBERS.
R  INDICATES RECORD WAS SET OR TIED.
MM INDICATES DATA IS MISSING.
T  INDICATES TRACE AMOUNT.




$$
