000
CDUS43 KLSX 010728
CLISTL


CLIMATE REPORT
NATIONAL WEATHER SERVICE ST LOUIS MO
228 AM CDT SAT OCT 1 2016


...................................

...THE ST. LOUIS CLIMATE SUMMARY FOR SEPTEMBER 30 2016...

CLIMATE NORMAL PERIOD 1981 TO 2010
CLIMATE RECORD PERIOD 1874 TO 2016


WEATHER ITEM   OBSERVED TIME   RECORD YEAR NORMAL DEPARTURE LAST
                VALUE   (LST)  VALUE       VALUE  FROM      YEAR
                                                  NORMAL
..................................................................
TEMPERATURE (F)
 YESTERDAY
  MAXIMUM         69   1202 PM  93    1952  74     -5       72
  MINIMUM         61    346 AM  36    1949  54      7       56
  AVERAGE         65                        64      1       64

PRECIPITATION (IN)
  YESTERDAY        0.04          2.35 1986   0.10  -0.06     0.00
  MONTH TO DATE    4.95                      3.13   1.82     3.11
  SINCE SEP 1      4.95                      3.13   1.82     3.11
  SINCE JAN 1     33.43                     30.88   2.55    42.04

SNOWFALL (IN)
  YESTERDAY        0.0           0.0  2015   0.0    0.0      0.0
  MONTH TO DATE    0.0                       0.0    0.0      0.0
  SINCE SEP 1      0.0                       0.0    0.0      0.0
  SINCE JUL 1      0.0                       0.0    0.0      0.0
  SNOW DEPTH       0

DEGREE DAYS
 HEATING
  YESTERDAY        0                         4     -4        1
  MONTH TO DATE    4                        39    -35        6
  SINCE SEP 1      4                        40    -36        6
  SINCE JUL 1      4                        41    -37        6

 COOLING
  YESTERDAY        0                         3     -3        0
  MONTH TO DATE  324                       202    122      314
  SINCE SEP 1    324                       202    122      314
  SINCE JAN 1   2029                      1601    428     1821
..................................................................


WIND (MPH)
  HIGHEST WIND SPEED    16   HIGHEST WIND DIRECTION    NW (320)
  HIGHEST GUST SPEED    20   HIGHEST GUST DIRECTION     W (280)
  AVERAGE WIND SPEED    10.1


SKY COVER
  AVERAGE SKY COVER 0.9


WEATHER CONDITIONS
 THE FOLLOWING WEATHER WAS RECORDED YESTERDAY.
  RAIN
  LIGHT RAIN
  FOG


RELATIVE HUMIDITY (PERCENT)
 HIGHEST    90          1000 PM
 LOWEST     68          1100 AM
 AVERAGE    79

..........................................................


THE ST. LOUIS CLIMATE NORMALS FOR TODAY
                         NORMAL    RECORD    YEAR
 MAXIMUM TEMPERATURE (F)   74        91      1952
 MINIMUM TEMPERATURE (F)   54        36      1985
                                             1939


SUNRISE AND SUNSET
OCTOBER  1 2016.......SUNRISE   658 AM CDT   SUNSET   643 PM CDT
OCTOBER  2 2016.......SUNRISE   659 AM CDT   SUNSET   642 PM CDT


-  INDICATES NEGATIVE NUMBERS.
R  INDICATES RECORD WAS SET OR TIED.
MM INDICATES DATA IS MISSING.
T  INDICATES TRACE AMOUNT.




$$
