000
CDUS46 KMTR 190828
CLISTS


CLIMATE REPORT
NATIONAL WEATHER SERVICE SAN FRANCISCO BAY AREA
127 AM PDT FRI SEP 19 2014


...................................

...THE SANTA ROSA AIRPORT CLIMATE SUMMARY FOR SEPTEMBER 18 2014...

CLIMATE NORMAL PERIOD 1981 TO 2010
CLIMATE RECORD PERIOD 1998 TO 2014


WEATHER ITEM   OBSERVED TIME   RECORD YEAR NORMAL DEPARTURE LAST
                VALUE   (LST)  VALUE       VALUE  FROM      YEAR
                                                  NORMAL
..................................................................
TEMPERATURE (F)
 YESTERDAY
  MAXIMUM         76    203 PM 101    2000  83     -7       85
  MINIMUM         59   1159 PM  41    2008  49     10       54
  AVERAGE         68                        66      2       70

PRECIPITATION (IN)
  YESTERDAY        0.10R         T    2010   0.00   0.10     0.00
  MONTH TO DATE    0.11                      0.12  -0.01     0.01
  SINCE JUL 1      0.11                      0.21  -0.10     0.04
  SINCE JAN 1     12.68                     22.30  -9.62     6.56

DEGREE DAYS
 HEATING
  YESTERDAY        0                                         0
  MONTH TO DATE    5                                         1
  SINCE SEP 1      5                                         1
  SINCE JUL 1     10                                        38

 COOLING
  YESTERDAY        3                                         5
  MONTH TO DATE   67                                        62
  SINCE SEP 1     67                                        62
  SINCE JAN 1    416                                       405
..................................................................


WIND (MPH)
  RESULTANT WIND SPEED   4   RESULTANT WIND DIRECTION   S (200)
  HIGHEST WIND SPEED    13   HIGHEST WIND DIRECTION    SW (240)
  HIGHEST GUST SPEED    16   HIGHEST GUST DIRECTION    SW (230)
  AVERAGE WIND SPEED     4.8


SKY COVER
  POSSIBLE SUNSHINE  MM
  AVERAGE SKY COVER 0.6


WEATHER CONDITIONS
 THE FOLLOWING WEATHER WAS RECORDED YESTERDAY.
  RAIN
  LIGHT RAIN
  FOG
  HAZE


RELATIVE HUMIDITY (PERCENT)
 HIGHEST   100           500 AM
 LOWEST     60           400 PM
 AVERAGE    80

..........................................................


THE SANTA ROSA AIRPORT CLIMATE NORMALS FOR TODAY
                         NORMAL    RECORD    YEAR
 MAXIMUM TEMPERATURE (F)   83       104      2000
 MINIMUM TEMPERATURE (F)   49        41      2008


SUNRISE AND SUNSET
SEPTEMBER 19 2014.....SUNRISE   656 AM PDT   SUNSET   713 PM PDT
SEPTEMBER 20 2014.....SUNRISE   657 AM PDT   SUNSET   711 PM PDT


-  INDICATES NEGATIVE NUMBERS.
R  INDICATES RECORD WAS SET OR TIED.
MM INDICATES DATA IS MISSING.
T  INDICATES TRACE AMOUNT.




$$
