000
CDUS46 KMTR 030826
CLISTS


CLIMATE REPORT
NATIONAL WEATHER SERVICE SAN FRANCISCO BAY AREA
125 AM PDT WED JUN 3 2015


...................................

...THE SANTA ROSA AIRPORT CLIMATE SUMMARY FOR JUNE 2 2015...

CLIMATE NORMAL PERIOD 1981 TO 2010
CLIMATE RECORD PERIOD 1998 TO 2015


WEATHER ITEM   OBSERVED TIME   RECORD YEAR NORMAL DEPARTURE LAST
                VALUE   (LST)  VALUE       VALUE  FROM      YEAR
                                                  NORMAL
..................................................................
TEMPERATURE (F)
 YESTERDAY
  MAXIMUM         82    224 PM  93    2003  78      4       72
  MINIMUM         47    532 AM  40    2008  49     -2       48
  AVERAGE         65                        63      2       60

PRECIPITATION (IN)
  YESTERDAY        0.00          0.04 2011   0.02  -0.02     0.00
  MONTH TO DATE    0.01                      0.04  -0.03     0.00
  SINCE OCT 1     24.50                     35.64 -11.14    14.07
  SINCE JAN 1      5.95                     21.89 -15.94    12.57

DEGREE DAYS
 HEATING
  YESTERDAY        0                                         5
  MONTH TO DATE    4                                         7
  SINCE JUN 1      4                                         7
  SINCE JUL 1   2038                                      2490

 COOLING
  YESTERDAY        0                                         0
  MONTH TO DATE    0                                         0
  SINCE JUN 1      0                                         0
  SINCE JAN 1     12                                        58
..................................................................


WIND (MPH)
  RESULTANT WIND SPEED   3   RESULTANT WIND DIRECTION   S (200)
  HIGHEST WIND SPEED    14   HIGHEST WIND DIRECTION    NW (320)
  HIGHEST GUST SPEED    17   HIGHEST GUST DIRECTION    NW (330)
  AVERAGE WIND SPEED     4.5


SKY COVER
  POSSIBLE SUNSHINE  MM
  AVERAGE SKY COVER 0.2


WEATHER CONDITIONS
 THE FOLLOWING WEATHER WAS RECORDED YESTERDAY.
  FOG


RELATIVE HUMIDITY (PERCENT)
 HIGHEST   100           200 AM
 LOWEST     35           400 PM
 AVERAGE    68

..........................................................


THE SANTA ROSA AIRPORT CLIMATE NORMALS FOR TODAY
                         NORMAL    RECORD    YEAR
 MAXIMUM TEMPERATURE (F)   79        90      2006
 MINIMUM TEMPERATURE (F)   49        45      2011
                                             2002


SUNRISE AND SUNSET
JUNE  3 2015..........SUNRISE   548 AM PDT   SUNSET   831 PM PDT
JUNE  4 2015..........SUNRISE   548 AM PDT   SUNSET   831 PM PDT


-  INDICATES NEGATIVE NUMBERS.
R  INDICATES RECORD WAS SET OR TIED.
MM INDICATES DATA IS MISSING.
T  INDICATES TRACE AMOUNT.




$$
