000
CDUS46 KMTR 270904
CLISTS


CLIMATE REPORT
NATIONAL WEATHER SERVICE SAN FRANCISCO BAY AREA
204 AM PDT THU JUL 27 2017


...................................

...THE SANTA ROSA AIRPORT CLIMATE SUMMARY FOR JULY 26 2017...

CLIMATE NORMAL PERIOD 1981 TO 2010
CLIMATE RECORD PERIOD 1998 TO 2017


WEATHER ITEM   OBSERVED TIME   RECORD YEAR NORMAL DEPARTURE LAST
                VALUE   (LST)  VALUE       VALUE  FROM      YEAR
                                                  NORMAL
..................................................................
TEMPERATURE (F)
 YESTERDAY
  MAXIMUM         84    322 PM  97    2016  83      1       97
  MINIMUM         53   1159 PM  49    2008  52      1       52
  AVERAGE         69                        67      2       75

PRECIPITATION (IN)
  YESTERDAY        0.00          T    2016   0.00   0.00     0.00
  MONTH TO DATE    0.00                      0.01  -0.01      T
  SINCE OCT 1     60.37                     35.85  24.52    32.14
  SINCE JAN 1     41.95                     22.10  19.85    23.56

DEGREE DAYS
 HEATING
  YESTERDAY        0                                         0
  MONTH TO DATE    0                                         7
  SINCE JUN 1     34                                        28
  SINCE JUL 1      0                                         7

 COOLING
  YESTERDAY        4                                        10
  MONTH TO DATE  129                                        81
  SINCE JUN 1    249                                       167
  SINCE JAN 1    286                                       196
..................................................................


WIND (MPH)
  RESULTANT WIND SPEED   5   RESULTANT WIND DIRECTION   S (160)
  HIGHEST WIND SPEED    14   HIGHEST WIND DIRECTION    SE (150)
  HIGHEST GUST SPEED    18   HIGHEST GUST DIRECTION     S (160)
  AVERAGE WIND SPEED     4.7


SKY COVER
  POSSIBLE SUNSHINE  MM
  AVERAGE SKY COVER 0.4


WEATHER CONDITIONS
 THE FOLLOWING WEATHER WAS RECORDED YESTERDAY.
  FOG


RELATIVE HUMIDITY (PERCENT)
 HIGHEST    93          1200 AM
 LOWEST     28           300 PM
 AVERAGE    61

..........................................................


THE SANTA ROSA AIRPORT CLIMATE NORMALS FOR TODAY
                         NORMAL    RECORD    YEAR
 MAXIMUM TEMPERATURE (F)   83        93      2016
 MINIMUM TEMPERATURE (F)   52        48      2000


SUNRISE AND SUNSET
JULY 27 2017..........SUNRISE   609 AM PDT   SUNSET   826 PM PDT
JULY 28 2017..........SUNRISE   610 AM PDT   SUNSET   825 PM PDT


-  INDICATES NEGATIVE NUMBERS.
R  INDICATES RECORD WAS SET OR TIED.
MM INDICATES DATA IS MISSING.
T  INDICATES TRACE AMOUNT.




$$
