000
CDUS43 KFSD 290706
CLISUX


CLIMATE REPORT
NATIONAL WEATHER SERVICE SIOUX FALLS SD
105 AM CST THU JAN 29 2015


...................................

...THE SIOUX CITY IA CLIMATE SUMMARY FOR JANUARY 28 2015...

CLIMATE NORMAL PERIOD 1981 TO 2010
CLIMATE RECORD PERIOD 1889 TO 2015


WEATHER ITEM   OBSERVED TIME   RECORD YEAR NORMAL DEPARTURE LAST
                VALUE   (LST)  VALUE       VALUE  FROM      YEAR
                                                  NORMAL
..................................................................
TEMPERATURE (F)
 YESTERDAY
  MAXIMUM         52    356 PM  58    1931  31     21       17
                                      1896
  MINIMUM         31    608 AM -17    1966  11     20      -15
                                      1948
                                      1897
  AVERAGE         42                        21     21        1

PRECIPITATION (IN)
  YESTERDAY        T             0.53 1916   0.02  -0.02     0.00
  MONTH TO DATE    0.34                      0.56  -0.22     0.18
  SINCE DEC 1      1.74                      1.36   0.38     0.36
  SINCE JAN 1      0.34                      0.56  -0.22     0.18

SNOWFALL (IN)
  YESTERDAY        T             5.0  1907   0.2   -0.2      0.0
  MONTH TO DATE    4.5                       6.0   -1.5      1.9
  SINCE DEC 1      8.3                      13.8   -5.5      4.2
  SINCE JUL 1     12.8                      19.2   -6.4      5.1
  SNOW DEPTH       0

DEGREE DAYS
 HEATING
  YESTERDAY       23                        44    -21       64
  MONTH TO DATE 1153                      1254   -101     1311
  SINCE DEC 1   2283                      2570   -287     2761
  SINCE JUL 1   3778                      4046   -268     4185

 COOLING
  YESTERDAY        0                         0      0        0
  MONTH TO DATE    0                         0      0        0
  SINCE DEC 1      0                         0      0        0
  SINCE JAN 1      0                         0      0        0
..................................................................


WIND (MPH)
  HIGHEST WIND SPEED    41   HIGHEST WIND DIRECTION    NW (330)
  HIGHEST GUST SPEED    53   HIGHEST GUST DIRECTION    NW (320)
  AVERAGE WIND SPEED    13.1


SKY COVER
  POSSIBLE SUNSHINE  MM
  AVERAGE SKY COVER 0.1


WEATHER CONDITIONS
 THE FOLLOWING WEATHER WAS RECORDED YESTERDAY.
  LIGHT SNOW


RELATIVE HUMIDITY (PERCENT)
 HIGHEST    92           200 AM
 LOWEST     54           400 PM
 AVERAGE    73

..........................................................


THE SIOUX CITY IA CLIMATE NORMALS FOR TODAY
                         NORMAL    RECORD    YEAR
 MAXIMUM TEMPERATURE (F)   31        63      1931
 MINIMUM TEMPERATURE (F)   11       -22      1966


SUNRISE AND SUNSET
JANUARY 29 2015.......SUNRISE   742 AM CST   SUNSET   535 PM CST
JANUARY 30 2015.......SUNRISE   741 AM CST   SUNSET   537 PM CST


-  INDICATES NEGATIVE NUMBERS.
R  INDICATES RECORD WAS SET OR TIED.
MM INDICATES DATA IS MISSING.
T  INDICATES TRACE AMOUNT.




$$
