197
CDUS43 KFSD 280659
CLISUX


CLIMATE REPORT
NATIONAL WEATHER SERVICE SIOUX FALLS SD
159 AM CDT WED SEP 28 2016


...................................

...THE SIOUX CITY IA CLIMATE SUMMARY FOR SEPTEMBER 27 2016...

CLIMATE NORMAL PERIOD 1981 TO 2010
CLIMATE RECORD PERIOD 1889 TO 2016


WEATHER ITEM   OBSERVED TIME   RECORD YEAR NORMAL DEPARTURE LAST
                VALUE   (LST)  VALUE       VALUE  FROM      YEAR
                                                  NORMAL
..................................................................
TEMPERATURE (F)
 YESTERDAY
  MAXIMUM         77    223 PM  93    1956  72      5       82
  MINIMUM         45    438 AM  28    1942  45      0       52
  AVERAGE         61                        58      3       67

PRECIPITATION (IN)
  YESTERDAY        0.00          1.43 1901   0.09  -0.09     0.00
  MONTH TO DATE    2.78                      2.69   0.09     2.71
  SINCE SEP 1      2.78                      2.69   0.09     2.71
  SINCE JAN 1     27.13                     23.23   3.90    26.45

SNOWFALL (IN)
  YESTERDAY        0.0           0.0    MM   0.0    0.0      0.0
  MONTH TO DATE    0.0                       0.0    0.0      0.0
  SINCE SEP 1      0.0                       0.0    0.0      0.0
  SINCE JUL 1      0.0                       0.0    0.0      0.0
  SNOW DEPTH       0

DEGREE DAYS
 HEATING
  YESTERDAY        4                         8     -4        0
  MONTH TO DATE   27                       108    -81       38
  SINCE SEP 1     27                       108    -81       38
  SINCE JUL 1     27                       123    -96       61

 COOLING
  YESTERDAY        0                         1     -1        2
  MONTH TO DATE  143                        79     64      156
  SINCE SEP 1    143                        79     64      156
  SINCE JAN 1   1165                       856    309      876
..................................................................


WIND (MPH)
  HIGHEST WIND SPEED    21   HIGHEST WIND DIRECTION    NW (320)
  HIGHEST GUST SPEED    25   HIGHEST GUST DIRECTION    NW (310)
  AVERAGE WIND SPEED     7.1


SKY COVER
  POSSIBLE SUNSHINE  MM
  AVERAGE SKY COVER 0.0


WEATHER CONDITIONS
 THE FOLLOWING WEATHER WAS RECORDED YESTERDAY.
  NO SIGNIFICANT WEATHER WAS OBSERVED.


RELATIVE HUMIDITY (PERCENT)
 HIGHEST    86           500 AM
 LOWEST     31           200 PM
 AVERAGE    59

..........................................................


THE SIOUX CITY IA CLIMATE NORMALS FOR TODAY
                         NORMAL    RECORD    YEAR
 MAXIMUM TEMPERATURE (F)   71        91      1897
 MINIMUM TEMPERATURE (F)   45        25      1942


SUNRISE AND SUNSET
SEPTEMBER 28 2016.....SUNRISE   720 AM CDT   SUNSET   711 PM CDT
SEPTEMBER 29 2016.....SUNRISE   721 AM CDT   SUNSET   710 PM CDT


-  INDICATES NEGATIVE NUMBERS.
R  INDICATES RECORD WAS SET OR TIED.
MM INDICATES DATA IS MISSING.
T  INDICATES TRACE AMOUNT.




$$
