000
CDUS43 KFSD 250652
CLISUX


CLIMATE REPORT
NATIONAL WEATHER SERVICE SIOUX FALLS SD
1247 AM CST SAT FEB 25 2017


...................................

...THE SIOUX CITY IA CLIMATE SUMMARY FOR FEBRUARY 24 2017...

CLIMATE NORMAL PERIOD 1981 TO 2010
CLIMATE RECORD PERIOD 1889 TO 2017


WEATHER ITEM   OBSERVED TIME   RECORD YEAR NORMAL DEPARTURE LAST
                VALUE   (LST)  VALUE       VALUE  FROM      YEAR
                                                  NORMAL
..................................................................
TEMPERATURE (F)
 YESTERDAY
  MAXIMUM         32    159 AM  67    1981  38     -6       41
  MINIMUM         21   1159 PM -18    1993  18      3       24
  AVERAGE         27                        28     -1       33

PRECIPITATION (IN)
  YESTERDAY        0.06          1.03 2007   0.03   0.03     0.04
  MONTH TO DATE    0.58                      0.55   0.03     1.11
  SINCE DEC 1      2.73                      1.97   0.76     4.70
  SINCE JAN 1      1.25                      1.17   0.08     1.84

SNOWFALL (IN)
  YESTERDAY        1.7           6.2  2007   0.2    1.5      0.1
  MONTH TO DATE   12.8                       5.7    7.1     13.9
  SINCE DEC 1     24.5                      20.2    4.3     30.6
  SINCE JUL 1     25.5                      25.6   -0.1     43.1
  SNOW DEPTH       8

DEGREE DAYS
 HEATING
  YESTERDAY       38                        37      1       32
  MONTH TO DATE  684                       973   -289      859
  SINCE DEC 1   3148                      3673   -525     3226
  SINCE JUL 1   4092                      5149  -1057     4332

 COOLING
  YESTERDAY        0                         0      0        0
  MONTH TO DATE    0                         0      0        0
  SINCE DEC 1      0                         0      0        0
  SINCE JAN 1      0                         0      0        0
..................................................................


WIND (MPH)
  HIGHEST WIND SPEED    32   HIGHEST WIND DIRECTION     N (360)
  HIGHEST GUST SPEED    40   HIGHEST GUST DIRECTION     N (10)
  AVERAGE WIND SPEED    22.8


SKY COVER
  POSSIBLE SUNSHINE  MM
  AVERAGE SKY COVER 0.7


WEATHER CONDITIONS
 THE FOLLOWING WEATHER WAS RECORDED YESTERDAY.
  LIGHT SNOW
  FOG
  FOG W/VISIBILITY <= 1/4 MILE
  HAZE


RELATIVE HUMIDITY (PERCENT)
 HIGHEST    92           100 AM
 LOWEST     63           300 PM
 AVERAGE    78

..........................................................


THE SIOUX CITY IA CLIMATE NORMALS FOR TODAY
                         NORMAL    RECORD    YEAR
 MAXIMUM TEMPERATURE (F)   38        69      1896
 MINIMUM TEMPERATURE (F)   19        -7      1960


SUNRISE AND SUNSET
FEBRUARY 25 2017......SUNRISE   707 AM CST   SUNSET   611 PM CST
FEBRUARY 26 2017......SUNRISE   705 AM CST   SUNSET   612 PM CST


-  INDICATES NEGATIVE NUMBERS.
R  INDICATES RECORD WAS SET OR TIED.
MM INDICATES DATA IS MISSING.
T  INDICATES TRACE AMOUNT.




$$
