000
CDUS41 KBGM 230547
CLISYR


CLIMATE REPORT
NATIONAL WEATHER SERVICE BINGHAMTON NY
1246 AM EST FRI FEB 23 2018


...................................

...THE SYRACUSE NY CLIMATE SUMMARY FOR FEBRUARY 22 2018...

CLIMATE NORMAL PERIOD 1981 TO 2010
CLIMATE RECORD PERIOD 1902 TO 2018


WEATHER ITEM   OBSERVED TIME   RECORD YEAR NORMAL DEPARTURE LAST
                VALUE   (LST)  VALUE       VALUE  FROM      YEAR
                                                  NORMAL
..................................................................
TEMPERATURE (F)
 YESTERDAY
  MAXIMUM         35   1113 AM  66    1981  36     -1       60
  MINIMUM         31    241 PM  -4    1918  19     12       34
  AVERAGE         33                        27      6       47

PRECIPITATION (IN)
  YESTERDAY        0.22          1.21 1937   0.07   0.15     0.00
  MONTH TO DATE    2.46                      1.58   0.88     2.33
  SINCE DEC 1      7.93                      7.30   0.63     8.60
  SINCE JAN 1      5.59                      4.08   1.51     5.36

SNOWFALL (IN)
  YESTERDAY        0.7           8.3  1950   0.8   -0.1      0.0
  MONTH TO DATE   23.6                      20.2    3.4     32.4
  SINCE DEC 1    102.3                      86.9   15.4     78.0
  SINCE JUL 1    107.5                      96.8   10.7    103.4
  SNOW DEPTH       0

DEGREE DAYS
 HEATING
  YESTERDAY       32                        38     -6       18
  MONTH TO DATE  770                       873   -103      772
  SINCE DEC 1   3329                      3260     69     2965
  SINCE JUL 1   4526                      4609    -83     4159

 COOLING
  YESTERDAY        0                         0      0        0
  MONTH TO DATE    0                         0      0        0
  SINCE DEC 1      0                         0      0        0
  SINCE JAN 1      0                         0      0        0
..................................................................


WIND (MPH)
  HIGHEST WIND SPEED     9   HIGHEST WIND DIRECTION    SE (140)
  HIGHEST GUST SPEED    11   HIGHEST GUST DIRECTION     W (280)
  AVERAGE WIND SPEED     2.9


SKY COVER
  POSSIBLE SUNSHINE  MM
  AVERAGE SKY COVER 1.0


WEATHER CONDITIONS
 THE FOLLOWING WEATHER WAS RECORDED YESTERDAY.
  SNOW
  LIGHT SNOW
  FOG


RELATIVE HUMIDITY (PERCENT)
 HIGHEST   100           100 PM
 LOWEST     82          1200 AM
 AVERAGE    91

..........................................................


THE SYRACUSE NY CLIMATE NORMALS FOR TODAY
                         NORMAL    RECORD    YEAR
 MAXIMUM TEMPERATURE (F)   36        69      2017
 MINIMUM TEMPERATURE (F)   19        -7      1914


SUNRISE AND SUNSET
FEBRUARY 23 2018......SUNRISE   650 AM EST   SUNSET   546 PM EST
FEBRUARY 24 2018......SUNRISE   649 AM EST   SUNSET   547 PM EST


-  INDICATES NEGATIVE NUMBERS.
R  INDICATES RECORD WAS SET OR TIED.
MM INDICATES DATA IS MISSING.
T  INDICATES TRACE AMOUNT.




$$
