000
CDUS41 KBGM 280516
CLISYR


CLIMATE REPORT
NATIONAL WEATHER SERVICE BINGHAMTON NY
1215 AM EST TUE FEB 28 2017


...................................

...THE SYRACUSE NY CLIMATE SUMMARY FOR FEBRUARY 27 2017...

CLIMATE NORMAL PERIOD 1981 TO 2010
CLIMATE RECORD PERIOD 1902 TO 2017


WEATHER ITEM   OBSERVED TIME   RECORD YEAR NORMAL DEPARTURE LAST
                VALUE   (LST)  VALUE       VALUE  FROM      YEAR
                                                  NORMAL
..................................................................
TEMPERATURE (F)
 YESTERDAY
  MAXIMUM         52        MM  64    2000  37     15       37
  MINIMUM         32        MM -11    1993  20     12       19
  AVERAGE         42                        28     14       28

PRECIPITATION (IN)
  YESTERDAY        0.00          0.90 2013   0.08  -0.08     0.01
  MONTH TO DATE    3.55                      1.98   1.57     4.77
  SINCE DEC 1      9.82                      7.70   2.12    11.31
  SINCE JAN 1      6.58                      4.48   2.10     6.48

SNOWFALL (IN)
  YESTERDAY        0.0           4.9  1965   0.9   -0.9      0.7
  MONTH TO DATE   32.7                      24.5    8.2     25.1
  SINCE DEC 1     78.3                      91.2  -12.9     66.0
  SINCE JUL 1    103.7                     101.1    2.6     66.8
  SNOW DEPTH       0

DEGREE DAYS
 HEATING
  YESTERDAY       23                        37    -14       37
  MONTH TO DATE  863                      1059   -196     1041
  SINCE DEC 1   3056                      3446   -390     2976
  SINCE JUL 1   4250                      4795   -545     4061

 COOLING
  YESTERDAY        0                         0      0        0
  MONTH TO DATE    0                         0      0        0
  SINCE DEC 1      0                         0      0        0
  SINCE JAN 1      0                         0      0        0
..................................................................


WIND (MPH)
  HIGHEST WIND SPEED    20   HIGHEST WIND DIRECTION    SW (240)
  HIGHEST GUST SPEED    33   HIGHEST GUST DIRECTION     S (200)
  AVERAGE WIND SPEED    12.6


SKY COVER
  POSSIBLE SUNSHINE  MM
  AVERAGE SKY COVER 0.5


WEATHER CONDITIONS
 THE FOLLOWING WEATHER WAS RECORDED YESTERDAY.
  NO SIGNIFICANT WEATHER WAS OBSERVED.


RELATIVE HUMIDITY (PERCENT)
 HIGHEST    70          1100 PM
 LOWEST     32           200 PM
 AVERAGE    51

..........................................................


THE SYRACUSE NY CLIMATE NORMALS FOR TODAY
                         NORMAL    RECORD    YEAR
 MAXIMUM TEMPERATURE (F)   37        66      1954
 MINIMUM TEMPERATURE (F)   20        -4      2015


SUNRISE AND SUNSET
FEBRUARY 28 2017......SUNRISE   642 AM EST   SUNSET   553 PM EST
MARCH  1 2017.........SUNRISE   640 AM EST   SUNSET   554 PM EST


-  INDICATES NEGATIVE NUMBERS.
R  INDICATES RECORD WAS SET OR TIED.
MM INDICATES DATA IS MISSING.
T  INDICATES TRACE AMOUNT.




$$
