000
CDUS41 KBGM 250546
CLISYR


CLIMATE REPORT
NATIONAL WEATHER SERVICE BINGHAMTON NY
1245 AM EST THU DEC 25 2014


...................................

...THE SYRACUSE NY CLIMATE SUMMARY FOR DECEMBER 24 2014...

CLIMATE NORMAL PERIOD 1981 TO 2010
CLIMATE RECORD PERIOD 1902 TO 2014


WEATHER ITEM   OBSERVED TIME   RECORD YEAR NORMAL DEPARTURE LAST
                VALUE   (LST)  VALUE       VALUE  FROM      YEAR
                                                  NORMAL
..................................................................
TEMPERATURE (F)
 YESTERDAY
  MAXIMUM         52   1147 PM  58    1965  34     18       27
  MINIMUM         36    807 AM -14    1989  20     16       14
  AVERAGE         44                        27     17       21

PRECIPITATION (IN)
  YESTERDAY        0.43          0.81 1941   0.10   0.33     0.05
  MONTH TO DATE    3.01                      2.56   0.45     2.35
  SINCE DEC 1      3.01                      2.56   0.45     2.35
  SINCE JAN 1     40.49                     37.81   2.68    39.88

SNOWFALL (IN)
  YESTERDAY        0.0           4.9  1968   1.0   -1.0      3.4
  MONTH TO DATE   16.4                      25.0   -8.6     24.3
  SINCE DEC 1     16.4                      25.0   -8.6     24.3
  SINCE JUL 1     27.4                      34.9   -7.5     38.6
  SNOW DEPTH       0

DEGREE DAYS
 HEATING
  YESTERDAY       21                        38    -17       44
  MONTH TO DATE  797                       828    -31      863
  SINCE DEC 1    797                       828    -31      863
  SINCE JUL 1   1982                      2177   -195     2196

 COOLING
  YESTERDAY        0                         0      0        0
  MONTH TO DATE    0                         0      0        0
  SINCE DEC 1      0                         0      0        0
  SINCE JAN 1    647                       569     78      712
..................................................................


WIND (MPH)
  HIGHEST WIND SPEED    14   HIGHEST WIND DIRECTION     E (100)
  HIGHEST GUST SPEED    20   HIGHEST GUST DIRECTION     E (90)
  AVERAGE WIND SPEED     8.9


SKY COVER
  POSSIBLE SUNSHINE  MM
  AVERAGE SKY COVER 1.0


WEATHER CONDITIONS
 THE FOLLOWING WEATHER WAS RECORDED YESTERDAY.
  HEAVY RAIN
  RAIN
  LIGHT RAIN
  FOG


RELATIVE HUMIDITY (PERCENT)
 HIGHEST   100           100 AM
 LOWEST     92          1200 AM
 AVERAGE    96

..........................................................


THE SYRACUSE NY CLIMATE NORMALS FOR TODAY
                         NORMAL    RECORD    YEAR
 MAXIMUM TEMPERATURE (F)   34        66      1932
 MINIMUM TEMPERATURE (F)   19       -22      1980


SUNRISE AND SUNSET
DECEMBER 25 2014......SUNRISE   735 AM EST   SUNSET   435 PM EST
DECEMBER 26 2014......SUNRISE   735 AM EST   SUNSET   435 PM EST


-  INDICATES NEGATIVE NUMBERS.
R  INDICATES RECORD WAS SET OR TIED.
MM INDICATES DATA IS MISSING.
T  INDICATES TRACE AMOUNT.




$$
