000
CDUS41 KBGM 260221
CLISYR


CLIMATE REPORT
NATIONAL WEATHER SERVICE BINGHAMTON NY
1020 PM EDT SAT OCT 25 2014


...................................

...THE SYRACUSE NY CLIMATE SUMMARY FOR OCTOBER 25 2014...
VALID AS OF 1000 PM LOCAL TIME.

CLIMATE NORMAL PERIOD 1981 TO 2010
CLIMATE RECORD PERIOD 1902 TO 2014


WEATHER ITEM   OBSERVED TIME   RECORD YEAR NORMAL DEPARTURE LAST
                VALUE   (LST)  VALUE       VALUE  FROM      YEAR
                                                  NORMAL
..................................................................
TEMPERATURE (F)
 TODAY
  MAXIMUM         66    110 PM  81    1963  57      9       49
  MINIMUM         46    415 AM  24    1982  39      7       38
                                      1939
  AVERAGE         56                        48      8       44

PRECIPITATION (IN)
  TODAY            T             1.58 1980   0.11  -0.11     0.11
  MONTH TO DATE    3.54                      2.77   0.77     3.36
  SINCE SEP 1      5.14                      6.46  -1.32     6.56
  SINCE JAN 1     34.18                     31.05   3.13    33.14

SNOWFALL (IN)
  TODAY            0.0           0.8  1955   0.1   -0.1       T
  MONTH TO DATE    0.0                       0.2   -0.2       T
  SINCE SEP 1      0.0                       0.2   -0.2       T
  SINCE JUL 1      0.0                       0.2   -0.2       T
  SNOW DEPTH       0

DEGREE DAYS
 HEATING
  TODAY            9                        17     -8       21
  MONTH TO DATE  239                       341   -102      215
  SINCE SEP 1    342                       482   -140      387
  SINCE JUL 1    353                       508   -155      393

 COOLING
  TODAY            0                         0      0        0
  MONTH TO DATE   13                         0     13        1
  SINCE SEP 1     88                        52     36       69
  SINCE JAN 1    647                       565     82      712
..................................................................


WIND (MPH)
  HIGHEST WIND SPEED    21   HIGHEST WIND DIRECTION     W (270)
  HIGHEST GUST SPEED    27   HIGHEST GUST DIRECTION     W (270)
  AVERAGE WIND SPEED     8.8


SKY COVER
  POSSIBLE SUNSHINE  MM
  AVERAGE SKY COVER 0.8


WEATHER CONDITIONS
 THE FOLLOWING WEATHER WAS RECORDED TODAY.
  THUNDERSTORM
  LIGHT RAIN


RELATIVE HUMIDITY (PERCENT)
 HIGHEST    86           200 AM
 LOWEST     52          1200 PM
 AVERAGE    69

..........................................................


THE SYRACUSE NY CLIMATE NORMALS FOR TOMORROW
                         NORMAL    RECORD    YEAR
 MAXIMUM TEMPERATURE (F)   56        78      1963
 MINIMUM TEMPERATURE (F)   38        24      1997
                                             1976


SUNRISE AND SUNSET
OCTOBER 25 2014.......SUNRISE   730 AM EDT   SUNSET   606 PM EDT
OCTOBER 26 2014.......SUNRISE   732 AM EDT   SUNSET   605 PM EDT


-  INDICATES NEGATIVE NUMBERS.
R  INDICATES RECORD WAS SET OR TIED.
MM INDICATES DATA IS MISSING.
T  INDICATES TRACE AMOUNT.

$$
