000
CDUS41 KBGM 140616
CLISYR


CLIMATE REPORT
NATIONAL WEATHER SERVICE BINGHAMTON NY
116 AM EST SUN FEB 14 2016


...................................

...THE SYRACUSE NY CLIMATE SUMMARY FOR FEBRUARY 13 2016...

CLIMATE NORMAL PERIOD 1981 TO 2010
CLIMATE RECORD PERIOD 1902 TO 2016


WEATHER ITEM   OBSERVED TIME   RECORD YEAR NORMAL DEPARTURE LAST
                VALUE   (LST)  VALUE       VALUE  FROM      YEAR
                                                  NORMAL
..................................................................
TEMPERATURE (F)
 YESTERDAY
  MAXIMUM         18   1210 AM  58    1937  34    -16        8
  MINIMUM        -12   1159 PM -22    1967  17    -29      -13
  AVERAGE          3                        25    -22       -2

PRECIPITATION (IN)
  YESTERDAY        0.12          1.24 1971   0.07   0.05      T
  MONTH TO DATE    1.09                      0.92   0.17     1.66
  SINCE DEC 1      7.63                      6.64   0.99     6.28
  SINCE JAN 1      2.80                      3.42  -0.62     3.26

SNOWFALL (IN)
  YESTERDAY        4.1           9.3  1988   0.9    3.2      0.4
  MONTH TO DATE   15.8                      12.3    3.5     32.3
  SINCE DEC 1     56.7                      79.0  -22.3     68.1
  SINCE JUL 1     57.5                      88.9  -31.4     79.1
  SNOW DEPTH      10

DEGREE DAYS
 HEATING
  YESTERDAY       62                        40     22       67
  MONTH TO DATE  468                       526    -58      666
  SINCE DEC 1   2403                      2913   -510     3146
  SINCE JUL 1   3488                      4262   -774     4331

 COOLING
  YESTERDAY        0                         0      0        0
  MONTH TO DATE    0                         0      0        0
  SINCE DEC 1      0                         0      0        0
  SINCE JAN 1      0                         0      0        0
..................................................................


WIND (MPH)
  HIGHEST WIND SPEED    25   HIGHEST WIND DIRECTION    NW (300)
  HIGHEST GUST SPEED    33   HIGHEST GUST DIRECTION    NW (300)
  AVERAGE WIND SPEED    14.3


SKY COVER
  POSSIBLE SUNSHINE  MM
  AVERAGE SKY COVER 0.9


WEATHER CONDITIONS
 THE FOLLOWING WEATHER WAS RECORDED YESTERDAY.
  HEAVY SNOW
  SNOW
  LIGHT SNOW
  FOG
  FOG W/VISIBILITY <= 1/4 MILE
  BLOWING SNOW


RELATIVE HUMIDITY (PERCENT)
 HIGHEST    92           400 AM
 LOWEST     71           200 PM
 AVERAGE    82

..........................................................


THE SYRACUSE NY CLIMATE NORMALS FOR TODAY
                         NORMAL    RECORD    YEAR
 MAXIMUM TEMPERATURE (F)   34        57      1946
                                             1938
 MINIMUM TEMPERATURE (F)   17       -20      1979


SUNRISE AND SUNSET
FEBRUARY 14 2016......SUNRISE   704 AM EST   SUNSET   534 PM EST
FEBRUARY 15 2016......SUNRISE   703 AM EST   SUNSET   535 PM EST


-  INDICATES NEGATIVE NUMBERS.
R  INDICATES RECORD WAS SET OR TIED.
MM INDICATES DATA IS MISSING.
T  INDICATES TRACE AMOUNT.




$$

HEDEN
