000
CDKA40 PTYA 300700
CLIT11
DAILY CLIMATE REPORT
NATIONAL WEATHER SERVICE YAP FM
5PM LST SAT APR 30 2016
THE YAP FM CLIMATE SUMMARY FOR APRIL 30 2016
CLIMATE NORMAL PERIOD  1981  TO 2010
CLIMATE RECORD PERIOD  1951  TO 2016
WEATHER ITEM OBSERVED TIME  RECORD YEAR NORMAL DEPARTURE LAST
              VALUE   (LST) VALUE       VALUE    FROM    YEAR
                                                NORMAL
TEMPERATURE   (F)
TODAY
MAXIMUM       88  1445 PM  97  2014     89      -1        87
MINIMUM       80  1445 PM  63  1999     79       1        79
AVERAGE       84                        84       0        83
PRECIPITATION INCHES
TODAY           0.71    164.24  1996  0.21    0.50    T
MONTH TO DATE   3.27                  5.72   -2.45   7.80
SINCE 01 MAR    3.97                 11.06   -7.09  12.02
SINCE JAN 01    7.97                 24.35  -16.38  22.48
