000
CDKA40 PTYA 171600
CLIT11
DAILY CLIMATE REPORT
NATIONAL WEATHER SERVICE YAP FM
2AM LST SUN FEB 18 2018
THE YAP FM CLIMATE SUMMARY FOR FEBRUARY 17 2018
CLIMATE NORMAL PERIOD  1981  TO 2010
CLIMATE RECORD PERIOD  1951  TO 2017
WEATHER ITEM OBSERVED TIME  RECORD YEAR NORMAL DEPARTURE LAST
              VALUE   (LST) VALUE       VALUE    FROM    YEAR
                                                NORMAL
TEMPERATURE   (F)
YESTERDAY
MAXIMUM       86  1448        97  2014     87     -1        80
MINIMUM       77  0848        63  1999     77      0        74
AVERAGE       83                           82      0        77
PRECIPITATION INCHES
YESTERDAY       0.10        164.24/1996    0.21    -0.11     1.16
MONTH TO DATE   4.93                       3.82     1.11    16.38
SINCE 01 DEC   27.84                      20.40     7.44    37.64
SINCE JAN 01   16.57                      11.12     5.45    29.05
