000
CDKA40 PTYA 151600
CLIT11
DAILY CLIMATE REPORT
NATIONAL WEATHER SERVICE YAP FM
2AM LST MON SEP 16 2017
THE YAP FM CLIMATE SUMMARY FOR OCTOBER 15 2017
CLIMATE NORMAL PERIOD  1981  TO 2010
CLIMATE RECORD PERIOD  1951  TO 2017
WEATHER ITEM OBSERVED TIME  RECORD YEAR NORMAL DEPARTURE LAST
              VALUE   (LST) VALUE       VALUE    FROM    YEAR
                                                NORMAL
TEMPERATURE   (F)
YESTERDAY
MAXIMUM       80  1445        97  2014     88     -8        87
MINIMUM       77  2045        63  1999     78     -1        78
AVERAGE       79                           83      4        83
PRECIPITATION INCHES
YESTERDAY       1.73     164.24/1996       0.40     1.33    TRACE
MONTH TO DATE   6.86                       6.19     0.67    8.85
SINCE 01 SEP   19.45                      19.95    -0.50   17.74
SINCE JAN 01  106.88                      96.50    10.38   64.40
