153
CDUS45 KPUB 251136
CLITAD


CLIMATE REPORT
NATIONAL WEATHER SERVICE PUEBLO
436 AM MST SUN FEB 25 2018


...................................

...THE TRINIDAD CO CLIMATE SUMMARY FOR FEBRUARY 24 2018...

CLIMATE NORMAL PERIOD 1981 TO 2010
CLIMATE RECORD PERIOD 9999 TO 9999


WEATHER ITEM   OBSERVED TIME   NORMAL DEPARTURE LAST
                VALUE   (LST)  VALUE  FROM      YEAR
                                      NORMAL
......................................................
TEMPERATURE (F)
 YESTERDAY
  MAXIMUM         45    346 PM  52     -7       33
  MINIMUM         13    530 AM  22     -9       13
  AVERAGE         29            37     -8       23

PRECIPITATION (IN)
  YESTERDAY        0.00          0.02  -0.02     0.00
  MONTH TO DATE    0.29          0.40  -0.11     0.06
  SINCE DEC 1      0.43          1.34  -0.91     1.86
  SINCE JAN 1      0.42          0.80  -0.38     1.56

DEGREE DAYS
 HEATING
  YESTERDAY       36            28      8       42
  MONTH TO DATE  681           732    -51      474
  SINCE DEC 1   2451          2781   -330     2568
  SINCE JUL 1   3418          4014   -596     3334

 COOLING
  YESTERDAY        0             0      0        0
  MONTH TO DATE    0             0      0        0
  SINCE DEC 1      0             0      0        0
  SINCE JAN 1      0             0      0        0
......................................................


WIND (MPH)
  HIGHEST WIND SPEED    32   HIGHEST WIND DIRECTION     W (290)
  HIGHEST GUST SPEED    40   HIGHEST GUST DIRECTION     W (290)
  AVERAGE WIND SPEED    13.7


SKY COVER
  POSSIBLE SUNSHINE  MM
  AVERAGE SKY COVER 0.2


WEATHER CONDITIONS
 THE FOLLOWING WEATHER WAS RECORDED YESTERDAY.
  FOG
  FOG W/VISIBILITY <= 1/4 MILE


RELATIVE HUMIDITY (PERCENT)
 HIGHEST    92          1200 AM
 LOWEST      9           100 PM
 AVERAGE    51

..........................................................




SUNRISE AND SUNSET
FEBRUARY 25 2018......SUNRISE   634 AM MST   SUNSET   547 PM MST
FEBRUARY 26 2018......SUNRISE   632 AM MST   SUNSET   548 PM MST


-  INDICATES NEGATIVE NUMBERS.
R  INDICATES RECORD WAS SET OR TIED.
MM INDICATES DATA IS MISSING.
T  INDICATES TRACE AMOUNT.




$$
