000
CDUS45 KPUB 211146
CLITAD


CLIMATE REPORT
NATIONAL WEATHER SERVICE PUEBLO
446 AM MST TUE NOV 21 2017


...................................

...THE TRINIDAD CO CLIMATE SUMMARY FOR NOVEMBER 20 2017...

CLIMATE NORMAL PERIOD 1981 TO 2010
CLIMATE RECORD PERIOD 9999 TO 9999


WEATHER ITEM   OBSERVED TIME   NORMAL DEPARTURE LAST
                VALUE   (LST)  VALUE  FROM      YEAR
                                      NORMAL
......................................................
TEMPERATURE (F)
 YESTERDAY
  MAXIMUM         65    322 PM  54     11       72
  MINIMUM         28    326 AM  24      4       39
  AVERAGE         47            38      9       56

PRECIPITATION (IN)
  YESTERDAY        0.00          0.02  -0.02      T
  MONTH TO DATE    0.36          0.50  -0.14     0.23
  SINCE SEP 1      4.37          2.64   1.73     1.39
  SINCE JAN 1     20.57         13.10   7.47     7.62

DEGREE DAYS
 HEATING
  YESTERDAY       18            27     -9        9
  MONTH TO DATE  351           443    -92      288
  SINCE SEP 1    805           934   -129      507
  SINCE JUL 1    808           944   -136      514

 COOLING
  YESTERDAY        0             0      0        0
  MONTH TO DATE    0             0      0        0
  SINCE SEP 1    111            77     34      149
  SINCE JAN 1    796           719     77      564
......................................................


WIND (MPH)
  HIGHEST WIND SPEED    26   HIGHEST WIND DIRECTION     W (290)
  HIGHEST GUST SPEED    36   HIGHEST GUST DIRECTION     W (290)
  AVERAGE WIND SPEED    11.1


SKY COVER
  POSSIBLE SUNSHINE  MM
  AVERAGE SKY COVER 0.0


WEATHER CONDITIONS
 THE FOLLOWING WEATHER WAS RECORDED YESTERDAY.
  NO SIGNIFICANT WEATHER WAS OBSERVED.


RELATIVE HUMIDITY (PERCENT)
 HIGHEST    45           100 AM
 LOWEST     12           300 PM
 AVERAGE    29

..........................................................




SUNRISE AND SUNSET
NOVEMBER 21 2017......SUNRISE   643 AM MST   SUNSET   443 PM MST
NOVEMBER 22 2017......SUNRISE   644 AM MST   SUNSET   443 PM MST


-  INDICATES NEGATIVE NUMBERS.
R  INDICATES RECORD WAS SET OR TIED.
MM INDICATES DATA IS MISSING.
T  INDICATES TRACE AMOUNT.




$$
