000
CDUS45 KPUB 281054
CLITAD


CLIMATE REPORT
NATIONAL WEATHER SERVICE PUEBLO
454 AM MDT SUN MAY 28 2017


...................................

...THE TRINIDAD CO CLIMATE SUMMARY FOR MAY 27 2017...

CLIMATE NORMAL PERIOD 1981 TO 2010
CLIMATE RECORD PERIOD 9999 TO 9999


WEATHER ITEM   OBSERVED TIME   NORMAL DEPARTURE LAST
                VALUE   (LST)  VALUE  FROM      YEAR
                                      NORMAL
......................................................
TEMPERATURE (F)
 YESTERDAY
  MAXIMUM         69    335 PM  78     -9       63
  MINIMUM         45   1159 PM  47     -2       40
  AVERAGE         57            62     -5       52

PRECIPITATION (IN)
  YESTERDAY        0.06          0.06   0.00     0.18
  MONTH TO DATE    2.33          1.37   0.96     0.50
  SINCE MAR 1      6.65          3.39   3.26     3.77
  SINCE JAN 1      8.21          4.28   3.93     4.18

DEGREE DAYS
 HEATING
  YESTERDAY        8             4      4       13
  MONTH TO DATE  237           190     47      236
  SINCE MAR 1   1123          1358   -235     1360
  SINCE JUL 1   4579          5480   -901     4858

 COOLING
  YESTERDAY        0             1     -1        0
  MONTH TO DATE   12            16     -4       10
  SINCE MAR 1     15            18     -3       11
  SINCE JAN 1     15            18     -3       11
......................................................


WIND (MPH)
  HIGHEST WIND SPEED    37   HIGHEST WIND DIRECTION     N (20)
  HIGHEST GUST SPEED    46   HIGHEST GUST DIRECTION     N (10)
  AVERAGE WIND SPEED    10.3


SKY COVER
  POSSIBLE SUNSHINE  MM
  AVERAGE SKY COVER 0.5


WEATHER CONDITIONS
 THE FOLLOWING WEATHER WAS RECORDED YESTERDAY.
  LIGHT RAIN
  FOG


RELATIVE HUMIDITY (PERCENT)
 HIGHEST    89          1100 PM
 LOWEST     32           100 AM
 AVERAGE    61

..........................................................




SUNRISE AND SUNSET
MAY 28 2017...........SUNRISE   540 AM MDT   SUNSET   810 PM MDT
MAY 29 2017...........SUNRISE   540 AM MDT   SUNSET   810 PM MDT


-  INDICATES NEGATIVE NUMBERS.
R  INDICATES RECORD WAS SET OR TIED.
MM INDICATES DATA IS MISSING.
T  INDICATES TRACE AMOUNT.




$$
