000
CDUS45 KPUB 201027
CLITAD


CLIMATE REPORT
NATIONAL WEATHER SERVICE PUEBLO
426 AM MDT THU JUL 20 2017


...................................

...THE TRINIDAD CO CLIMATE SUMMARY FOR JULY 19 2017...

CLIMATE NORMAL PERIOD 1981 TO 2010
CLIMATE RECORD PERIOD 9999 TO 9999


WEATHER ITEM   OBSERVED TIME   NORMAL DEPARTURE LAST
                VALUE   (LST)  VALUE  FROM      YEAR
                                      NORMAL
......................................................
TEMPERATURE (F)
 YESTERDAY
  MAXIMUM         96    304 PM  89      7       MM
  MINIMUM         65    440 AM  59      6       MM
  AVERAGE         81            74      7       MM

PRECIPITATION (IN)
  YESTERDAY        0.00          0.08  -0.08    MM
  MONTH TO DATE    0.66          1.27  -0.61     0.21
  SINCE JUN 1      1.86          2.68  -0.82     1.94
  SINCE JAN 1     10.27          7.20   3.07     6.17

DEGREE DAYS
 HEATING
  YESTERDAY        0             0      0       MM
  MONTH TO DATE    0             0      0        0
  SINCE JUN 1      8            39    -31        4
  SINCE JUL 1      0             0      0        0

 COOLING
  YESTERDAY       16             9      7       MM
  MONTH TO DATE  193           165     28       98
  SINCE JUN 1    383           306     77      329
  SINCE JAN 1    398           334     64      341
......................................................


WIND (MPH)
  HIGHEST WIND SPEED    26   HIGHEST WIND DIRECTION     S (180)
  HIGHEST GUST SPEED    33   HIGHEST GUST DIRECTION     S (190)
  AVERAGE WIND SPEED    13.6


SKY COVER
  POSSIBLE SUNSHINE  MM
  AVERAGE SKY COVER 0.0


WEATHER CONDITIONS
 THE FOLLOWING WEATHER WAS RECORDED YESTERDAY.
  NO SIGNIFICANT WEATHER WAS OBSERVED.


RELATIVE HUMIDITY (PERCENT)
 HIGHEST    63           300 AM
 LOWEST     16           200 PM
 AVERAGE    40

..........................................................




SUNRISE AND SUNSET
JULY 20 2017..........SUNRISE   553 AM MDT   SUNSET   814 PM MDT
JULY 21 2017..........SUNRISE   553 AM MDT   SUNSET   814 PM MDT


-  INDICATES NEGATIVE NUMBERS.
R  INDICATES RECORD WAS SET OR TIED.
MM INDICATES DATA IS MISSING.
T  INDICATES TRACE AMOUNT.




$$
