000
CDUS44 KBMX 252121
CLITCL


CLIMATE REPORT
NATIONAL WEATHER SERVICE BIRMINGHAM, AL
420 PM CDT SAT OCT 25 2014


...................................

...THE TUSCALOOSA CLIMATE SUMMARY FOR OCTOBER 25 2014...
VALID AS OF 0400 PM LOCAL TIME.

CLIMATE NORMAL PERIOD 1981 TO 2010
CLIMATE RECORD PERIOD 1948 TO 2014


WEATHER ITEM   OBSERVED TIME   RECORD YEAR NORMAL DEPARTURE LAST
                VALUE   (LST)  VALUE       VALUE  FROM      YEAR
                                                  NORMAL
..................................................................
TEMPERATURE (F)
 TODAY
  MAXIMUM         79    259 PM  86    2010  74      5       61
  MINIMUM         45    631 AM  29    1965  49     -4       38
  AVERAGE         62                        62      0       50

PRECIPITATION (IN)
  TODAY            0.00          5.73 1977   0.11  -0.11     0.00
  MONTH TO DATE    3.28                      2.88   0.40     0.69
  SINCE SEP 1      4.70                      6.40  -1.70     1.89
  SINCE JAN 1     38.36                     42.27  -3.91    40.71

SNOWFALL (IN)
  TODAY            0.0                       0.0    0.0
  MONTH TO DATE    0.0                       0.0    0.0
  SINCE SEP 1      0.0                       0.0    0.0
  SINCE JUL 1      0.0                       0.0    0.0
  SNOW DEPTH       0

DEGREE DAYS

 COOLING
  TODAY            0                         2     -2
  MONTH TO DATE  115                        86     29
  SINCE SEP 1    536                       406    130
  SINCE JAN 1   2226                      2143     83
..................................................................


WIND (MPH)
  HIGHEST WIND SPEED    10   HIGHEST WIND DIRECTION    NW (310)
  HIGHEST GUST SPEED    18   HIGHEST GUST DIRECTION     W (290)
  AVERAGE WIND SPEED     1.6


SKY COVER
  AVERAGE SKY COVER 0.0


WEATHER CONDITIONS
 THE FOLLOWING WEATHER WAS RECORDED TODAY.
  NO SIGNIFICANT WEATHER WAS OBSERVED.


RELATIVE HUMIDITY (PERCENT)
 HIGHEST    93           100 AM
 LOWEST     47           100 PM
 AVERAGE    70

..........................................................


THE TUSCALOOSA CLIMATE NORMALS FOR TOMORROW
                         NORMAL    RECORD    YEAR
 MAXIMUM TEMPERATURE (F)   74        89      2010
 MINIMUM TEMPERATURE (F)   49        28      1968
                                             1962


SUNRISE AND SUNSET
OCTOBER 25 2014.......SUNRISE   703 AM CDT   SUNSET   606 PM CDT
OCTOBER 26 2014.......SUNRISE   704 AM CDT   SUNSET   605 PM CDT


-  INDICATES NEGATIVE NUMBERS.
R  INDICATES RECORD WAS SET OR TIED.
MM INDICATES DATA IS MISSING.
T  INDICATES TRACE AMOUNT.




$$
