000
CDUS44 KBMX 240835
CLITCL


CLIMATE REPORT
NATIONAL WEATHER SERVICE BIRMINGHAM, AL
235 AM CST FRI FEB 24 2017


...................................

...THE TUSCALOOSA CLIMATE SUMMARY FOR FEBRUARY 23 2017...

CLIMATE NORMAL PERIOD 1981 TO 2010
CLIMATE RECORD PERIOD 1948 TO 2017


WEATHER ITEM   OBSERVED TIME   RECORD YEAR NORMAL DEPARTURE LAST
                VALUE   (LST)  VALUE       VALUE  FROM      YEAR
                                                  NORMAL
..................................................................
TEMPERATURE (F)
 YESTERDAY
  MAXIMUM         75    416 PM  84    1996  63     12       69
  MINIMUM         49    608 AM  19    1963  39     10       57
  AVERAGE         62                        51     11       63

PRECIPITATION (IN)
  YESTERDAY        0.00          2.65 1977   0.19  -0.19     1.15
  MONTH TO DATE    3.47                      4.42  -0.95     5.22
  SINCE DEC 1     13.58                     14.39  -0.81    17.63
  SINCE JAN 1     10.67                      9.77   0.90     9.36

SNOWFALL (IN)
  YESTERDAY        0.0                       0.0    0.0
  MONTH TO DATE    0.0                       0.0    0.0
  SINCE DEC 1      0.0                       0.3   -0.3
  SINCE JUL 1      0.0                       0.3   -0.3

DEGREE DAYS
 HEATING
  YESTERDAY        3                        14    -11
  MONTH TO DATE  228                       390   -162
  SINCE DEC 1   1003                      1585   -582
  SINCE JUL 1   1262                      2022   -760
..................................................................


WIND (MPH)
  HIGHEST WIND SPEED    12   HIGHEST WIND DIRECTION    SE (150)
  HIGHEST GUST SPEED    15   HIGHEST GUST DIRECTION     S (160)
  AVERAGE WIND SPEED     3.2


SKY COVER
  AVERAGE SKY COVER 0.4


WEATHER CONDITIONS
 THE FOLLOWING WEATHER WAS RECORDED YESTERDAY.
  FOG


RELATIVE HUMIDITY (PERCENT)
 HIGHEST   100          1200 AM
 LOWEST     54           300 PM
 AVERAGE    77

..........................................................


THE TUSCALOOSA CLIMATE NORMALS FOR TODAY
                         NORMAL    RECORD    YEAR
 MAXIMUM TEMPERATURE (F)   63        84      1996
 MINIMUM TEMPERATURE (F)   40        20      1989


SUNRISE AND SUNSET
FEBRUARY 24 2017......SUNRISE   624 AM CST   SUNSET   543 PM CST
FEBRUARY 25 2017......SUNRISE   623 AM CST   SUNSET   544 PM CST


-  INDICATES NEGATIVE NUMBERS.
R  INDICATES RECORD WAS SET OR TIED.
MM INDICATES DATA IS MISSING.
T  INDICATES TRACE AMOUNT.




$$
