000
CDUS44 KBMX 230015
CLITCL


CLIMATE REPORT
NATIONAL WEATHER SERVICE BIRMINGHAM, AL
715 PM CDT MON SEP 22 2014


...................................

...THE TUSCALOOSA CLIMATE SUMMARY FOR SEPTEMBER 22 2014...
VALID TODAY AS OF 0700 PM LOCAL TIME.

CLIMATE NORMAL PERIOD 1981 TO 2010
CLIMATE RECORD PERIOD 1948 TO 2014


WEATHER ITEM   OBSERVED TIME   RECORD YEAR NORMAL DEPARTURE LAST
                VALUE   (LST)  VALUE       VALUE  FROM      YEAR
                                                  NORMAL
..................................................................
TEMPERATURE (F)
 TODAY
  MAXIMUM         85    212 PM  99    1955  85      0       82
  MINIMUM         68    641 AM  42    1983  62      6       57
  AVERAGE         77                        73      4       70

PRECIPITATION (IN)
  TODAY            0.18          2.27 2002   0.11   0.07     0.00
  MONTH TO DATE    1.42                      2.57  -1.15     0.82
  SINCE SEP 1      1.42                      2.57  -1.15     0.82
  SINCE JAN 1     35.08                     38.44  -3.36    39.64

DEGREE DAYS

 COOLING
  TODAY           12                         9      3
  MONTH TO DATE  356                       264     92
  SINCE SEP 1    356                       264     92
  SINCE JAN 1   2046                      2001     45
..................................................................


WIND (MPH)
  HIGHEST WIND SPEED    21   HIGHEST WIND DIRECTION     N (10)
  HIGHEST GUST SPEED    26   HIGHEST GUST DIRECTION     N (10)
  AVERAGE WIND SPEED    10.0


SKY COVER
  AVERAGE SKY COVER 0.3


WEATHER CONDITIONS
 THE FOLLOWING WEATHER WAS RECORDED TODAY.
  THUNDERSTORM
  HEAVY RAIN
  RAIN
  LIGHT RAIN
  FOG


RELATIVE HUMIDITY (PERCENT)
 HIGHEST    79           100 AM
 LOWEST     27           200 PM
 AVERAGE    53

..........................................................


THE TUSCALOOSA CLIMATE NORMALS FOR TOMORROW
                         NORMAL    RECORD    YEAR
 MAXIMUM TEMPERATURE (F)   85        97      1980
 MINIMUM TEMPERATURE (F)   61        44      1982


SUNRISE AND SUNSET
SEPTEMBER 22 2014.....SUNRISE   639 AM CDT   SUNSET   647 PM CDT
SEPTEMBER 23 2014.....SUNRISE   639 AM CDT   SUNSET   646 PM CDT


-  INDICATES NEGATIVE NUMBERS.
R  INDICATES RECORD WAS SET OR TIED.
MM INDICATES DATA IS MISSING.
T  INDICATES TRACE AMOUNT.




$$
