000
CDUS44 KBMX 232147
CLITCL


CLIMATE REPORT
NATIONAL WEATHER SERVICE BIRMINGHAM, AL
446 PM CDT TUE MAY 23 2017


...................................

...THE TUSCALOOSA CLIMATE SUMMARY FOR MAY 23 2017...
VALID AS OF 0400 PM LOCAL TIME.

CLIMATE NORMAL PERIOD 1981 TO 2010
CLIMATE RECORD PERIOD 1948 TO 2017


WEATHER ITEM   OBSERVED TIME   RECORD YEAR NORMAL DEPARTURE LAST
                VALUE   (LST)  VALUE       VALUE  FROM      YEAR
                                                  NORMAL
..................................................................
TEMPERATURE (F)
 TODAY
  MAXIMUM         77    151 PM  96    1996  85     -8       85
  MINIMUM         66    458 AM  48    2001  62      4       51
  AVERAGE         72                        74     -2       68

PRECIPITATION (IN)
  TODAY            0.32          1.54 1976   0.13   0.19     0.00
  MONTH TO DATE    2.79                      2.95  -0.16     0.69
  SINCE MAR 1     14.08                     11.70   2.38    10.80
  SINCE JAN 1     25.29                     22.37   2.92    20.40

DEGREE DAYS
 COOLING
  TODAY            7                         9     -2
  MONTH TO DATE  137                       146     -9
  SINCE MAR 1    316                       229     87
  SINCE JAN 1    335                       234    101
..................................................................


WIND (MPH)
  HIGHEST WIND SPEED    14   HIGHEST WIND DIRECTION     W (250)
  HIGHEST GUST SPEED    17   HIGHEST GUST DIRECTION    NW (310)
  AVERAGE WIND SPEED     3.4


SKY COVER
  AVERAGE SKY COVER 0.9


WEATHER CONDITIONS
 THE FOLLOWING WEATHER WAS RECORDED TODAY.
  THUNDERSTORM
  RAIN
  LIGHT RAIN
  FOG


RELATIVE HUMIDITY (PERCENT)
 HIGHEST   100           100 AM
 LOWEST     74           200 PM
 AVERAGE    87

..........................................................


THE TUSCALOOSA CLIMATE NORMALS FOR TOMORROW
                         NORMAL    RECORD    YEAR
 MAXIMUM TEMPERATURE (F)   85        97      1996
 MINIMUM TEMPERATURE (F)   62        50      2002


SUNRISE AND SUNSET
MAY 23 2017...........SUNRISE   546 AM CDT   SUNSET   749 PM CDT
MAY 24 2017...........SUNRISE   545 AM CDT   SUNSET   750 PM CDT


-  INDICATES NEGATIVE NUMBERS.
R  INDICATES RECORD WAS SET OR TIED.
MM INDICATES DATA IS MISSING.
T  INDICATES TRACE AMOUNT.




$$
