000
CDUS44 KBMX 300627
CLITCL


CLIMATE REPORT
NATIONAL WEATHER SERVICE BIRMINGHAM, AL
125 AM CDT SAT MAY 30 2015


...................................

...THE TUSCALOOSA CLIMATE SUMMARY FOR MAY 29 2015...

CLIMATE NORMAL PERIOD 1994 TO 1994
CLIMATE RECORD PERIOD 1994 TO 2015


WEATHER ITEM   OBSERVED TIME   RECORD YEAR NORMAL DEPARTURE LAST
                VALUE   (LST)  VALUE       VALUE  FROM      YEAR
                                                  NORMAL
..................................................................
TEMPERATURE (F)
 YESTERDAY
  MAXIMUM         87    343 PM  96    2006  86      1       79
  MINIMUM         68    619 AM  46    1984  64      4       68
  AVERAGE         78                        75      3       74

PRECIPITATION (IN)
  YESTERDAY        T             1.75 2005   0.13  -0.13     0.01
  MONTH TO DATE    1.97                      3.72  -1.75     1.28
  SINCE MAR 1     14.48                     12.47   2.01    17.02
  SINCE JAN 1     25.23                     23.14   2.09    24.74

..................................................................


WIND (MPH)
  HIGHEST WIND SPEED    14   HIGHEST WIND DIRECTION     S (180)
  HIGHEST GUST SPEED    21   HIGHEST GUST DIRECTION     S (160)
  AVERAGE WIND SPEED     5.4


SKY COVER
  AVERAGE SKY COVER 0.6


WEATHER CONDITIONS
 THE FOLLOWING WEATHER WAS RECORDED YESTERDAY.
  FOG


RELATIVE HUMIDITY (PERCENT)
 HIGHEST    93           100 AM
 LOWEST     48           400 PM
 AVERAGE    71

..........................................................


THE TUSCALOOSA CLIMATE NORMALS FOR TODAY
                         NORMAL    RECORD    YEAR
 MAXIMUM TEMPERATURE (F)   86        95      2012
                                             2011
 MINIMUM TEMPERATURE (F)   64        42      1984


SUNRISE AND SUNSET
MAY 30 2015...........SUNRISE   543 AM CDT   SUNSET   753 PM CDT
MAY 31 2015...........SUNRISE   543 AM CDT   SUNSET   754 PM CDT


-  INDICATES NEGATIVE NUMBERS.
R  INDICATES RECORD WAS SET OR TIED.
MM INDICATES DATA IS MISSING.
T  INDICATES TRACE AMOUNT.




$$
