965
CDUS44 KBMX 240834
CLITCL


CLIMATE REPORT
NATIONAL WEATHER SERVICE BIRMINGHAM, AL
333 AM CDT MON APR 24 2017


...................................

...THE TUSCALOOSA CLIMATE SUMMARY FOR APRIL 23 2017...

CLIMATE NORMAL PERIOD 1981 TO 2010
CLIMATE RECORD PERIOD 1948 TO 2017


WEATHER ITEM   OBSERVED TIME   RECORD YEAR NORMAL DEPARTURE LAST
                VALUE   (LST)  VALUE       VALUE  FROM      YEAR
                                                  NORMAL
..................................................................
TEMPERATURE (F)
 YESTERDAY
  MAXIMUM         63   1253 AM  90    1960  78    -15       81
  MINIMUM         51   1101 PM  35    1986  52     -1       51
  AVERAGE         57                        65     -8       66

PRECIPITATION (IN)
  YESTERDAY        0.31          0.98 1967   0.13   0.18     0.00
  MONTH TO DATE    6.22                      3.27   2.95     3.39
  SINCE MAR 1      9.94                      7.81   2.13     9.58
  SINCE JAN 1     21.15                     18.48   2.67    19.18

SNOWFALL (IN)
  YESTERDAY        0.0                       0.0    0.0
  MONTH TO DATE    0.0                       0.0    0.0
  SINCE MAR 1      0.0                       0.3   -0.3
  SINCE JUL 1      0.0                       0.7   -0.7

DEGREE DAYS
 HEATING
  YESTERDAY        8                         3      5
  MONTH TO DATE   39                       106    -67
  SINCE MAR 1    275                       400   -125
  SINCE JUL 1   1578                      2490   -912
..................................................................


WIND (MPH)
  HIGHEST WIND SPEED    18   HIGHEST WIND DIRECTION    NW (320)
  HIGHEST GUST SPEED    23   HIGHEST GUST DIRECTION    NW (310)
  AVERAGE WIND SPEED     7.9


SKY COVER
  AVERAGE SKY COVER 0.9


WEATHER CONDITIONS
 THE FOLLOWING WEATHER WAS RECORDED YESTERDAY.
  RAIN
  LIGHT RAIN
  FOG


RELATIVE HUMIDITY (PERCENT)
 HIGHEST   100           100 AM
 LOWEST     72          1200 PM
 AVERAGE    86

..........................................................


THE TUSCALOOSA CLIMATE NORMALS FOR TODAY
                         NORMAL    RECORD    YEAR
 MAXIMUM TEMPERATURE (F)   78        89      1960
                                             1949
 MINIMUM TEMPERATURE (F)   53        36      1986


SUNRISE AND SUNSET
APRIL 24 2017.........SUNRISE   610 AM CDT   SUNSET   728 PM CDT
APRIL 25 2017.........SUNRISE   609 AM CDT   SUNSET   729 PM CDT


-  INDICATES NEGATIVE NUMBERS.
R  INDICATES RECORD WAS SET OR TIED.
MM INDICATES DATA IS MISSING.
T  INDICATES TRACE AMOUNT.




$$
