000
CDUS44 KBMX 162143
CLITCL


CLIMATE REPORT
NATIONAL WEATHER SERVICE BIRMINGHAM, AL
443 PM CDT WED AUG 16 2017


...................................

...THE TUSCALOOSA CLIMATE SUMMARY FOR AUGUST 16 2017...
VALID TODAY AS OF 0400 PM LOCAL TIME.

CLIMATE NORMAL PERIOD 1981 TO 2010
CLIMATE RECORD PERIOD 1948 TO 2017


WEATHER ITEM   OBSERVED TIME   RECORD YEAR NORMAL DEPARTURE LAST
                VALUE   (LST)  VALUE       VALUE  FROM      YEAR
                                                  NORMAL
..................................................................
TEMPERATURE (F)
 TODAY
  MAXIMUM         90    252 PM 103    2007  92     -2       92
                                      2000
  MINIMUM         74    308 AM  59    2004  71      3       71
                                      1992
  AVERAGE         82                        82      0       82

PRECIPITATION (IN)
  TODAY            0.00          2.25 1985   0.09  -0.09     0.00
  MONTH TO DATE    5.85                      1.79   4.06     2.03
  SINCE JUN 1     21.68                     10.96  10.72    10.48
  SINCE JAN 1     47.67                     34.36  13.31    30.89

DEGREE DAYS
 COOLING
  TODAY           17                        17      0
  MONTH TO DATE  244                       272    -28
  SINCE JUN 1   1149                      1193    -44
  SINCE JAN 1   1546                      1504     42
..................................................................


WIND (MPH)
  HIGHEST WIND SPEED     8   HIGHEST WIND DIRECTION     S (170)
  HIGHEST GUST SPEED    11   HIGHEST GUST DIRECTION     S (160)
  AVERAGE WIND SPEED     4.5


SKY COVER
  AVERAGE SKY COVER 0.7


WEATHER CONDITIONS
 THE FOLLOWING WEATHER WAS RECORDED TODAY.
  FOG


RELATIVE HUMIDITY (PERCENT)
 HIGHEST   100          1200 AM
 LOWEST     68           200 PM
 AVERAGE    84

..........................................................


THE TUSCALOOSA CLIMATE NORMALS FOR TOMORROW
                         NORMAL    RECORD    YEAR
 MAXIMUM TEMPERATURE (F)   92       104      2000
 MINIMUM TEMPERATURE (F)   71        59      2004


SUNRISE AND SUNSET
AUGUST 16 2017........SUNRISE   614 AM CDT   SUNSET   735 PM CDT
AUGUST 17 2017........SUNRISE   615 AM CDT   SUNSET   734 PM CDT


-  INDICATES NEGATIVE NUMBERS.
R  INDICATES RECORD WAS SET OR TIED.
MM INDICATES DATA IS MISSING.
T  INDICATES TRACE AMOUNT.




$$
