000
CDUS44 KBMX 312125
CLITCL


CLIMATE REPORT
NATIONAL WEATHER SERVICE BIRMINGHAM, AL
425 PM CDT TUE MAY 31 2016


...................................

...THE TUSCALOOSA CLIMATE SUMMARY FOR MAY 31 2016...
VALID TODAY AS OF 0400 PM LOCAL TIME.

CLIMATE NORMAL PERIOD 1994 TO 1994
CLIMATE RECORD PERIOD 1948 TO 2016


WEATHER ITEM   OBSERVED TIME   RECORD YEAR NORMAL DEPARTURE LAST
                VALUE   (LST)  VALUE       VALUE  FROM      YEAR
                                                  NORMAL
..................................................................
TEMPERATURE (F)
 TODAY
  MAXIMUM         92   1146 AM  98    1951  87      5       87
  MINIMUM         67    545 AM  41    1984  64      3       67
  AVERAGE         80                        75      5       77

PRECIPITATION (IN)
  TODAY            0.01          1.00 2005   0.13  -0.12     0.35
  MONTH TO DATE    0.70                      3.98  -3.28     2.32
  SINCE MAR 1     10.81                     12.73  -1.92    14.83
  SINCE JAN 1     20.41                     23.40  -2.99    25.58

DEGREE DAYS
 COOLING
  TODAY           15                        10      5
  MONTH TO DATE  197                       223    -26
  SINCE MAR 1    277                       306    -29
  SINCE JAN 1    284                       311    -27
..................................................................


WIND (MPH)
  HIGHEST WIND SPEED    13   HIGHEST WIND DIRECTION    NW (320)
  HIGHEST GUST SPEED    20   HIGHEST GUST DIRECTION    NW (330)
  AVERAGE WIND SPEED     1.2


SKY COVER
  AVERAGE SKY COVER 0.2


WEATHER CONDITIONS
 THE FOLLOWING WEATHER WAS RECORDED TODAY.
  THUNDERSTORM
  LIGHT RAIN
  FOG
  HAZE


RELATIVE HUMIDITY (PERCENT)
 HIGHEST   100          1200 AM
 LOWEST     38          1100 AM
 AVERAGE    69

..........................................................


THE TUSCALOOSA CLIMATE NORMALS FOR TOMORROW
                         NORMAL    RECORD    YEAR
 MAXIMUM TEMPERATURE (F)   87        99      2011
 MINIMUM TEMPERATURE (F)   64        45      1984


SUNRISE AND SUNSET
MAY 31 2016...........SUNRISE   542 AM CDT   SUNSET   754 PM CDT
JUNE  1 2016..........SUNRISE   542 AM CDT   SUNSET   755 PM CDT


-  INDICATES NEGATIVE NUMBERS.
R  INDICATES RECORD WAS SET OR TIED.
MM INDICATES DATA IS MISSING.
T  INDICATES TRACE AMOUNT.




$$
