000
CDUS44 KBMX 192228
CLITCL


CLIMATE REPORT
NATIONAL WEATHER SERVICE BIRMINGHAM, AL
428 PM CST FRI JAN 19 2018


...................................

...THE TUSCALOOSA CLIMATE SUMMARY FOR JANUARY 19 2018...
VALID TODAY AS OF 0400 PM LOCAL TIME.

CLIMATE NORMAL PERIOD 1981 TO 2010
CLIMATE RECORD PERIOD 1948 TO 2018


WEATHER ITEM   OBSERVED TIME   RECORD YEAR NORMAL DEPARTURE LAST
                VALUE   (LST)  VALUE       VALUE  FROM      YEAR
                                                  NORMAL
..................................................................
TEMPERATURE (F)
 TODAY
  MAXIMUM         53    200 PM  79    1982  56     -3       66
  MINIMUM         16        MM  -1    1977  34    -18       57
  AVERAGE         35                        44     -9       62

PRECIPITATION (IN)
  TODAY            T             2.29 1988   0.18  -0.18     1.35
  MONTH TO DATE    1.04                      3.08  -2.04     4.76
  SINCE DEC 1      3.41                      7.70  -4.29     7.67
  SINCE JAN 1      1.04                      3.08  -2.04     4.76

SNOWFALL (IN)
  TODAY           MM                         0.0   MM
  MONTH TO DATE    0.0                       0.2   -0.2
  SINCE DEC 1      0.0                       0.2   -0.2
  SINCE JUL 1      0.0                       0.2   -0.2
  SNOW DEPTH      MM

..................................................................


WIND (MPH)
  HIGHEST WIND SPEED     4   HIGHEST WIND DIRECTION    SE (150)
  HIGHEST GUST SPEED    MM   HIGHEST GUST DIRECTION    MM
  AVERAGE WIND SPEED     1.1


SKY COVER
  AVERAGE SKY COVER 0.0


WEATHER CONDITIONS
 THE FOLLOWING WEATHER WAS RECORDED TODAY.
  LIGHT RAIN


RELATIVE HUMIDITY (PERCENT)
 HIGHEST    92           400 AM
 LOWEST     22           200 PM
 AVERAGE    57

..........................................................


THE TUSCALOOSA CLIMATE NORMALS FOR TOMORROW
                         NORMAL    RECORD    YEAR
 MAXIMUM TEMPERATURE (F)   56        75      2017
 MINIMUM TEMPERATURE (F)   34         1      1985


SUNRISE AND SUNSET
JANUARY 19 2018.......SUNRISE   653 AM CST   SUNSET   510 PM CST
JANUARY 20 2018.......SUNRISE   652 AM CST   SUNSET   511 PM CST


-  INDICATES NEGATIVE NUMBERS.
R  INDICATES RECORD WAS SET OR TIED.
MM INDICATES DATA IS MISSING.
T  INDICATES TRACE AMOUNT.




$$
