000
CDUS42 KTAE 240638
CLITLH


CLIMATE REPORT
NATIONAL WEATHER SERVICE TALLAHASSEE FL
237 AM EDT WED AUG 24 2016

...................................

...THE TALLAHASSEE CLIMATE SUMMARY FOR AUGUST 23 2016...

CLIMATE NORMAL PERIOD 1981 TO 2010
CLIMATE RECORD PERIOD 1896 TO 2016


WEATHER ITEM   OBSERVED TIME   RECORD YEAR NORMAL DEPARTURE LAST
                VALUE   (LST)  VALUE       VALUE  FROM      YEAR
                                                  NORMAL
..................................................................
TEMPERATURE (F)
 YESTERDAY
  MAXIMUM        100    357 PM 101    2014  91      9       95
                                      1918
  MINIMUM         77    628 AM  57    1997  72      5       76
  AVERAGE         89                        82      7       86

PRECIPITATION (IN)
  YESTERDAY        0.31          6.30 2008   0.22   0.09     0.53
  MONTH TO DATE    6.95                      5.75   1.20     5.75
  SINCE JUN 1     23.26                     20.65   2.61    18.89
  SINCE JAN 1     46.66                     42.31   4.35    37.42

SNOWFALL (IN)
  YESTERDAY        0.0                       0.0    0.0

DEGREE DAYS
 HEATING
  YESTERDAY        0                                0
  MONTH TO DATE    0                                0
  SINCE JUN 1      0                                0
  SINCE JUL 1      0                                0

 COOLING
  YESTERDAY       24                                7
  MONTH TO DATE  453                               62
  SINCE JUN 1   1629                              252
  SINCE JAN 1   2239                              416
..................................................................


WIND (MPH)
  HIGHEST WIND SPEED    26   HIGHEST WIND DIRECTION     E (100)
  HIGHEST GUST SPEED    34   HIGHEST GUST DIRECTION     E (100)
  AVERAGE WIND SPEED     3.9




RELATIVE HUMIDITY (PERCENT)
 HIGHEST    97
 LOWEST     39
 AVERAGE    68

..........................................................


THE TALLAHASSEE CLIMATE NORMALS FOR TODAY
                         NORMAL    RECORD    YEAR
 MAXIMUM TEMPERATURE (F)   91       101      2014
 MINIMUM TEMPERATURE (F)   72        61      2009


SUNRISE AND SUNSET
AUGUST 24 2016........SUNRISE   710 AM EDT   SUNSET   809 PM EDT
AUGUST 25 2016........SUNRISE   710 AM EDT   SUNSET   808 PM EDT


-  INDICATES NEGATIVE NUMBERS.
R  INDICATES RECORD WAS SET OR TIED.
MM INDICATES DATA IS MISSING.
T  INDICATES TRACE AMOUNT.

$$
