000
CDUS42 KTAE 220718
CLITLH


CLIMATE REPORT
NATIONAL WEATHER SERVICE TALLAHASSEE FL
237 AM EDT MON MAY 22 2017


...................................

...THE TALLAHASSEE CLIMATE SUMMARY FOR MAY 21 2017...

CLIMATE NORMAL PERIOD 1981 TO 2010
CLIMATE RECORD PERIOD 1896 TO 2017


WEATHER ITEM   OBSERVED TIME   RECORD YEAR NORMAL DEPARTURE LAST
                VALUE   (LST)  VALUE       VALUE  FROM      YEAR
                                                  NORMAL
..................................................................
TEMPERATURE (F)
 YESTERDAY
  MAXIMUM         82    522 PM  98    1938  88     -6       91
  MINIMUM         69    651 AM  48    2002  63      6       64
  AVERAGE         76                        76      0       78

PRECIPITATION (IN)
  YESTERDAY        0.29          1.75 1942   0.12   0.17     0.18
  MONTH TO DATE    3.40                      2.01   1.39     1.63
  SINCE MAR 1      7.76                     11.01  -3.25    14.62
  SINCE JAN 1     17.69                     20.20  -2.51    23.32

SNOWFALL (IN)
  YESTERDAY        0.0                       0.0    0.0

DEGREE DAYS
 HEATING
  YESTERDAY        0                                0
  MONTH TO DATE    5                                2
  SINCE MAR 1    157                              -93
  SINCE JUL 1    805                             -788

 COOLING
  YESTERDAY       11                                0
  MONTH TO DATE  188                               15
  SINCE MAR 1    444                              132
  SINCE JAN 1    504                              178
..................................................................


WIND (MPH)
  HIGHEST WIND SPEED    23   HIGHEST WIND DIRECTION    NW (300)
  HIGHEST GUST SPEED    29   HIGHEST GUST DIRECTION     W (290)
  AVERAGE WIND SPEED     4.3




RELATIVE HUMIDITY (PERCENT)
 HIGHEST   100
 LOWEST     67
 AVERAGE    84

..........................................................


THE TALLAHASSEE CLIMATE NORMALS FOR TODAY
                         NORMAL    RECORD    YEAR
 MAXIMUM TEMPERATURE (F)   88        99      1938
 MINIMUM TEMPERATURE (F)   64        45      1981


SUNRISE AND SUNSET
MAY 22 2017...........SUNRISE   639 AM EDT   SUNSET   829 PM EDT
MAY 23 2017...........SUNRISE   639 AM EDT   SUNSET   830 PM EDT


-  INDICATES NEGATIVE NUMBERS.
R  INDICATES RECORD WAS SET OR TIED.
MM INDICATES DATA IS MISSING.
T  INDICATES TRACE AMOUNT.




$$
