000
CDUS42 KTAE 290641
CLITLH


CLIMATE REPORT
NATIONAL WEATHER SERVICE TALLAHASSEE FL
235 AM EDT SUN MAR 29 2015


...................................

...THE TALLAHASSEE CLIMATE SUMMARY FOR MARCH 28 2015...

CLIMATE NORMAL PERIOD 1981 TO 2010
CLIMATE RECORD PERIOD 1896 TO 2015


WEATHER ITEM   OBSERVED TIME   RECORD YEAR NORMAL DEPARTURE LAST
                VALUE   (LST)  VALUE       VALUE  FROM      YEAR
                                                  NORMAL
..................................................................
TEMPERATURE (F)
 YESTERDAY
  MAXIMUM         65    447 PM  91    1929  76    -11       71
  MINIMUM         42    434 AM  31    1894  49     -7       59
  AVERAGE         54                        62     -8       65

PRECIPITATION (IN)
  YESTERDAY        0.00          3.39 1970   0.17  -0.17     1.38
  MONTH TO DATE    3.12                      5.44  -2.32    10.06
  SINCE MAR 1      3.12                      5.44  -2.32    10.06
  SINCE JAN 1     12.31                     14.63  -2.32    18.11

SNOWFALL (IN)
  YESTERDAY        0.0                       0.0    0.0

DEGREE DAYS
 HEATING
  YESTERDAY       11                                7
  MONTH TO DATE   62                             -106
  SINCE MAR 1     62                             -106
  SINCE JUL 1   1428                              -83

 COOLING
  YESTERDAY        0                               -2
  MONTH TO DATE  113                               81
  SINCE MAR 1    113                               81
  SINCE JAN 1    120                               74
..................................................................


WIND (MPH)
  HIGHEST WIND SPEED    21   HIGHEST WIND DIRECTION     W (290)
  HIGHEST GUST SPEED    27   HIGHEST GUST DIRECTION     W (280)
  AVERAGE WIND SPEED     8.4




RELATIVE HUMIDITY (PERCENT)
 HIGHEST    82
 LOWEST     24
 AVERAGE    53

..........................................................


THE TALLAHASSEE CLIMATE NORMALS FOR TODAY
                         NORMAL    RECORD    YEAR
 MAXIMUM TEMPERATURE (F)   76        89      2007
 MINIMUM TEMPERATURE (F)   49        32      1955


SUNRISE AND SUNSET
MARCH 29 2015.........SUNRISE   731 AM EDT   SUNSET   754 PM EDT
MARCH 30 2015.........SUNRISE   729 AM EDT   SUNSET   755 PM EDT


-  INDICATES NEGATIVE NUMBERS.
R  INDICATES RECORD WAS SET OR TIED.
MM INDICATES DATA IS MISSING.
T  INDICATES TRACE AMOUNT.




$$
