000
CDUS42 KTAE 210637
CLITLH


CLIMATE REPORT
NATIONAL WEATHER SERVICE TALLAHASSEE FL
237 AM EDT SUN SEP 21 2014


...................................

...THE TALLAHASSEE CLIMATE SUMMARY FOR SEPTEMBER 20 2014...

CLIMATE NORMAL PERIOD 1981 TO 2010
CLIMATE RECORD PERIOD 1896 TO 2014


WEATHER ITEM   OBSERVED TIME   RECORD YEAR NORMAL DEPARTURE LAST
                VALUE   (LST)  VALUE       VALUE  FROM      YEAR
                                                  NORMAL
..................................................................
TEMPERATURE (F)
 YESTERDAY
  MAXIMUM         84    406 PM 100    1931  88     -4
                                      1925
  MINIMUM         68   1159 PM  45    1981  67      1
  AVERAGE         76                        78     -2

PRECIPITATION (IN)
  YESTERDAY        T             4.23 1969   0.14  -0.14     0.00
  MONTH TO DATE    5.85                      3.30   2.55     2.34
  SINCE SEP 1      5.85                      3.30   2.55     2.34
  SINCE JAN 1     46.93                     47.21  -0.28    55.63

SNOWFALL (IN)
  YESTERDAY        0.0                       0.0    0.0

DEGREE DAYS
 HEATING
  YESTERDAY        0                                0
  MONTH TO DATE    0                                0
  SINCE SEP 1      0                                0
  SINCE JUL 1      0                                0

 COOLING
  YESTERDAY       11                               -1
  MONTH TO DATE  340                               52
  SINCE SEP 1    340                               52
  SINCE JAN 1   2511                              270
..................................................................


WIND (MPH)
  HIGHEST WIND SPEED    15   HIGHEST WIND DIRECTION     E (110)
  HIGHEST GUST SPEED    18   HIGHEST GUST DIRECTION     E (100)
  AVERAGE WIND SPEED     5.0




RELATIVE HUMIDITY (PERCENT)
 HIGHEST    97
 LOWEST     63
 AVERAGE    80

..........................................................


THE TALLAHASSEE CLIMATE NORMALS FOR TODAY
                         NORMAL    RECORD    YEAR
 MAXIMUM TEMPERATURE (F)   88        99      1997
                                             1925
 MINIMUM TEMPERATURE (F)   67        50      1981


SUNRISE AND SUNSET
SEPTEMBER 21 2014.....SUNRISE   725 AM EDT   SUNSET   735 PM EDT
SEPTEMBER 22 2014.....SUNRISE   726 AM EDT   SUNSET   734 PM EDT


-  INDICATES NEGATIVE NUMBERS.
R  INDICATES RECORD WAS SET OR TIED.
MM INDICATES DATA IS MISSING.
T  INDICATES TRACE AMOUNT.




$$
