196
CDUS42 KTAE 140632
CLITLH


CLIMATE REPORT
NATIONAL WEATHER SERVICE TALLAHASSEE FL
131 AM EST SUN FEB 14 2016


...................................

...THE TALLAHASSEE CLIMATE SUMMARY FOR FEBRUARY 13 2016...

CLIMATE NORMAL PERIOD 1981 TO 2010
CLIMATE RECORD PERIOD 1896 TO 2016


WEATHER ITEM   OBSERVED TIME   RECORD YEAR NORMAL DEPARTURE LAST
                VALUE   (LST)  VALUE       VALUE  FROM      YEAR
                                                  NORMAL
..................................................................
TEMPERATURE (F)
 YESTERDAY
  MAXIMUM         62    424 PM  84    1962  67     -5       54
  MINIMUM         46   1159 PM  -2    1899  42      4       31
  AVERAGE         54                        54      0       43

PRECIPITATION (IN)
  YESTERDAY        0.00          2.80 1935   0.16  -0.16     0.00
  MONTH TO DATE    2.76                      2.06   0.70     2.10
  SINCE DEC 1     11.78                     10.30   1.48    15.64
  SINCE JAN 1      7.01                      6.40   0.61     6.86

SNOWFALL (IN)
  YESTERDAY        0.0                       0.0    0.0

DEGREE DAYS
 HEATING
  YESTERDAY       11                                0
  MONTH TO DATE  163                                8
  SINCE DEC 1    670                             -295
  SINCE JUL 1    715                             -486

 COOLING
  YESTERDAY        0                                0
  MONTH TO DATE    1                                1
  SINCE DEC 1    111                               93
  SINCE JAN 1      1                               -4
..................................................................


WIND (MPH)
  HIGHEST WIND SPEED    17   HIGHEST WIND DIRECTION     N (340)
  HIGHEST GUST SPEED    23   HIGHEST GUST DIRECTION     N (340)
  AVERAGE WIND SPEED     7.8




RELATIVE HUMIDITY (PERCENT)
 HIGHEST    93
 LOWEST     13
 AVERAGE    53

..........................................................


THE TALLAHASSEE CLIMATE NORMALS FOR TODAY
                         NORMAL    RECORD    YEAR
 MAXIMUM TEMPERATURE (F)   67        86      1932
 MINIMUM TEMPERATURE (F)   42        13      1899


SUNRISE AND SUNSET
FEBRUARY 14 2016......SUNRISE   719 AM EST   SUNSET   625 PM EST
FEBRUARY 15 2016......SUNRISE   718 AM EST   SUNSET   625 PM EST


-  INDICATES NEGATIVE NUMBERS.
R  INDICATES RECORD WAS SET OR TIED.
MM INDICATES DATA IS MISSING.
T  INDICATES TRACE AMOUNT.




$$
