000
CDUS42 KTAE 230632
CLITLH


CLIMATE REPORT
NATIONAL WEATHER SERVICE TALLAHASSEE FL
232 AM EDT WED APR 23 2014


...................................

...THE TALLAHASSEE CLIMATE SUMMARY FOR APRIL 22 2014...

CLIMATE NORMAL PERIOD 1981 TO 2010
CLIMATE RECORD PERIOD 1896 TO 2014


WEATHER ITEM   OBSERVED TIME   RECORD YEAR NORMAL DEPARTURE LAST
                VALUE   (LST)  VALUE       VALUE  FROM      YEAR
                                                  NORMAL
..................................................................
TEMPERATURE (F)
 YESTERDAY
  MAXIMUM         85    340 PM  95    1968  81      4
  MINIMUM         54    606 AM  36    1993  54      0
  AVERAGE         70                        68      2

PRECIPITATION (IN)
  YESTERDAY        0.00          1.43 1921   0.09  -0.09     0.00
  MONTH TO DATE    8.42                      2.40   6.02     2.94
  SINCE MAR 1     18.65                      8.34  10.31     7.29
  SINCE JAN 1     26.70                     17.53   9.17    20.50

SNOWFALL (IN)
  YESTERDAY        0.0                       0.0    0.0

DEGREE DAYS
 HEATING
  YESTERDAY        0                               -1
  MONTH TO DATE   42                              -17
  SINCE MAR 1    216                              -24
  SINCE JUL 1   1359                             -224

 COOLING
  YESTERDAY        5                                1
  MONTH TO DATE   65                                4
  SINCE MAR 1     77                              -24
  SINCE JAN 1     89                              -26
..................................................................


WIND (MPH)
  HIGHEST WIND SPEED    14   HIGHEST WIND DIRECTION     W (250)
  HIGHEST GUST SPEED    18   HIGHEST GUST DIRECTION    NW (330)
  AVERAGE WIND SPEED     5.4




RELATIVE HUMIDITY (PERCENT)
 HIGHEST    89
 LOWEST     34
 AVERAGE    62

..........................................................


THE TALLAHASSEE CLIMATE NORMALS FOR TODAY
                         NORMAL    RECORD    YEAR
 MAXIMUM TEMPERATURE (F)   82        91      1999
                                             1968
                                             1967
 MINIMUM TEMPERATURE (F)   54        31      1993


SUNRISE AND SUNSET
APRIL 23 2014.........SUNRISE   702 AM EDT   SUNSET   810 PM EDT
APRIL 24 2014.........SUNRISE   701 AM EDT   SUNSET   811 PM EDT


-  INDICATES NEGATIVE NUMBERS.
R  INDICATES RECORD WAS SET OR TIED.
MM INDICATES DATA IS MISSING.
T  INDICATES TRACE AMOUNT.




$$
