000
CDUS42 KTAE 210631
CLITLH


CLIMATE REPORT
NATIONAL WEATHER SERVICE TALLAHASSEE FL
130 AM EST SAT JAN 21 2017


...................................

...THE TALLAHASSEE CLIMATE SUMMARY FOR JANUARY 20 2017...

CLIMATE NORMAL PERIOD 1981 TO 2010
CLIMATE RECORD PERIOD 1896 TO 2017


WEATHER ITEM   OBSERVED TIME   RECORD YEAR NORMAL DEPARTURE LAST
                VALUE   (LST)  VALUE       VALUE  FROM      YEAR
                                                  NORMAL
..................................................................
TEMPERATURE (F)
 YESTERDAY
  MAXIMUM         79    122 PM  80    1952  64     15       62
  MINIMUM         62    807 AM  16    1971  39     23       26
  AVERAGE         71                        51     20       44

PRECIPITATION (IN)
  YESTERDAY        0.40          1.83 1979   0.15   0.25     0.00
  MONTH TO DATE    4.91                      2.65   2.26     3.07
  SINCE DEC 1      9.11                      6.55   2.56     7.84
  SINCE JAN 1      4.91                      2.65   2.26     3.07

SNOWFALL (IN)
  YESTERDAY        0.0                       0.0    0.0

DEGREE DAYS
 HEATING
  YESTERDAY        0                              -14
  MONTH TO DATE  141                             -139
  SINCE DEC 1    332                             -327
  SINCE JUL 1    445                             -450

 COOLING
  YESTERDAY        6                                6
  MONTH TO DATE   22                               22
  SINCE DEC 1     65                               52
  SINCE JAN 1     22                               22
..................................................................


WIND (MPH)
  HIGHEST WIND SPEED    23   HIGHEST WIND DIRECTION    SE (130)
  HIGHEST GUST SPEED    29   HIGHEST GUST DIRECTION    SE (140)
  AVERAGE WIND SPEED     6.7




RELATIVE HUMIDITY (PERCENT)
 HIGHEST   100
 LOWEST     69
 AVERAGE    85

..........................................................


THE TALLAHASSEE CLIMATE NORMALS FOR TODAY
                         NORMAL    RECORD    YEAR
 MAXIMUM TEMPERATURE (F)   64        80      1929
 MINIMUM TEMPERATURE (F)   39         6      1985


SUNRISE AND SUNSET
JANUARY 21 2017.......SUNRISE   733 AM EST   SUNSET   605 PM EST
JANUARY 22 2017.......SUNRISE   733 AM EST   SUNSET   606 PM EST


-  INDICATES NEGATIVE NUMBERS.
R  INDICATES RECORD WAS SET OR TIED.
MM INDICATES DATA IS MISSING.
T  INDICATES TRACE AMOUNT.




$$
