000
CDUS42 KTAE 190631
CLITLH


CLIMATE REPORT
NATIONAL WEATHER SERVICE TALLAHASSEE FL
230 AM EDT SAT AUG 19 2017


...................................

...THE TALLAHASSEE CLIMATE SUMMARY FOR AUGUST 18 2017...

CLIMATE NORMAL PERIOD 1981 TO 2010
CLIMATE RECORD PERIOD 1896 TO 2017


WEATHER ITEM   OBSERVED TIME   RECORD YEAR NORMAL DEPARTURE LAST
                VALUE   (LST)  VALUE       VALUE  FROM      YEAR
                                                  NORMAL
..................................................................
TEMPERATURE (F)
 YESTERDAY
  MAXIMUM         98    359 PM 100    1993  92      6       96
  MINIMUM         78    541 AM  65    1983  72      6       75
  AVERAGE         88                        82      6       86

PRECIPITATION (IN)
  YESTERDAY        0.11          1.72 1935   0.24  -0.13     0.07
  MONTH TO DATE    4.15                      4.60  -0.45     5.38
  SINCE JUN 1     22.05                     19.50   2.55    21.69
  SINCE JAN 1     41.85                     41.16   0.69    45.09

SNOWFALL (IN)
  YESTERDAY        0.0                       0.0    0.0

DEGREE DAYS
 HEATING
  YESTERDAY        0                                0
  MONTH TO DATE    0                                0
  SINCE JUN 1      0                                0
  SINCE JUL 1      0                                0

 COOLING
  YESTERDAY       23                                6
  MONTH TO DATE  317                               11
  SINCE JUN 1   1314                               22
  SINCE JAN 1   1941                              203
..................................................................


WIND (MPH)
  HIGHEST WIND SPEED    14   HIGHEST WIND DIRECTION    SW (210)
  HIGHEST GUST SPEED    18   HIGHEST GUST DIRECTION     S (160)
  AVERAGE WIND SPEED     4.7




RELATIVE HUMIDITY (PERCENT)
 HIGHEST    97
 LOWEST     42
 AVERAGE    70

..........................................................


THE TALLAHASSEE CLIMATE NORMALS FOR TODAY
                         NORMAL    RECORD    YEAR
 MAXIMUM TEMPERATURE (F)   92       101      1993
 MINIMUM TEMPERATURE (F)   72        64      1979


SUNRISE AND SUNSET
AUGUST 19 2017........SUNRISE   707 AM EDT   SUNSET   815 PM EDT
AUGUST 20 2017........SUNRISE   707 AM EDT   SUNSET   814 PM EDT


-  INDICATES NEGATIVE NUMBERS.
R  INDICATES RECORD WAS SET OR TIED.
MM INDICATES DATA IS MISSING.
T  INDICATES TRACE AMOUNT.




$$
