000
CDUS42 KTAE 290640
CLITLH


CLIMATE REPORT
NATIONAL WEATHER SERVICE TALLAHASSEE FL
240 AM EDT FRI APR 29 2016


...................................

...THE TALLAHASSEE CLIMATE SUMMARY FOR APRIL 28 2016...

CLIMATE NORMAL PERIOD 1981 TO 2010
CLIMATE RECORD PERIOD 1896 TO 2016


WEATHER ITEM   OBSERVED TIME   RECORD YEAR NORMAL DEPARTURE LAST
                VALUE   (LST)  VALUE       VALUE  FROM      YEAR
                                                  NORMAL
..................................................................
TEMPERATURE (F)
 YESTERDAY
  MAXIMUM         86   1248 PM  93    1927  83      3       73
  MINIMUM         68    601 AM  37    1978  55     13       67
  AVERAGE         77                        69      8       70

PRECIPITATION (IN)
  YESTERDAY        T             2.55 1964   0.08  -0.08     0.05
  MONTH TO DATE    6.49                      2.89   3.60     4.24
  SINCE MAR 1     12.99                      8.83   4.16     7.39
  SINCE JAN 1     21.69                     18.02   3.67    16.58

SNOWFALL (IN)
  YESTERDAY        0.0                       0.0    0.0

DEGREE DAYS
 HEATING
  YESTERDAY        0                               -1
  MONTH TO DATE   12                              -53
  SINCE MAR 1     98                             -148
  SINCE JUL 1    943                             -646

 COOLING
  YESTERDAY       12                                7
  MONTH TO DATE  118                               30
  SINCE MAR 1    226                               98
  SINCE JAN 1    229                               87
..................................................................


WIND (MPH)
  HIGHEST WIND SPEED    26   HIGHEST WIND DIRECTION    SW (220)
  HIGHEST GUST SPEED    34   HIGHEST GUST DIRECTION     S (200)
  AVERAGE WIND SPEED     4.8




RELATIVE HUMIDITY (PERCENT)
 HIGHEST    94
 LOWEST     51
 AVERAGE    73

..........................................................


THE TALLAHASSEE CLIMATE NORMALS FOR TODAY
                         NORMAL    RECORD    YEAR
 MAXIMUM TEMPERATURE (F)   83        95      1942
 MINIMUM TEMPERATURE (F)   56        34      1992


SUNRISE AND SUNSET
APRIL 29 2016.........SUNRISE   655 AM EDT   SUNSET   814 PM EDT
APRIL 30 2016.........SUNRISE   654 AM EDT   SUNSET   815 PM EDT


-  INDICATES NEGATIVE NUMBERS.
R  INDICATES RECORD WAS SET OR TIED.
MM INDICATES DATA IS MISSING.
T  INDICATES TRACE AMOUNT.




$$
