000
CDUS42 KTAE 270633
CLITLH


CLIMATE REPORT
NATIONAL WEATHER SERVICE TALLAHASSEE FL
233 AM EDT TUE SEP 27 2016


...................................

...THE TALLAHASSEE CLIMATE SUMMARY FOR SEPTEMBER 26 2016...

CLIMATE NORMAL PERIOD 1981 TO 2010
CLIMATE RECORD PERIOD 1896 TO 2016


WEATHER ITEM   OBSERVED TIME   RECORD YEAR NORMAL DEPARTURE LAST
                VALUE   (LST)  VALUE       VALUE  FROM      YEAR
                                                  NORMAL
..................................................................
TEMPERATURE (F)
 YESTERDAY
  MAXIMUM         93    255 PM  99    1931  86      7       89
  MINIMUM         71    424 AM  50    1975  65      6       62
  AVERAGE         82                        76      6       76

PRECIPITATION (IN)
  YESTERDAY        0.24          2.94 1979   0.14   0.10     0.01
  MONTH TO DATE    7.58                      4.16   3.42     2.53
  SINCE SEP 1      7.58                      4.16   3.42     2.53
  SINCE JAN 1     54.89                     48.07   6.82    40.27

SNOWFALL (IN)
  YESTERDAY        0.0                       0.0    0.0

DEGREE DAYS
 HEATING
  YESTERDAY        0                                0
  MONTH TO DATE    0                                0
  SINCE SEP 1      0                                0
  SINCE JUL 1      0                                0

 COOLING
  YESTERDAY       17                                6
  MONTH TO DATE  455                               98
  SINCE SEP 1    455                               98
  SINCE JAN 1   2860                              550
..................................................................


WIND (MPH)
  HIGHEST WIND SPEED    23   HIGHEST WIND DIRECTION    SE (140)
  HIGHEST GUST SPEED    28   HIGHEST GUST DIRECTION    SE (140)
  AVERAGE WIND SPEED     3.6




RELATIVE HUMIDITY (PERCENT)
 HIGHEST    94
 LOWEST     50
 AVERAGE    72

..........................................................


THE TALLAHASSEE CLIMATE NORMALS FOR TODAY
                         NORMAL    RECORD    YEAR
 MAXIMUM TEMPERATURE (F)   86        96      1972
 MINIMUM TEMPERATURE (F)   65        47      2001


SUNRISE AND SUNSET
SEPTEMBER 27 2016.....SUNRISE   729 AM EDT   SUNSET   727 PM EDT
SEPTEMBER 28 2016.....SUNRISE   729 AM EDT   SUNSET   726 PM EDT


-  INDICATES NEGATIVE NUMBERS.
R  INDICATES RECORD WAS SET OR TIED.
MM INDICATES DATA IS MISSING.
T  INDICATES TRACE AMOUNT.




$$
