000
CDUS41 KCLE 080528
CLITOL


CLIMATE REPORT
NATIONAL WEATHER SERVICE CLEVELAND OH
1227 AM EST THU DEC 8 2016


...................................

...THE TOLEDO OH CLIMATE SUMMARY FOR DECEMBER 7 2016...

CLIMATE NORMAL PERIOD 1981 TO 2010
CLIMATE RECORD PERIOD 1873 TO 2016


WEATHER ITEM   OBSERVED TIME   RECORD YEAR NORMAL DEPARTURE LAST
                VALUE   (LST)  VALUE       VALUE  FROM      YEAR
                                                  NORMAL
..................................................................
TEMPERATURE (F)
 YESTERDAY
  MAXIMUM         36    200 PM  62    1951  39     -3       49
                                      1892
  MINIMUM         26    821 AM  -2    1885  26      0       24
  AVERAGE         31                        32     -1       37

PRECIPITATION (IN)
  YESTERDAY        0.00                      0.09  -0.09     0.00
  MONTH TO DATE    0.48                      0.64  -0.16     0.05
  SINCE DEC 1      0.48                      0.64  -0.16     0.05
  SINCE JAN 1     32.33                     32.20   0.13    33.58

SNOWFALL (IN)
  YESTERDAY        0.0                       0.2   -0.2      0.0
  MONTH TO DATE    0.6                       1.2   -0.6       T
  SINCE DEC 1      0.6                       1.2   -0.6       T
  SINCE JUL 1      0.6                       3.3   -2.7      3.5
  SNOW DEPTH       0

DEGREE DAYS
 HEATING
  YESTERDAY       34                        33      1       28
  MONTH TO DATE  214                       221     -7      204
  SINCE DEC 1    214                       221     -7      204
  SINCE JUL 1   1138                      1454   -316     1214

 COOLING
  YESTERDAY        0                         0      0        0
  MONTH TO DATE    0                         0      0        0
  SINCE DEC 1      0                         0      0        0
  SINCE JAN 1   1037                       793    244      719
..................................................................


WIND (MPH)
  HIGHEST WIND SPEED    23   HIGHEST WIND DIRECTION    SW (240)
  HIGHEST GUST SPEED    28   HIGHEST GUST DIRECTION    SW (240)
  AVERAGE WIND SPEED    13.6


SKY COVER
  POSSIBLE SUNSHINE  MM
  AVERAGE SKY COVER 0.3


WEATHER CONDITIONS
 THE FOLLOWING WEATHER WAS RECORDED YESTERDAY.
  FOG


RELATIVE HUMIDITY (PERCENT)
 HIGHEST   100          1200 AM
 LOWEST     56           200 PM
 AVERAGE    78

..........................................................


THE TOLEDO OH CLIMATE NORMALS FOR TODAY
                         NORMAL    RECORD    YEAR
 MAXIMUM TEMPERATURE (F)   39        65      1966
 MINIMUM TEMPERATURE (F)   25        -7      1977


SUNRISE AND SUNSET
DECEMBER  8 2016......SUNRISE   750 AM EST   SUNSET   505 PM EST
DECEMBER  9 2016......SUNRISE   751 AM EST   SUNSET   505 PM EST


-  INDICATES NEGATIVE NUMBERS.
R  INDICATES RECORD WAS SET OR TIED.
MM INDICATES DATA IS MISSING.
T  INDICATES TRACE AMOUNT.




$$
