000
CDUS43 KTOP 232148
CLITOP


CLIMATE REPORT
NATIONAL WEATHER SERVICE TOPEKA KS
447 PM CDT MON OCT 23 2017


...................................

...THE TOPEKA KS CLIMATE SUMMARY FOR OCTOBER 23 2017...
VALID TODAY AS OF 430 PM LOCAL TIME.

CLIMATE NORMAL PERIOD 1981 TO 2010
CLIMATE RECORD PERIOD 1887 TO 2017


WEATHER ITEM   OBSERVED TIME   RECORD YEAR NORMAL DEPARTURE LAST
                VALUE   (LST)  VALUE       VALUE  FROM      YEAR
                                                  NORMAL
..................................................................
TEMPERATURE (F)
 TODAY
  MAXIMUM         68    105 PM  92    1939  66      2       76
  MINIMUM         40    606 AM  25    1966  43     -3       47
                                      1937
  AVERAGE         54                        54      0       62

PRECIPITATION (IN)
  TODAY            0.00          1.98 1957   0.09  -0.09     0.00
  MONTH TO DATE    2.87                      2.35   0.52     0.91
  SINCE SEP 1      4.65                      6.01  -1.36     8.69
  SINCE JAN 1     38.12                     32.58   5.54    41.58

SNOWFALL (IN)
  TODAY            0.0           2.4  1908   0.0    0.0      0.0
  MONTH TO DATE    0.0                       0.2   -0.2      0.0
  SINCE JAN 1      3.5                      11.5   -8.0      3.7
  SINCE JUL 1      T                         0.2   -0.2       T
  SNOW DEPTH       0

DEGREE DAYS
 HEATING
  TODAY           11                        11      0        3
  MONTH TO DATE   82                       188   -106      114
  SINCE SEP 1     95                       253   -158      134
  SINCE JUL 1     95                       255   -160      134

 COOLING
  TODAY            0                         0      0        0
  MONTH TO DATE   55                        25     30       40
  SINCE SEP 1    283                       190     93      284
  SINCE JAN 1   1473                      1418     55     1685
..................................................................


WIND (MPH)
  HIGHEST WIND SPEED    31   HIGHEST WIND DIRECTION    NW (310)
  HIGHEST GUST SPEED    45   HIGHEST GUST DIRECTION    NW (310)
  AVERAGE WIND SPEED     8.7



WEATHER CONDITIONS
 THE FOLLOWING WEATHER WAS RECORDED TODAY.
  NO SIGNIFICANT WEATHER WAS OBSERVED.


RELATIVE HUMIDITY (PERCENT)
 HIGHEST    89          1200 AM
 LOWEST     32           300 PM
 AVERAGE    61

..........................................................


THE TOPEKA KS CLIMATE NORMALS FOR TOMORROW
                         NORMAL    RECORD    YEAR
 MAXIMUM TEMPERATURE (F)   66        90      1939
 MINIMUM TEMPERATURE (F)   42        25      1999


SUNRISE AND SUNSET
OCTOBER 23 2017.......SUNRISE   741 AM CDT   SUNSET   632 PM CDT
OCTOBER 24 2017.......SUNRISE   742 AM CDT   SUNSET   631 PM CDT


-  INDICATES NEGATIVE NUMBERS.
R  INDICATES RECORD WAS SET OR TIED.
MM INDICATES DATA IS MISSING.
T  INDICATES TRACE AMOUNT.




$$
