000
CDUS43 KTOP 070635
CLITOP


CLIMATE REPORT
NATIONAL WEATHER SERVICE TOPEKA KS
133 AM CDT TUE JUL 7 2015


...................................

...THE TOPEKA KS CLIMATE SUMMARY FOR JULY 6 2015...

CLIMATE NORMAL PERIOD 1981 TO 2010
CLIMATE RECORD PERIOD 1887 TO 2015


WEATHER ITEM   OBSERVED TIME   RECORD YEAR NORMAL DEPARTURE LAST
                VALUE   (LST)  VALUE       VALUE  FROM      YEAR
                                                  NORMAL
..................................................................
TEMPERATURE (F)
 YESTERDAY
  MAXIMUM         92    103 PM 106    1939  89      3       95
  MINIMUM         65   1159 PM  50    1972  68     -3       76
  AVERAGE         79                        79      0       86

PRECIPITATION (IN)
  YESTERDAY        2.42          3.78 1909   0.13   2.29     0.00
  MONTH TO DATE    2.75                      0.85   1.90     0.00
  SINCE JUN 1      8.97                      6.25   2.72     6.23
  SINCE JAN 1     23.56                     19.36   4.20    13.70

SNOWFALL (IN)
  YESTERDAY        0.0           T    1930   0.0    0.0      0.0
  MONTH TO DATE    0.0                       0.0    0.0      0.0
  SINCE JAN 1      7.9                      11.3   -3.4     23.1
  SINCE JUL 1      0.0                       0.0    0.0      0.0
  SNOW DEPTH       0

DEGREE DAYS
 HEATING
  YESTERDAY        0                         0      0        0
  MONTH TO DATE    0                         0      0        0
  SINCE JUN 1      0                         8     -8        0
  SINCE JUL 1      0                         0      0        0

 COOLING
  YESTERDAY       14                        14      0       21
  MONTH TO DATE   70                        79     -9       58
  SINCE JUN 1    438                       363     75      394
  SINCE JAN 1    520                       489     31      611
..................................................................


WIND (MPH)
  HIGHEST WIND SPEED    30   HIGHEST WIND DIRECTION     W (290)
  HIGHEST GUST SPEED    43   HIGHEST GUST DIRECTION     W (290)
  AVERAGE WIND SPEED     9.6


SKY COVER
  AVERAGE SKY COVER 0.3


WEATHER CONDITIONS
 THE FOLLOWING WEATHER WAS RECORDED YESTERDAY.
  THUNDERSTORM
  HEAVY RAIN
  RAIN
  LIGHT RAIN
  FOG


RELATIVE HUMIDITY (PERCENT)
 HIGHEST   100           600 PM
 LOWEST     59          1200 PM
 AVERAGE    80

..........................................................


THE TOPEKA KS CLIMATE NORMALS FOR TODAY
                         NORMAL    RECORD    YEAR
 MAXIMUM TEMPERATURE (F)   89       109      1939
 MINIMUM TEMPERATURE (F)   68        52      1908


SUNRISE AND SUNSET
JULY  7 2015..........SUNRISE   604 AM CDT   SUNSET   851 PM CDT
JULY  8 2015..........SUNRISE   604 AM CDT   SUNSET   851 PM CDT


-  INDICATES NEGATIVE NUMBERS.
R  INDICATES RECORD WAS SET OR TIED.
MM INDICATES DATA IS MISSING.
T  INDICATES TRACE AMOUNT.




$$
