000
CDUS43 KTOP 270644
CLITOP


CLIMATE REPORT
NATIONAL WEATHER SERVICE TOPEKA KS
143 AM CDT FRI MAY 27 2016


...................................

...THE TOPEKA KS CLIMATE SUMMARY FOR MAY 26 2016...

CLIMATE NORMAL PERIOD 1981 TO 2010
CLIMATE RECORD PERIOD 1887 TO 2016


WEATHER ITEM   OBSERVED TIME   RECORD YEAR NORMAL DEPARTURE LAST
                VALUE   (LST)  VALUE       VALUE  FROM      YEAR
                                                  NORMAL
..................................................................
TEMPERATURE (F)
 YESTERDAY
  MAXIMUM         81   1237 PM  95    1964  79      2       79
                                      1953
  MINIMUM         62   1051 PM  40    1901  57      5       60
  AVERAGE         72                        68      4       70

PRECIPITATION (IN)
  YESTERDAY        2.80          3.22 1996   0.16   2.64     0.18
  MONTH TO DATE    7.96                      4.12   3.84     9.01
  SINCE MAR 1     17.18                     10.14   7.04    12.18
  SINCE JAN 1     18.45                     12.32   6.13    14.17

SNOWFALL (IN)
  YESTERDAY        0.0           T    1953   0.0    0.0      0.0
  MONTH TO DATE    T                         0.0    0.0      0.0
  SINCE JAN 1      3.7                      11.3   -7.6      7.9
  SINCE JUL 1      4.9                      17.8  -12.9     10.3
  SNOW DEPTH       0

DEGREE DAYS
 HEATING
  YESTERDAY        0                         2     -2        0
  MONTH TO DATE  113                        92     21       87
  SINCE MAR 1    750                      1042   -292      868
  SINCE JUL 1   4002                      5009  -1007     4869

 COOLING
  YESTERDAY        7                         5      2        5
  MONTH TO DATE   47                        73    -26       64
  SINCE MAR 1     65                       101    -36       69
  SINCE JAN 1     65                       101    -36       69
..................................................................


WIND (MPH)
  HIGHEST WIND SPEED    43   HIGHEST WIND DIRECTION    NW (320)
  HIGHEST GUST SPEED    55   HIGHEST GUST DIRECTION    NW (310)
  AVERAGE WIND SPEED    11.1


SKY COVER
  AVERAGE SKY COVER 0.8


WEATHER CONDITIONS
 THE FOLLOWING WEATHER WAS RECORDED YESTERDAY.
  THUNDERSTORM
  HEAVY RAIN
  RAIN
  LIGHT RAIN
  HAIL
  FOG
  HAZE


RELATIVE HUMIDITY (PERCENT)
 HIGHEST    93           800 AM
 LOWEST     74           100 PM
 AVERAGE    84

..........................................................


THE TOPEKA KS CLIMATE NORMALS FOR TODAY
                         NORMAL    RECORD    YEAR
 MAXIMUM TEMPERATURE (F)   79        92      2006
 MINIMUM TEMPERATURE (F)   58        37      1907


SUNRISE AND SUNSET
MAY 27 2016...........SUNRISE   601 AM CDT   SUNSET   839 PM CDT
MAY 28 2016...........SUNRISE   600 AM CDT   SUNSET   840 PM CDT


-  INDICATES NEGATIVE NUMBERS.
R  INDICATES RECORD WAS SET OR TIED.
MM INDICATES DATA IS MISSING.
T  INDICATES TRACE AMOUNT.




$$
