000
CDUS45 KCYS 310329
CLITOR


CLIMATE REPORT
NATIONAL WEATHER SERVICE CHEYENNE WY
929 PM MDT MON MAY 30 2016


...................................

...THE TORRINGTON WY AIRPORT CLIMATE SUMMARY FOR MAY 30 2016...
VALID TODAY AS OF 0900 PM LOCAL TIME.

CLIMATE NORMAL PERIOD 1981 TO 2010
CLIMATE RECORD PERIOD 1998 TO 2016


WEATHER ITEM   OBSERVED TIME   RECORD YEAR NORMAL DEPARTURE LAST
                VALUE   (LST)  VALUE       VALUE  FROM      YEAR
                                                  NORMAL
..................................................................
TEMPERATURE (F)
 TODAY
  MAXIMUM         79   1247 PM  96    2002  75      4       71
  MINIMUM         46    514 AM  37    2004  46      0       46
  AVERAGE         63                        61      2       59

PRECIPITATION (IN)
  TODAY            0.11          0.96 2005   0.14  -0.03     0.00
  MONTH TO DATE    2.60                      2.33   0.27     6.87
  SINCE JAN 1      8.04                      5.34   2.70    10.97

DEGREE DAYS
 HEATING
  TODAY            2                         6     -4        6
  MONTH TO DATE  317                       274     43      388
  SINCE MAR 1   1561                      1662   -101     1546
  SINCE JUL 1   5878                      6506   -628     6260

 COOLING
  TODAY            0                         1     -1        0
  MONTH TO DATE    0                         8     -8        0
  SINCE MAR 1      0                         9     -9        0
  SINCE JAN 1      0                         9     -9        0
..................................................................


WIND (MPH)
  HIGHEST WIND SPEED    41   HIGHEST WIND DIRECTION    NW (310)
  HIGHEST GUST SPEED    52   HIGHEST GUST DIRECTION    NW (310)
  AVERAGE WIND SPEED     7.0


SKY COVER
  AVERAGE SKY COVER 0.1


WEATHER CONDITIONS
 THE FOLLOWING WEATHER WAS RECORDED TODAY.
  RAIN
  LIGHT RAIN
  HAZE


RELATIVE HUMIDITY (PERCENT)
 HIGHEST    86           500 AM
 LOWEST     27           200 PM
 AVERAGE    57

..........................................................


THE TORRINGTON WY AIRPORT CLIMATE NORMALS FOR TOMORROW
                         NORMAL    RECORD    YEAR
 MAXIMUM TEMPERATURE (F)   76        92      2002
 MINIMUM TEMPERATURE (F)   47        33      2004


SUNRISE AND SUNSET
MAY 30 2016...........SUNRISE   524 AM MDT   SUNSET   825 PM MDT
MAY 31 2016...........SUNRISE   524 AM MDT   SUNSET   826 PM MDT


-  INDICATES NEGATIVE NUMBERS.
R  INDICATES RECORD WAS SET OR TIED.
MM INDICATES DATA IS MISSING.
T  INDICATES TRACE AMOUNT.




$$
