000
CDUS42 KTBW 232214
CLITPA


CLIMATE REPORT
NATIONAL WEATHER SERVICE TAMPA BAY FL
511 PM EST SUN NOV 23 2014


...................................

...THE TAMPA CLIMATE SUMMARY FOR NOVEMBER 23 2014...
VALID TODAY AS OF 0500 PM LOCAL TIME.

CLIMATE NORMAL PERIOD 1981 TO 2010
CLIMATE RECORD PERIOD 1890 TO 2014


WEATHER ITEM   OBSERVED TIME   RECORD YEAR NORMAL DEPARTURE LAST
                VALUE   (LST)  VALUE       VALUE  FROM      YEAR
                                                  NORMAL
..................................................................
TEMPERATURE (F)
 TODAY
  MAXIMUM         83   1233 PM  86    1958  77      6       81
  MINIMUM         70    215 AM  37    1981  59     11       64
                                      1976
  AVERAGE         77                        68      9       73

PRECIPITATION (IN)
  TODAY            0.01          2.26 1988   0.04  -0.03     0.00
  MONTH TO DATE    1.48                      1.14   0.34     0.77
  SINCE SEP 1     12.57                      9.70   2.87     8.96
  SINCE JAN 1     52.52                     43.42   9.10    51.48

DEGREE DAYS
 HEATING
  TODAY            0                         2     -2        0
  MONTH TO DATE   63                        26     37        5
  SINCE SEP 1     63                        30     33        5
  SINCE JUL 1     63                        30     33        5

 COOLING
  TODAY           12                         4      8        8
  MONTH TO DATE   54                       137    -83      183
  SINCE SEP 1    887                       988   -101     1087
  SINCE JAN 1   3404                      3503    -99     3724
..................................................................


WIND (MPH)
  RESULTANT WIND SPEED   9   RESULTANT WIND DIRECTION   S (160)
  HIGHEST WIND SPEED    18   HIGHEST WIND DIRECTION     S (190)
  HIGHEST GUST SPEED    27   HIGHEST GUST DIRECTION    SE (150)
  AVERAGE WIND SPEED     9.7


SKY COVER
  POSSIBLE SUNSHINE  MM
  AVERAGE SKY COVER 0.9


WEATHER CONDITIONS
 THE FOLLOWING WEATHER WAS RECORDED TODAY.
  LIGHT RAIN
  FOG


RELATIVE HUMIDITY (PERCENT)
 HIGHEST    90           200 AM
 LOWEST     65          1200 PM

..........................................................


THE TAMPA CLIMATE NORMALS FOR TOMORROW
                         NORMAL    RECORD    YEAR
 MAXIMUM TEMPERATURE (F)   76        88      1958
 MINIMUM TEMPERATURE (F)   59        31      1970


SUNRISE AND SUNSET
NOVEMBER 23 2014......SUNRISE   658 AM EST   SUNSET   535 PM EST
NOVEMBER 24 2014......SUNRISE   659 AM EST   SUNSET   535 PM EST


-  INDICATES NEGATIVE NUMBERS.
R  INDICATES RECORD WAS SET OR TIED.
MM INDICATES DATA IS MISSING.
T  INDICATES TRACE AMOUNT.




$$


&&
------------------------------------------------------------------
******************** SUPPLEMENTAL DATA ***************************

...RUSKIN                HIGH 84    LOW 70    PCPN 0.02
...SARASOTA/BRADENTON    HIGH 83    LOW 71    PCPN T
...LAKELAND              HIGH 84    LOW 70    PCPN 0.03
...ST. PETERSBURG        HIGH 82    LOW 67    PCPN T
...GULF WATER TEMPERATURE AT CLEARWATER BEACH 64
