000
CDUS42 KTBW 202218
CLITPA


CLIMATE REPORT
NATIONAL WEATHER SERVICE TAMPA BAY FL
516 PM EST MON NOV 20 2017


...................................

...THE TAMPA CLIMATE SUMMARY FOR NOVEMBER 20 2017...
VALID TODAY AS OF 0500 PM LOCAL TIME.

CLIMATE NORMAL PERIOD 1981 TO 2010
CLIMATE RECORD PERIOD 1890 TO 2017


WEATHER ITEM   OBSERVED TIME   RECORD YEAR NORMAL DEPARTURE LAST
                VALUE   (LST)  VALUE       VALUE  FROM      YEAR
                                                  NORMAL
..................................................................
TEMPERATURE (F)
 TODAY
  MAXIMUM         80    345 PM  86    2011  77      3       70
  MINIMUM         51    726 AM  35    1914  59     -8       50
  AVERAGE         66                        68     -2       60

PRECIPITATION (IN)
  TODAY            0.00          1.67 1952   0.04  -0.04     0.00
  MONTH TO DATE    0.04                      1.00  -0.96     0.01
  SINCE SEP 1      9.77                      9.56   0.21     5.70
  SINCE JAN 1     43.39                     43.28   0.11    52.13

DEGREE DAYS
 HEATING
  TODAY            0                         2     -2        5
  MONTH TO DATE    0                        20    -20        5
  SINCE SEP 1      8                        24    -16        5
  SINCE JUL 1      8                        24    -16        5

 COOLING
  TODAY            1                         5     -4        0
  MONTH TO DATE  157                       123     34      144
  SINCE SEP 1   1139                       974    165     1126
  SINCE JAN 1   4221                      3489    732     3912
..................................................................


WIND (MPH)
  RESULTANT WIND SPEED   7   RESULTANT WIND DIRECTION  NE (40)
  HIGHEST WIND SPEED    13   HIGHEST WIND DIRECTION     E (80)
  HIGHEST GUST SPEED    19   HIGHEST GUST DIRECTION    NE (60)
  AVERAGE WIND SPEED     8.5


SKY COVER
  POSSIBLE SUNSHINE  MM
  AVERAGE SKY COVER 0.2


WEATHER CONDITIONS
 THE FOLLOWING WEATHER WAS RECORDED TODAY.
  NO SIGNIFICANT WEATHER WAS OBSERVED.


RELATIVE HUMIDITY (PERCENT)
 HIGHEST    67          1200 AM
 LOWEST     39           300 PM

..........................................................


THE TAMPA CLIMATE NORMALS FOR TOMORROW
                         NORMAL    RECORD    YEAR
 MAXIMUM TEMPERATURE (F)   77        86      2011
                                             1948
 MINIMUM TEMPERATURE (F)   59        32      1914


SUNRISE AND SUNSET
NOVEMBER 20 2017......SUNRISE   656 AM EST   SUNSET   536 PM EST
NOVEMBER 21 2017......SUNRISE   657 AM EST   SUNSET   535 PM EST


-  INDICATES NEGATIVE NUMBERS.
R  INDICATES RECORD WAS SET OR TIED.
MM INDICATES DATA IS MISSING.
T  INDICATES TRACE AMOUNT.




$$


&&
------------------------------------------------------------------
******************** SUPPLEMENTAL DATA ***************************

...RUSKIN                HIGH 80    LOW 47    PCPN 0.00
...SARASOTA/BRADENTON    HIGH 79    LOW 50    PCPN 0.00
...LAKELAND*             HIGH 79    LOW 48    PCPN 0.00
...ST. PETERSBURG        HIGH 74    LOW 56    PCPN 0.00
...GULF WATER TEMPERATURE AT CLEARWATER BEACH 69 DEGREES

*LAKELAND DATA IS FROM 4:30 PM SUNDAY TO 4:30 PM MONDAY
AND MAY REFLECT YESTERDAYS RAINFALL AND HIGH TEMPERATURE.
