000
CDUS42 KTBW 262118
CLITPA


CLIMATE REPORT
NATIONAL WEATHER SERVICE TAMPA BAY FL
517 PM EDT WED JUL 26 2017


...................................

...THE TAMPA CLIMATE SUMMARY FOR JULY 26 2017...
VALID TODAY AS OF 0500 PM LOCAL TIME.

CLIMATE NORMAL PERIOD 1981 TO 2010
CLIMATE RECORD PERIOD 1890 TO 2017


WEATHER ITEM   OBSERVED TIME   RECORD YEAR NORMAL DEPARTURE LAST
                VALUE   (LST)  VALUE       VALUE  FROM      YEAR
                                                  NORMAL
..................................................................
TEMPERATURE (F)
 TODAY
  MAXIMUM         93    359 PM  95    1993  90      3       92
                                      1963
                                      1931
  MINIMUM         79    545 AM  69    1929  76      3       75
                                      1904
  AVERAGE         86                        83      3       84

PRECIPITATION (IN)
  TODAY            0.00          4.04 1964   0.23  -0.23     1.34
  MONTH TO DATE    5.38                      5.95  -0.57     4.57
  SINCE JUN 1     13.28                     12.63   0.65    16.05
  SINCE JAN 1     19.30                     24.83  -5.53    31.95

DEGREE DAYS
 HEATING
  TODAY            0                         0      0        0
  MONTH TO DATE    0                         0      0        0
  SINCE JUN 1      0                         0      0        0
  SINCE JUL 1      0                         0      0        0

 COOLING
  TODAY           21                        18      3       19
  MONTH TO DATE  505                       468     37      522
  SINCE JUN 1   1041                       984     57     1073
  SINCE JAN 1   2357                      1861    496     2093
..................................................................


WIND (MPH)
  RESULTANT WIND SPEED   3   RESULTANT WIND DIRECTION   W (260)
  HIGHEST WIND SPEED    12   HIGHEST WIND DIRECTION     W (290)
  HIGHEST GUST SPEED    17   HIGHEST GUST DIRECTION     W (270)
  AVERAGE WIND SPEED     3.7


SKY COVER
  POSSIBLE SUNSHINE  MM
  AVERAGE SKY COVER 0.4


WEATHER CONDITIONS
 THE FOLLOWING WEATHER WAS RECORDED TODAY.
  HAZE


RELATIVE HUMIDITY (PERCENT)
 HIGHEST    85           400 AM
 LOWEST     44          1200 PM

..........................................................


THE TAMPA CLIMATE NORMALS FOR TOMORROW
                         NORMAL    RECORD    YEAR
 MAXIMUM TEMPERATURE (F)   90        97      1996
 MINIMUM TEMPERATURE (F)   76        69      1955
                                             1909


SUNRISE AND SUNSET
JULY 26 2017..........SUNRISE   650 AM EDT   SUNSET   823 PM EDT
JULY 27 2017..........SUNRISE   650 AM EDT   SUNSET   823 PM EDT


-  INDICATES NEGATIVE NUMBERS.
R  INDICATES RECORD WAS SET OR TIED.
MM INDICATES DATA IS MISSING.
T  INDICATES TRACE AMOUNT.




$$


&&
------------------------------------------------------------------
******************** SUPPLEMENTAL DATA ***************************

...RUSKIN                HIGH 94    LOW 76    PCPN 0.00
...SARASOTA/BRADENTON    HIGH 93    LOW 77    PCPN 0.00
...LAKELAND*             HIGH 96    LOW 76    PCPN 0.00
...ST. PETERSBURG        HIGH 94    LOW 83    PCPN 0.00
...GULF WATER TEMPERATURE AT CLEARWATER BEACH 89 DEGREES

*LAKELAND DATA IS FROM 4:30 PM TUESDAY TO 4:30 PM WEDNESDAY
AND MAY REFLECT YESTERDAYS RAINFALL AND HIGH TEMPERATURE.
