000
CDUS42 KTBW 242116
CLITPA


CLIMATE REPORT
NATIONAL WEATHER SERVICE TAMPA BAY FL
513 PM EDT SUN MAY 24 2015


...................................

...THE TAMPA CLIMATE SUMMARY FOR MAY 24 2015...
VALID TODAY AS OF 0500 PM LOCAL TIME.

CLIMATE NORMAL PERIOD 1981 TO 2010
CLIMATE RECORD PERIOD 1890 TO 2015


WEATHER ITEM   OBSERVED TIME   RECORD YEAR NORMAL DEPARTURE LAST
                VALUE   (LST)  VALUE       VALUE  FROM      YEAR
                                                  NORMAL
..................................................................
TEMPERATURE (F)
 TODAY
  MAXIMUM         92    142 PM  96    2012  89      3       89
  MINIMUM         75    618 AM  60    1892  72      3       73
  AVERAGE         84                        80      4       81

PRECIPITATION (IN)
  TODAY            0.06          2.57 1979   0.08  -0.02     0.00
  MONTH TO DATE    3.18                      1.43   1.75     3.58
  SINCE MAR 1      9.03                      6.49   2.54     9.42
  SINCE JAN 1     17.33                     11.53   5.80    14.37

DEGREE DAYS
 HEATING
  TODAY            0                         0      0        0
  MONTH TO DATE    0                         0      0        0
  SINCE MAR 1     12                        67    -55       48
  SINCE JUL 1    467                       538    -71      444

 COOLING
  TODAY           19                        15      4       16
  MONTH TO DATE  369                       308     61      302
  SINCE MAR 1   1034                       655    379      615
  SINCE JAN 1   1101                       768    333      719
..................................................................


WIND (MPH)
  RESULTANT WIND SPEED   5   RESULTANT WIND DIRECTION   E (80)
  HIGHEST WIND SPEED    26   HIGHEST WIND DIRECTION     E (80)
  HIGHEST GUST SPEED    36   HIGHEST GUST DIRECTION     E (80)
  AVERAGE WIND SPEED     6.4


SKY COVER
  POSSIBLE SUNSHINE  MM
  AVERAGE SKY COVER 0.5


WEATHER CONDITIONS
 THE FOLLOWING WEATHER WAS RECORDED TODAY.
  THUNDERSTORM
  RAIN
  HAZE


RELATIVE HUMIDITY (PERCENT)
 HIGHEST    87           400 AM
 LOWEST     44           100 PM

..........................................................


THE TAMPA CLIMATE NORMALS FOR TOMORROW
                         NORMAL    RECORD    YEAR
 MAXIMUM TEMPERATURE (F)   89        96      2012
 MINIMUM TEMPERATURE (F)   72        58      1892


SUNRISE AND SUNSET
MAY 24 2015...........SUNRISE   636 AM EDT   SUNSET   818 PM EDT
MAY 25 2015...........SUNRISE   636 AM EDT   SUNSET   818 PM EDT


-  INDICATES NEGATIVE NUMBERS.
R  INDICATES RECORD WAS SET OR TIED.
MM INDICATES DATA IS MISSING.
T  INDICATES TRACE AMOUNT.




$$


&&
------------------------------------------------------------------
******************** SUPPLEMENTAL DATA ***************************

...RUSKIN                HIGH 93    LOW 74    PCPN 0.02
...SARASOTA/BRADENTON    HIGH 92    LOW 73    PCPN 0.50
...LAKELAND              HIGH 95    LOW 75    PCPN 0.08
...ST. PETERSBURG        HIGH 89    LOW 78    PCPN T
...GULF WATER TEMPERATURE AT CLEARWATER BEACH 85
