000
CDUS42 KTBW 230828
CLITPA


CLIMATE REPORT
NATIONAL WEATHER SERVICE TAMPA BAY FL
427 AM EDT THU OCT 23 2014


...................................

...THE TAMPA CLIMATE SUMMARY FOR OCTOBER 22 2014...

CLIMATE NORMAL PERIOD 1981 TO 2010
CLIMATE RECORD PERIOD 1890 TO 2014


WEATHER ITEM   OBSERVED TIME   RECORD YEAR NORMAL DEPARTURE LAST
                VALUE   (LST)  VALUE       VALUE  FROM      YEAR
                                                  NORMAL
..................................................................
TEMPERATURE (F)
 YESTERDAY
  MAXIMUM         86    240 PM  91    1990  83      3       86
  MINIMUM         68    656 AM  48    1989  66      2       73
                                      1964
                                      1913
  AVERAGE         77                        75      2       80

PRECIPITATION (IN)
  YESTERDAY        0.00          1.10 1947   0.06  -0.06     0.12
  MONTH TO DATE    1.52                      1.79  -0.27     0.82
  SINCE SEP 1     11.09                      8.09   3.00     8.19
  SINCE JAN 1     51.04                     41.81   9.23    50.71

DEGREE DAYS
 HEATING
  YESTERDAY        0                         0      0        0
  MONTH TO DATE    0                         0      0        0
  SINCE SEP 1      0                         0      0        0
  SINCE JUL 1      0                         0      0        0

 COOLING
  YESTERDAY       12                        10      2       15
  MONTH TO DATE  277                       271      6      323
  SINCE SEP 1    766                       772     -6      838
  SINCE JAN 1   3283                      3287     -4     3475
..................................................................


WIND (MPH)
  RESULTANT WIND SPEED   4   RESULTANT WIND DIRECTION   N (20)
  HIGHEST WIND SPEED    14   HIGHEST WIND DIRECTION    NE (50)
  HIGHEST GUST SPEED    20   HIGHEST GUST DIRECTION    NE (40)
  AVERAGE WIND SPEED     6.2


SKY COVER
  POSSIBLE SUNSHINE  MM
  AVERAGE SKY COVER 0.6


WEATHER CONDITIONS
 THE FOLLOWING WEATHER WAS RECORDED YESTERDAY.
  NO SIGNIFICANT WEATHER WAS OBSERVED.


RELATIVE HUMIDITY (PERCENT)
 HIGHEST    84          1200 AM
 LOWEST     37           300 PM
 AVERAGE    61

..........................................................


THE TAMPA CLIMATE NORMALS FOR TODAY
                         NORMAL    RECORD    YEAR
 MAXIMUM TEMPERATURE (F)   83        89      1985
 MINIMUM TEMPERATURE (F)   66        47      1898


SUNRISE AND SUNSET
OCTOBER 23 2014.......SUNRISE   735 AM EDT   SUNSET   653 PM EDT
OCTOBER 24 2014.......SUNRISE   736 AM EDT   SUNSET   652 PM EDT


-  INDICATES NEGATIVE NUMBERS.
R  INDICATES RECORD WAS SET OR TIED.
MM INDICATES DATA IS MISSING.
T  INDICATES TRACE AMOUNT.




$$


&&
------------------------------------------------------------------
******************** SUPPLEMENTAL DATA ***************************

...RUSKIN                HIGH 86    LOW 66    PCPN 0.00
...SARASOTA/BRADENTON    HIGH 86    LOW 69    PCPN 0.00
...ST. PETERSBURG        HIGH 83    LOW 73    PCPN 0.00
...GULF WATER TEMPERATURE AT CLEARWATER BEACH 81
