000
CDUS42 KTBW 212118
CLITPA


CLIMATE REPORT
NATIONAL WEATHER SERVICE TAMPA BAY FL
516 PM EDT THU SEP 21 2017


...................................

...THE TAMPA CLIMATE SUMMARY FOR SEPTEMBER 21 2017...
VALID TODAY AS OF 0500 PM LOCAL TIME.

CLIMATE NORMAL PERIOD 1981 TO 2010
CLIMATE RECORD PERIOD 1890 TO 2017


WEATHER ITEM   OBSERVED TIME   RECORD YEAR NORMAL DEPARTURE LAST
                VALUE   (LST)  VALUE       VALUE  FROM      YEAR
                                                  NORMAL
..................................................................
TEMPERATURE (F)
 TODAY
  MAXIMUM         93    303 PM  95    1990  89      4       91
                                      1960
                                      1942
  MINIMUM         76    650 AM  59    1897  74      2       79
  AVERAGE         85                        81      4       85

PRECIPITATION (IN)
  TODAY            0.00          4.40 1897   0.18  -0.18      T
  MONTH TO DATE    6.46                      4.84   1.62     3.44
  SINCE SEP 1      6.46                      4.84   1.62     3.44
  SINCE JAN 1     40.08                     38.56   1.52    49.87

DEGREE DAYS
 HEATING
  TODAY            0                         0      0        0
  MONTH TO DATE    0                         0      0        0
  SINCE SEP 1      0                         0      0        0
  SINCE JUL 1      0                         0      0        0

 COOLING
  TODAY           20                        16      4       20
  MONTH TO DATE  384                       363     21      404
  SINCE SEP 1    384                       363     21      404
  SINCE JAN 1   3466                      2878    588     3190
..................................................................


WIND (MPH)
  RESULTANT WIND SPEED   4   RESULTANT WIND DIRECTION   E (70)
  HIGHEST WIND SPEED    10   HIGHEST WIND DIRECTION    NE (30)
  HIGHEST GUST SPEED    15   HIGHEST GUST DIRECTION    NE (30)
  AVERAGE WIND SPEED     4.7


SKY COVER
  POSSIBLE SUNSHINE  MM
  AVERAGE SKY COVER 0.4


WEATHER CONDITIONS
 THE FOLLOWING WEATHER WAS RECORDED TODAY.
  NO SIGNIFICANT WEATHER WAS OBSERVED.


RELATIVE HUMIDITY (PERCENT)
 HIGHEST    82           400 AM
 LOWEST     41           400 PM

..........................................................


THE TAMPA CLIMATE NORMALS FOR TOMORROW
                         NORMAL    RECORD    YEAR
 MAXIMUM TEMPERATURE (F)   88        94      1993
                                             1988
                                             1933
 MINIMUM TEMPERATURE (F)   74        54      1897


SUNRISE AND SUNSET
SEPTEMBER 21 2017.....SUNRISE   718 AM EDT   SUNSET   727 PM EDT
SEPTEMBER 22 2017.....SUNRISE   719 AM EDT   SUNSET   726 PM EDT


-  INDICATES NEGATIVE NUMBERS.
R  INDICATES RECORD WAS SET OR TIED.
MM INDICATES DATA IS MISSING.
T  INDICATES TRACE AMOUNT.




$$


&&
------------------------------------------------------------------
******************** SUPPLEMENTAL DATA ***************************

...RUSKIN                HIGH 92    LOW 73    PCPN 0.00
...SARASOTA/BRADENTON    HIGH 91    LOW 75    PCPN 0.00
...LAKELAND*             HIGH 91    LOW 72    PCPN 0.03
...ST. PETERSBURG        HIGH 91    LOW 79    PCPN 0.00
...GULF WATER TEMPERATURE AT CLEARWATER BEACH 85 DEGREES

*LAKELAND DATA IS FROM 4:30 PM WEDNESDAY TO 4:30 PM THURSDAY
AND MAY REFLECT YESTERDAYS RAINFALL AND HIGH TEMPERATURE.
