000
CDUS42 KTBW 032251
CLITPA


CLIMATE REPORT
NATIONAL WEATHER SERVICE TAMPA BAY FL
551 PM EST TUE MAR 3 2015


...................................

...THE TAMPA CLIMATE SUMMARY FOR MARCH 3 2015...
VALID TODAY AS OF 0500 PM LOCAL TIME.

CLIMATE NORMAL PERIOD 1981 TO 2010
CLIMATE RECORD PERIOD 1890 TO 2015


WEATHER ITEM   OBSERVED TIME   RECORD YEAR NORMAL DEPARTURE LAST
                VALUE   (LST)  VALUE       VALUE  FROM      YEAR
                                                  NORMAL
..................................................................
TEMPERATURE (F)
 TODAY
  MAXIMUM         85R   335 PM  85    1976  75     10       77
                                      1961
  MINIMUM         65    714 AM  29    1980  57      8       61
  AVERAGE         75                        66      9       69

PRECIPITATION (IN)
  TODAY            0.00          1.17 1919   0.09  -0.09     0.00
  MONTH TO DATE    0.02                      0.28  -0.26     0.00
  SINCE MAR 1      0.02                      0.28  -0.26     0.00
  SINCE JAN 1      8.32                      5.32   3.00     4.95

DEGREE DAYS
 HEATING
  TODAY            0                         3     -3        0
  MONTH TO DATE    0                         9     -9        3
  SINCE MAR 1      0                         9     -9        3
  SINCE JUL 1    455                       480    -25      399

 COOLING
  TODAY           10                         3      7        4
  MONTH TO DATE   28                         9     19        6
  SINCE MAR 1     28                         9     19        6
  SINCE JAN 1     95                       122    -27      110
..................................................................


WIND (MPH)
  RESULTANT WIND SPEED   3   RESULTANT WIND DIRECTION  SE (120)
  HIGHEST WIND SPEED    13   HIGHEST WIND DIRECTION     S (160)
  HIGHEST GUST SPEED    18   HIGHEST GUST DIRECTION    SE (150)
  AVERAGE WIND SPEED     5.1


SKY COVER
  POSSIBLE SUNSHINE  MM
  AVERAGE SKY COVER 0.6


WEATHER CONDITIONS
 THE FOLLOWING WEATHER WAS RECORDED TODAY.
  FOG
  FOG W/VISIBILITY <= 1/4 MILE


RELATIVE HUMIDITY (PERCENT)
 HIGHEST   100           500 AM
 LOWEST     47           300 PM

..........................................................


THE TAMPA CLIMATE NORMALS FOR TOMORROW
                         NORMAL    RECORD    YEAR
 MAXIMUM TEMPERATURE (F)   75        88      1961
 MINIMUM TEMPERATURE (F)   57        31      1943


SUNRISE AND SUNSET
MARCH  3 2015.........SUNRISE   653 AM EST   SUNSET   632 PM EST
MARCH  4 2015.........SUNRISE   652 AM EST   SUNSET   632 PM EST


-  INDICATES NEGATIVE NUMBERS.
R  INDICATES RECORD WAS SET OR TIED.
MM INDICATES DATA IS MISSING.
T  INDICATES TRACE AMOUNT.




$$
