000
CDUS42 KTBW 262115
CLITPA


CLIMATE REPORT
NATIONAL WEATHER SERVICE TAMPA BAY FL
512 PM EDT THU MAR 26 2015


...................................

...THE TAMPA CLIMATE SUMMARY FOR MARCH 26 2015...
VALID TODAY AS OF 0500 PM LOCAL TIME.

CLIMATE NORMAL PERIOD 1981 TO 2010
CLIMATE RECORD PERIOD 1890 TO 2015


WEATHER ITEM   OBSERVED TIME   RECORD YEAR NORMAL DEPARTURE LAST
                VALUE   (LST)  VALUE       VALUE  FROM      YEAR
                                                  NORMAL
..................................................................
TEMPERATURE (F)
 TODAY
  MAXIMUM         84    200 PM  90    1949  78      6       65
  MINIMUM         64    200 AM  42    1956  60      4       45
  AVERAGE         74                        69      5       55

PRECIPITATION (IN)
  TODAY            0.00          2.23 1952   0.10  -0.10     0.00
  MONTH TO DATE    0.47                      2.55  -2.08     3.17
  SINCE MAR 1      0.47                      2.55  -2.08     3.17
  SINCE JAN 1      8.77                      7.59   1.18     8.12

DEGREE DAYS
 HEATING
  TODAY            0                         1     -1       10
  MONTH TO DATE    4                        52    -48       40
  SINCE MAR 1      4                        52    -48       40
  SINCE JUL 1    459                       523    -64      436

 COOLING
  TODAY            9                         5      4        0
  MONTH TO DATE  253                       100    153       67
  SINCE MAR 1    253                       100    153       67
  SINCE JAN 1    320                       213    107      171
..................................................................


WIND (MPH)
  RESULTANT WIND SPEED   8   RESULTANT WIND DIRECTION   S (170)
  HIGHEST WIND SPEED    18   HIGHEST WIND DIRECTION     S (190)
  HIGHEST GUST SPEED    24   HIGHEST GUST DIRECTION     S (190)
  AVERAGE WIND SPEED    10.3


SKY COVER
  POSSIBLE SUNSHINE  MM
  AVERAGE SKY COVER 0.7


WEATHER CONDITIONS
 THE FOLLOWING WEATHER WAS RECORDED TODAY.
  FOG


RELATIVE HUMIDITY (PERCENT)
 HIGHEST   100           400 AM
 LOWEST     55           200 PM

..........................................................


THE TAMPA CLIMATE NORMALS FOR TOMORROW
                         NORMAL    RECORD    YEAR
 MAXIMUM TEMPERATURE (F)   78        89      1929
 MINIMUM TEMPERATURE (F)   60        39      1894


SUNRISE AND SUNSET
MARCH 26 2015.........SUNRISE   728 AM EDT   SUNSET   745 PM EDT
MARCH 27 2015.........SUNRISE   726 AM EDT   SUNSET   745 PM EDT


-  INDICATES NEGATIVE NUMBERS.
R  INDICATES RECORD WAS SET OR TIED.
MM INDICATES DATA IS MISSING.
T  INDICATES TRACE AMOUNT.




$$


&&
------------------------------------------------------------------
******************** SUPPLEMENTAL DATA ***************************

...RUSKIN                HIGH 87    LOW 65    PCPN 0.00
...SARASOTA/BRADENTON    HIGH 84    LOW 65    PCPN 0.00
...LAKELAND              HIGH  M    LOW  M    PCPN 0.00
...ST. PETERSBURG        HIGH 83    LOW 71    PCPN 0.00

...GULF WATER TEMPERATURE AT CLEARWATER BEACH 76
