000
CDUS42 KTBW 072116
CLITPA


CLIMATE REPORT
NATIONAL WEATHER SERVICE TAMPA BAY FL
510 PM EDT TUE JUL 7 2015


...................................

...THE TAMPA CLIMATE SUMMARY FOR JULY 7 2015...
VALID TODAY AS OF 0500 PM LOCAL TIME.

CLIMATE NORMAL PERIOD 1981 TO 2010
CLIMATE RECORD PERIOD 1890 TO 2015


WEATHER ITEM   OBSERVED TIME   RECORD YEAR NORMAL DEPARTURE LAST
                VALUE   (LST)  VALUE       VALUE  FROM      YEAR
                                                  NORMAL
..................................................................
TEMPERATURE (F)
 TODAY
  MAXIMUM         90    105 PM  97    1995  90      0       85
  MINIMUM         77    307 AM  67    1947  76      1       74
  AVERAGE         84                        83      1       80

PRECIPITATION (IN)
  TODAY            0.00          4.46 1998   0.25  -0.25      T
  MONTH TO DATE    1.44                      1.77  -0.33     2.06
  SINCE JUN 1      7.67                      8.45  -0.78     3.83
  SINCE JAN 1     28.56                     20.65   7.91    23.16

DEGREE DAYS
 HEATING
  TODAY            0                         0      0        0
  MONTH TO DATE    0                         0      0        0
  SINCE JUN 1      0                         0      0        0
  SINCE JUL 1      0                         0      0        0

 COOLING
  TODAY           19                        18      1       15
  MONTH TO DATE  135                       126      9      122
  SINCE JUN 1    678                       642     36      648
  SINCE JAN 1   1899                      1519    380     1471
..................................................................


WIND (MPH)
  RESULTANT WIND SPEED   2   RESULTANT WIND DIRECTION  SW (230)
  HIGHEST WIND SPEED    17   HIGHEST WIND DIRECTION    NW (330)
  HIGHEST GUST SPEED    21   HIGHEST GUST DIRECTION    NW (330)
  AVERAGE WIND SPEED     3.2


SKY COVER
  POSSIBLE SUNSHINE  MM
  AVERAGE SKY COVER 0.4


WEATHER CONDITIONS
 THE FOLLOWING WEATHER WAS RECORDED TODAY.
  NO SIGNIFICANT WEATHER WAS OBSERVED.


RELATIVE HUMIDITY (PERCENT)
 HIGHEST    79           400 AM
 LOWEST     52          1200 PM

..........................................................


THE TAMPA CLIMATE NORMALS FOR TOMORROW
                         NORMAL    RECORD    YEAR
 MAXIMUM TEMPERATURE (F)   90        96      1902
 MINIMUM TEMPERATURE (F)   76        69      1964


SUNRISE AND SUNSET
JULY  7 2015..........SUNRISE   640 AM EDT   SUNSET   830 PM EDT
JULY  8 2015..........SUNRISE   640 AM EDT   SUNSET   830 PM EDT


-  INDICATES NEGATIVE NUMBERS.
R  INDICATES RECORD WAS SET OR TIED.
MM INDICATES DATA IS MISSING.
T  INDICATES TRACE AMOUNT.




$$


&&
------------------------------------------------------------------
******************** SUPPLEMENTAL DATA ***************************

...RUSKIN                HIGH 89    LOW 73    PCPN 0.00
...SARASOTA/BRADENTON    HIGH 89    LOW 73    PCPN 0.07
...LAKELAND              HIGH 91    LOW 74    PCPN 0.03
...ST. PETERSBURG        HIGH 89    LOW 77    PCPN 1.80
...GULF WATER TEMPERATURE AT CLEARWATER BEACH 88
