000
CDUS42 KTBW 280828
CLITPA


CLIMATE REPORT
NATIONAL WEATHER SERVICE TAMPA BAY FL
426 AM EDT THU AUG 28 2014


...................................

...THE TAMPA CLIMATE SUMMARY FOR AUGUST 27 2014...

CLIMATE NORMAL PERIOD 1981 TO 2010
CLIMATE RECORD PERIOD 1890 TO 2014


WEATHER ITEM   OBSERVED TIME   RECORD YEAR NORMAL DEPARTURE LAST
                VALUE   (LST)  VALUE       VALUE  FROM      YEAR
                                                  NORMAL
..................................................................
TEMPERATURE (F)
 YESTERDAY
  MAXIMUM         94    400 PM  95    1947  90      4       91
  MINIMUM         76    701 AM  67    1921  76      0       75
  AVERAGE         85                        83      2       83

PRECIPITATION (IN)
  YESTERDAY        0.00          2.90 1949   0.24  -0.24      T
  MONTH TO DATE    5.42                      6.78  -1.36    11.45
  SINCE JUN 1     19.87                     20.53  -0.66    32.94
  SINCE JAN 1     39.20                     32.73   6.47    42.06

DEGREE DAYS
 HEATING
  YESTERDAY        0                         0      0        0
  MONTH TO DATE    0                         0      0        0
  SINCE JUN 1      0                         0      0        0
  SINCE JUL 1      0                         0      0        0

 COOLING
  YESTERDAY       20                        18      2       18
  MONTH TO DATE  522                       486     36      518
  SINCE JUN 1   1612                      1560     52     1590
  SINCE JAN 1   2435                      2437     -2     2565
..................................................................


WIND (MPH)
  RESULTANT WIND SPEED   6   RESULTANT WIND DIRECTION  NE (50)
  HIGHEST WIND SPEED    12   HIGHEST WIND DIRECTION     E (90)
  HIGHEST GUST SPEED    17   HIGHEST GUST DIRECTION     E (70)
  AVERAGE WIND SPEED     6.1


SKY COVER
  POSSIBLE SUNSHINE  MM
  AVERAGE SKY COVER 0.5


WEATHER CONDITIONS
 THE FOLLOWING WEATHER WAS RECORDED YESTERDAY.
  NO SIGNIFICANT WEATHER WAS OBSERVED.


RELATIVE HUMIDITY (PERCENT)
 HIGHEST    87           500 AM
 LOWEST     41           300 PM
 AVERAGE    64

..........................................................


THE TAMPA CLIMATE NORMALS FOR TODAY
                         NORMAL    RECORD    YEAR
 MAXIMUM TEMPERATURE (F)   90        97      1960
 MINIMUM TEMPERATURE (F)   76        68      1984


SUNRISE AND SUNSET
AUGUST 28 2014........SUNRISE   707 AM EDT   SUNSET   755 PM EDT
AUGUST 29 2014........SUNRISE   707 AM EDT   SUNSET   754 PM EDT


-  INDICATES NEGATIVE NUMBERS.
R  INDICATES RECORD WAS SET OR TIED.
MM INDICATES DATA IS MISSING.
T  INDICATES TRACE AMOUNT.




$$


&&
------------------------------------------------------------------
******************** SUPPLEMENTAL DATA ***************************

...RUSKIN                HIGH 95    LOW 74    PCPN 0.15
...SARASOTA/BRADENTON    HIGH 95    LOW 74    PCPN 0.00
...ST. PETERSBURG        HIGH 94    LOW 80    PCPN 0.03
...GULF WATER TEMPERATURE AT CLEARWATER BEACH 86
