000
CDUS45 KLKN 050928
CLITPH


CLIMATE REPORT
NATIONAL WEATHER SERVICE ELKO NV
127 AM PST THU MAR 5 2015


...................................

...THE TONOPAH AIRPORT NV CLIMATE SUMMARY FOR MARCH 4 2015...

CLIMATE NORMAL PERIOD 1981 TO 2010
CLIMATE RECORD PERIOD 1954 TO 2015


WEATHER ITEM   OBSERVED TIME   RECORD YEAR NORMAL DEPARTURE LAST
                VALUE   (LST)  VALUE       VALUE  FROM      YEAR
                                                  NORMAL
..................................................................
TEMPERATURE (F)
 YESTERDAY
  MAXIMUM         50    421 PM  70    1986  54     -4       58
  MINIMUM         20    648 AM   9    2006  27     -7       34
  AVERAGE         35                        41     -6       46

PRECIPITATION (IN)
  YESTERDAY        0.00          0.25 1978   0.02  -0.02     0.00
  MONTH TO DATE    0.26                      0.09   0.17      T
  SINCE OCT 1      0.92                      2.19  -1.27     1.12
  SINCE JAN 1      0.44                      1.10  -0.66     0.66

DEGREE DAYS
 HEATING
  YESTERDAY       30                        24      6       19
  MONTH TO DATE  120                        99     21       95
  SINCE MAR 1    120                        99     21       95
  SINCE JUL 1   3242                      4141   -899     3868

 COOLING
  YESTERDAY        0                         0      0        0
  MONTH TO DATE    0                         0      0        0
  SINCE MAR 1      0                         0      0        0
  SINCE JAN 1      0                         0      0        0
..................................................................


WIND (MPH)
  HIGHEST WIND SPEED    16   HIGHEST WIND DIRECTION    NE (30)
  HIGHEST GUST SPEED    23   HIGHEST GUST DIRECTION     W (280)
  AVERAGE WIND SPEED     9.6



WEATHER CONDITIONS
 THE FOLLOWING WEATHER WAS RECORDED YESTERDAY.
  NO SIGNIFICANT WEATHER WAS OBSERVED.


RELATIVE HUMIDITY (PERCENT)
 HIGHEST    68           400 AM
 LOWEST     16           400 PM
 AVERAGE    42

..........................................................


THE TONOPAH AIRPORT NV CLIMATE NORMALS FOR TODAY
                         NORMAL    RECORD    YEAR
 MAXIMUM TEMPERATURE (F)   54        73      1972
 MINIMUM TEMPERATURE (F)   28        12      1985


SUNRISE AND SUNSET
MARCH  5 2015.........SUNRISE   615 AM PST   SUNSET   546 PM PST
MARCH  6 2015.........SUNRISE   613 AM PST   SUNSET   547 PM PST


-  INDICATES NEGATIVE NUMBERS.
R  INDICATES RECORD WAS SET OR TIED.
MM INDICATES DATA IS MISSING.
T  INDICATES TRACE AMOUNT.




$$
