000
CDUS45 KLKN 270930
CLITPH


CLIMATE REPORT
NATIONAL WEATHER SERVICE ELKO NV
127 AM PST TUE JAN 27 2015


...................................

...THE TONOPAH AIRPORT NV CLIMATE SUMMARY FOR JANUARY 26 2015...

CLIMATE NORMAL PERIOD 1981 TO 2010
CLIMATE RECORD PERIOD 1954 TO 2015


WEATHER ITEM   OBSERVED TIME   RECORD YEAR NORMAL DEPARTURE LAST
                VALUE   (LST)  VALUE       VALUE  FROM      YEAR
                                                  NORMAL
..................................................................
TEMPERATURE (F)
 YESTERDAY
  MAXIMUM         65R   240 PM  62    1975  46     19       56
                                      1971
  MINIMUM         32    518 AM   7    2001  21     11       21
                                      1979
  AVERAGE         49                        33     16       39

PRECIPITATION (IN)
  YESTERDAY        0.02          0.49 1961   0.01   0.01     0.00
  MONTH TO DATE    0.02                      0.40  -0.38     0.00
  SINCE OCT 1      0.50                      1.49  -0.99     0.46
  SINCE JAN 1      0.02                      0.40  -0.38     0.00

DEGREE DAYS
 HEATING
  YESTERDAY       16                        32    -16       26
  MONTH TO DATE  662                       851   -189      672
  SINCE DEC 1   1552                      1879   -327     1723
  SINCE JUL 1   2465                      3096   -631     2950

 COOLING
  YESTERDAY        0                         0      0        0
  MONTH TO DATE    0                         0      0        0
  SINCE DEC 1      0                         0      0        0
  SINCE JAN 1      0                         0      0        0
..................................................................


WIND (MPH)
  HIGHEST WIND SPEED    24   HIGHEST WIND DIRECTION     S (160)
  HIGHEST GUST SPEED    31   HIGHEST GUST DIRECTION     S (160)
  AVERAGE WIND SPEED     8.3



WEATHER CONDITIONS
 THE FOLLOWING WEATHER WAS RECORDED YESTERDAY.
  LIGHT RAIN


RELATIVE HUMIDITY (PERCENT)
 HIGHEST    56           500 AM
 LOWEST     19           200 PM
 AVERAGE    38

..........................................................


THE TONOPAH AIRPORT NV CLIMATE NORMALS FOR TODAY
                         NORMAL    RECORD    YEAR
 MAXIMUM TEMPERATURE (F)   46        63      1971
 MINIMUM TEMPERATURE (F)   21        -3      1957
                                             1955


SUNRISE AND SUNSET
JANUARY 27 2015.......SUNRISE   657 AM PST   SUNSET   506 PM PST
JANUARY 28 2015.......SUNRISE   656 AM PST   SUNSET   507 PM PST


-  INDICATES NEGATIVE NUMBERS.
R  INDICATES RECORD WAS SET OR TIED.
MM INDICATES DATA IS MISSING.
T  INDICATES TRACE AMOUNT.




$$
