000
CDUS45 KLKN 240028
CLITPH


CLIMATE REPORT
NATIONAL WEATHER SERVICE ELKO NV
528 PM PDT TUE SEP 23 2014


...................................

...THE TONOPAH AIRPORT NV CLIMATE SUMMARY FOR SEPTEMBER 23 2014...
VALID TODAY AS OF 0500 PM LOCAL TIME.

CLIMATE NORMAL PERIOD 1981 TO 2010
CLIMATE RECORD PERIOD 1954 TO 2014


WEATHER ITEM   OBSERVED TIME   RECORD YEAR NORMAL DEPARTURE LAST
                VALUE   (LST)  VALUE       VALUE  FROM      YEAR
                                                  NORMAL
..................................................................
TEMPERATURE (F)
 TODAY
  MAXIMUM         83    342 PM  88    2003  78      5       75
                                      1974
  MINIMUM         52    601 AM  35    2006  46      6       42
  AVERAGE         68                        62      6       59

PRECIPITATION (IN)
  TODAY            0.00          0.43 1990   0.01  -0.01     0.00
  MONTH TO DATE    0.65                      0.30   0.35     1.38
  SINCE OCT 1      4.13                      5.16  -1.03     5.25
  SINCE JAN 1      3.67                      4.07  -0.40     4.03

DEGREE DAYS
 HEATING
  TODAY            0                         4     -4        6
  MONTH TO DATE    1                        48    -47       25
  SINCE SEP 1      1                        48    -47       25
  SINCE JUL 1      1                        54    -53       25

 COOLING
  TODAY            3                         1      2        0
  MONTH TO DATE  132                        64     68      121
  SINCE SEP 1    132                        64     68      121
  SINCE JAN 1    995                       777    218     1042
..................................................................


WIND (MPH)
  HIGHEST WIND SPEED    20   HIGHEST WIND DIRECTION     S (190)
  HIGHEST GUST SPEED    25   HIGHEST GUST DIRECTION     S (190)



WEATHER CONDITIONS
 THE FOLLOWING WEATHER WAS RECORDED TODAY.
  NO SIGNIFICANT WEATHER WAS OBSERVED.


RELATIVE HUMIDITY (PERCENT)
 HIGHEST    71           600 AM
 LOWEST     14           200 PM
 AVERAGE    43

..........................................................


THE TONOPAH AIRPORT NV CLIMATE NORMALS FOR TOMORROW
                         NORMAL    RECORD    YEAR
 MAXIMUM TEMPERATURE (F)   78        89      2003
 MINIMUM TEMPERATURE (F)   45        30      1986


SUNRISE AND SUNSET
SEPTEMBER 23 2014.....SUNRISE   637 AM PDT   SUNSET   644 PM PDT
SEPTEMBER 24 2014.....SUNRISE   638 AM PDT   SUNSET   642 PM PDT


-  INDICATES NEGATIVE NUMBERS.
R  INDICATES RECORD WAS SET OR TIED.
MM INDICATES DATA IS MISSING.
T  INDICATES TRACE AMOUNT.




$$
