715
CDUS45 KLKN 300939
CLITPH


CLIMATE REPORT
NATIONAL WEATHER SERVICE ELKO NV
236 AM PDT SAT JUL 30 2016


...................................

...THE TONOPAH AIRPORT NV CLIMATE SUMMARY FOR JULY 29 2016...

CLIMATE NORMAL PERIOD 1981 TO 2010
CLIMATE RECORD PERIOD 1954 TO 2016


WEATHER ITEM   OBSERVED TIME   RECORD YEAR NORMAL DEPARTURE LAST
                VALUE   (LST)  VALUE       VALUE  FROM      YEAR
                                                  NORMAL
..................................................................
TEMPERATURE (F)
 YESTERDAY
  MAXIMUM        102R   239 PM 100    1991  92     10       93
  MINIMUM         69    539 AM  49    1983  58     11       59
  AVERAGE         86                        75     11       76

PRECIPITATION (IN)
  YESTERDAY        T             0.17 2014   0.02  -0.02     0.00
  MONTH TO DATE    0.08                      0.41  -0.33     0.11
  SINCE OCT 1      5.74                      4.31   1.43     2.66
  SINCE JAN 1      2.36                      3.22  -0.86     2.18

DEGREE DAYS
 HEATING
  YESTERDAY        0                         0      0        0
  MONTH TO DATE    0                         0      0        0
  SINCE JUN 1     10                        50    -40        6
  SINCE JUL 1      0                         0      0        0

 COOLING
  YESTERDAY       21                        10     11       11
  MONTH TO DATE  347                       278     69      244
  SINCE JUN 1    617                       423    194      535
  SINCE JAN 1    625                       450    175      558
..................................................................


WIND (MPH)
  HIGHEST WIND SPEED    29   HIGHEST WIND DIRECTION    NW (310)
  HIGHEST GUST SPEED    38   HIGHEST GUST DIRECTION    NW (320)
  AVERAGE WIND SPEED     8.2



WEATHER CONDITIONS
 THE FOLLOWING WEATHER WAS RECORDED YESTERDAY.
  LIGHT RAIN


RELATIVE HUMIDITY (PERCENT)
 HIGHEST    38          1100 PM
 LOWEST     10           100 PM
 AVERAGE    24

..........................................................


THE TONOPAH AIRPORT NV CLIMATE NORMALS FOR TODAY
                         NORMAL    RECORD    YEAR
 MAXIMUM TEMPERATURE (F)   92       100      2000
                                             1971
 MINIMUM TEMPERATURE (F)   58        51      2001
                                             1998
                                             1987


SUNRISE AND SUNSET
JULY 30 2016..........SUNRISE   550 AM PDT   SUNSET   759 PM PDT
JULY 31 2016..........SUNRISE   551 AM PDT   SUNSET   758 PM PDT


-  INDICATES NEGATIVE NUMBERS.
R  INDICATES RECORD WAS SET OR TIED.
MM INDICATES DATA IS MISSING.
T  INDICATES TRACE AMOUNT.




$$
