000
CDUS45 KLKN 010931
CLITPH


CLIMATE REPORT
NATIONAL WEATHER SERVICE ELKO NV
230 AM PDT MON SEP 1 2014


...................................

...THE TONOPAH AIRPORT NV CLIMATE SUMMARY FOR AUGUST 31 2014...

CLIMATE NORMAL PERIOD 1981 TO 2010
CLIMATE RECORD PERIOD 1954 TO 2014


WEATHER ITEM   OBSERVED TIME   RECORD YEAR NORMAL DEPARTURE LAST
                VALUE   (LST)  VALUE       VALUE  FROM      YEAR
                                                  NORMAL
..................................................................
TEMPERATURE (F)
 YESTERDAY
  MAXIMUM         88    324 PM  96    1996  86      2       85
  MINIMUM         59    549 AM  43    1980  53      6       62
                                      1964
  AVERAGE         74                        70      4       74

PRECIPITATION (IN)
  YESTERDAY        0.00          0.15 1972   0.01  -0.01     0.05
  MONTH TO DATE    0.77                      0.51   0.26     0.79
  SINCE OCT 1      3.48                      4.86  -1.38     3.87
  SINCE JAN 1      3.02                      3.77  -0.75     2.65

DEGREE DAYS
 HEATING
  YESTERDAY        0                         1     -1        0
  MONTH TO DATE    0                         1     -1        0
  SINCE JUN 1     15                        56    -41        3
  SINCE JUL 1      0                         6     -6        0

 COOLING
  YESTERDAY        9                         5      4        9
  MONTH TO DATE  211                       238    -27      247
  SINCE JUN 1    829                       686    143      898
  SINCE JAN 1    863                       713    150      921
..................................................................


WIND (MPH)
  HIGHEST WIND SPEED    24   HIGHEST WIND DIRECTION     N (350)
  HIGHEST GUST SPEED    29   HIGHEST GUST DIRECTION     N (350)
  AVERAGE WIND SPEED     9.7



WEATHER CONDITIONS
 THE FOLLOWING WEATHER WAS RECORDED YESTERDAY.
  NO SIGNIFICANT WEATHER WAS OBSERVED.


RELATIVE HUMIDITY (PERCENT)
 HIGHEST    25           600 AM
 LOWEST      9           300 PM
 AVERAGE    17

..........................................................


THE TONOPAH AIRPORT NV CLIMATE NORMALS FOR TODAY
                         NORMAL    RECORD    YEAR
 MAXIMUM TEMPERATURE (F)   86        95      1955
 MINIMUM TEMPERATURE (F)   52        39      1999


SUNRISE AND SUNSET
SEPTEMBER  1 2014.....SUNRISE   618 AM PDT   SUNSET   718 PM PDT
SEPTEMBER  2 2014.....SUNRISE   619 AM PDT   SUNSET   716 PM PDT


-  INDICATES NEGATIVE NUMBERS.
R  INDICATES RECORD WAS SET OR TIED.
MM INDICATES DATA IS MISSING.
T  INDICATES TRACE AMOUNT.




$$
