000
CDUS45 KLKN 240945
CLITPH


CLIMATE REPORT
NATIONAL WEATHER SERVICE ELKO NV
245 AM PDT SUN SEP 4  2017


...................................

...THE TONOPAH AIRPORT NV CLIMATE SUMMARY FOR SEPTEMBER 23 2017...

CLIMATE NORMAL PERIOD 1981 TO 2010
CLIMATE RECORD PERIOD 1954 TO 2017


WEATHER ITEM   OBSERVED TIME   RECORD YEAR NORMAL DEPARTURE LAST
                VALUE   (LST)  VALUE       VALUE  FROM      YEAR
                                                  NORMAL
..................................................................
TEMPERATURE (F)
 YESTERDAY
  MAXIMUM         58        MM  88    2003  78    -20       62
                                      1974
  MINIMUM         35R       MM  35    2006  46    -11       41
  AVERAGE         47                        62    -15       52

PRECIPITATION (IN)
  YESTERDAY        0.00          0.43 1990   0.01  -0.01      T
  MONTH TO DATE    0.09                      0.30  -0.21     1.21
  SINCE OCT 1      4.04                      5.16  -1.12     6.95
  SINCE JAN 1      3.51                      4.07  -0.56     3.57

DEGREE DAYS
 HEATING
  YESTERDAY       18                         4     14       13
  MONTH TO DATE   69                        48     21       58
  SINCE SEP 1     69                        48     21       58
  SINCE JUL 1     69                        54     15       58

 COOLING
  YESTERDAY        0                         1     -1        0
  MONTH TO DATE  117                        64     53       58
  SINCE SEP 1    117                        64     53       58
  SINCE JAN 1   1222                       777    445     1021
..................................................................


WIND (MPH)
  HIGHEST WIND SPEED    21   HIGHEST WIND DIRECTION     N (360)
  HIGHEST GUST SPEED    27   HIGHEST GUST DIRECTION    NW (330)
  AVERAGE WIND SPEED    11.9



WEATHER CONDITIONS
 THE FOLLOWING WEATHER WAS RECORDED YESTERDAY.
  NO SIGNIFICANT WEATHER WAS OBSERVED.


RELATIVE HUMIDITY (PERCENT)
 HIGHEST   100          1200 AM
 LOWEST     43           200 PM
 AVERAGE    72

..........................................................


THE TONOPAH AIRPORT NV CLIMATE NORMALS FOR TODAY
                         NORMAL    RECORD    YEAR
 MAXIMUM TEMPERATURE (F)   78        89      2003
 MINIMUM TEMPERATURE (F)   45        30      1986


SUNRISE AND SUNSET
SEPTEMBER 24 2017.....SUNRISE   638 AM PDT   SUNSET   642 PM PDT
SEPTEMBER 25 2017.....SUNRISE   639 AM PDT   SUNSET   640 PM PDT


-  INDICATES NEGATIVE NUMBERS.
R  INDICATES RECORD WAS SET OR TIED.
MM INDICATES DATA IS MISSING.
T  INDICATES TRACE AMOUNT.




$$
