000
CDUS45 KLKN 170031
CLITPH


CLIMATE REPORT
NATIONAL WEATHER SERVICE ELKO NV
531 PM PDT WED APR 16 2014


...................................

...THE TONOPAH AIRPORT NV CLIMATE SUMMARY FOR APRIL 16 2014...
VALID TODAY AS OF 0500 PM LOCAL TIME.

CLIMATE NORMAL PERIOD 1981 TO 2010
CLIMATE RECORD PERIOD 1954 TO 2014


WEATHER ITEM   OBSERVED TIME   RECORD YEAR NORMAL DEPARTURE LAST
                VALUE   (LST)  VALUE       VALUE  FROM      YEAR
                                                  NORMAL
..................................................................
TEMPERATURE (F)
 TODAY
  MAXIMUM         71    202 PM  85    1987  64      7       46
  MINIMUM         42    511 AM  21    1976  35      7       30
  AVERAGE         57                        49      8       38

PRECIPITATION (IN)
  TODAY            0.00          0.12 1995   0.02  -0.02     0.00
  MONTH TO DATE    0.01                      0.24  -0.23     0.15
  SINCE OCT 1      1.16                      2.91  -1.75     1.98
  SINCE JAN 1      0.70                      1.82  -1.12     0.76

DEGREE DAYS
 HEATING
  TODAY            8                        16     -8       27
  MONTH TO DATE  227                       280    -53      232
  SINCE MAR 1    841                       965   -124      758
  SINCE JUL 1   4614                      5007   -393     4592

 COOLING
  TODAY            0                         0      0        0
  MONTH TO DATE    0                         0      0        0
  SINCE MAR 1      0                         0      0        0
  SINCE JAN 1      0                         0      0        0
..................................................................


WIND (MPH)
  HIGHEST WIND SPEED    24   HIGHEST WIND DIRECTION    NW (330)
  HIGHEST GUST SPEED    35   HIGHEST GUST DIRECTION    NW (320)



WEATHER CONDITIONS
 THE FOLLOWING WEATHER WAS RECORDED TODAY.
  NO SIGNIFICANT WEATHER WAS OBSERVED.


RELATIVE HUMIDITY (PERCENT)
 HIGHEST    36           600 AM
 LOWEST     15           200 PM
 AVERAGE    26

..........................................................


THE TONOPAH AIRPORT NV CLIMATE NORMALS FOR TOMORROW
                         NORMAL    RECORD    YEAR
 MAXIMUM TEMPERATURE (F)   65        84      1989
 MINIMUM TEMPERATURE (F)   35        22      1978


SUNRISE AND SUNSET
APRIL 16 2014.........SUNRISE   611 AM PDT   SUNSET   725 PM PDT
APRIL 17 2014.........SUNRISE   610 AM PDT   SUNSET   726 PM PDT


-  INDICATES NEGATIVE NUMBERS.
R  INDICATES RECORD WAS SET OR TIED.
MM INDICATES DATA IS MISSING.
T  INDICATES TRACE AMOUNT.




$$
