000
CDUS45 KLKN 230935
CLITPH


CLIMATE REPORT
NATIONAL WEATHER SERVICE ELKO NV
231 AM PDT WED APR 23 2014


...................................

...THE TONOPAH AIRPORT NV CLIMATE SUMMARY FOR APRIL 22 2014...

CLIMATE NORMAL PERIOD 1981 TO 2010
CLIMATE RECORD PERIOD 1954 TO 2014


WEATHER ITEM   OBSERVED TIME   RECORD YEAR NORMAL DEPARTURE LAST
                VALUE   (LST)  VALUE       VALUE  FROM      YEAR
                                                  NORMAL
..................................................................
TEMPERATURE (F)
 YESTERDAY
  MAXIMUM         66    849 AM  86    2012  66      0       71
  MINIMUM         39   1055 PM  19    1963  36      3       43
  AVERAGE         53                        51      2       57

PRECIPITATION (IN)
  YESTERDAY        0.00          0.30 1955   0.01  -0.01     0.00
  MONTH TO DATE    0.01                      0.31  -0.30     0.15
  SINCE OCT 1      1.16                      2.98  -1.82     1.98
  SINCE JAN 1      0.70                      1.89  -1.19     0.76

DEGREE DAYS
 HEATING
  YESTERDAY       12                        14     -2        8
  MONTH TO DATE  263                       367   -104      329
  SINCE MAR 1    877                      1052   -175      855
  SINCE JUL 1   4650                      5094   -444     4689

 COOLING
  YESTERDAY        0                         0      0        0
  MONTH TO DATE    0                         0      0        0
  SINCE MAR 1      0                         0      0        0
  SINCE JAN 1      0                         0      0        0
..................................................................


WIND (MPH)
  HIGHEST WIND SPEED    46   HIGHEST WIND DIRECTION    NW (300)
  HIGHEST GUST SPEED    57   HIGHEST GUST DIRECTION    NW (300)
  AVERAGE WIND SPEED    19.8



WEATHER CONDITIONS
 THE FOLLOWING WEATHER WAS RECORDED YESTERDAY.
  HAZE


RELATIVE HUMIDITY (PERCENT)
 HIGHEST    34          1100 PM
 LOWEST      4           300 PM
 AVERAGE    19

..........................................................


THE TONOPAH AIRPORT NV CLIMATE NORMALS FOR TODAY
                         NORMAL    RECORD    YEAR
 MAXIMUM TEMPERATURE (F)   67        84      2012
 MINIMUM TEMPERATURE (F)   37        20      1961


SUNRISE AND SUNSET
APRIL 23 2014.........SUNRISE   602 AM PDT   SUNSET   732 PM PDT
APRIL 24 2014.........SUNRISE   601 AM PDT   SUNSET   733 PM PDT


-  INDICATES NEGATIVE NUMBERS.
R  INDICATES RECORD WAS SET OR TIED.
MM INDICATES DATA IS MISSING.
T  INDICATES TRACE AMOUNT.




$$
