000
CDUS45 KLKN 280026
CLITPH


CLIMATE REPORT
NATIONAL WEATHER SERVICE ELKO NV
526 PM PDT SAT AUG 27 2016


...................................

...THE TONOPAH AIRPORT NV CLIMATE SUMMARY FOR AUGUST 27 2016...
VALID TODAY AS OF 0500 PM LOCAL TIME.

CLIMATE NORMAL PERIOD 1981 TO 2010
CLIMATE RECORD PERIOD 1954 TO 2016


WEATHER ITEM   OBSERVED TIME   RECORD YEAR NORMAL DEPARTURE LAST
                VALUE   (LST)  VALUE       VALUE  FROM      YEAR
                                                  NORMAL
..................................................................
TEMPERATURE (F)
 TODAY
  MAXIMUM         88    350 PM  96    2011  88      0       91
                                      2001
  MINIMUM         54    540 AM  42    1990  54      0       59
                                      1963
                                      1954
  AVERAGE         71                        70      1       75

PRECIPITATION (IN)
  TODAY            0.00          0.35 2000   0.02  -0.02     0.00
                                      1970
  MONTH TO DATE    T                         0.45  -0.45     0.22
  SINCE OCT 1      5.74                      4.80   0.94     2.88
  SINCE JAN 1      2.36                      3.71  -1.35     2.40

DEGREE DAYS
 HEATING
  TODAY            0                         0      0        0
  MONTH TO DATE    0                         0      0        0
  SINCE JUN 1     10                        52    -42        6
  SINCE JUL 1      0                         2     -2        0

 COOLING
  TODAY            6                         6      0       10
  MONTH TO DATE  269                       217     52      281
  SINCE JUN 1    918                       665    253      841
  SINCE JAN 1    926                       692    234      864
..................................................................


WIND (MPH)
  HIGHEST WIND SPEED    17   HIGHEST WIND DIRECTION    NW (330)
  HIGHEST GUST SPEED    23   HIGHEST GUST DIRECTION     N (350)



WEATHER CONDITIONS
 THE FOLLOWING WEATHER WAS RECORDED TODAY.
  NO SIGNIFICANT WEATHER WAS OBSERVED.


RELATIVE HUMIDITY (PERCENT)
 HIGHEST    35           900 AM
 LOWEST      8           300 PM
 AVERAGE    22

..........................................................


THE TONOPAH AIRPORT NV CLIMATE NORMALS FOR TOMORROW
                         NORMAL    RECORD    YEAR
 MAXIMUM TEMPERATURE (F)   87        97      2001
 MINIMUM TEMPERATURE (F)   53        45      1980
                                             1975
                                             1963


SUNRISE AND SUNSET
AUGUST 27 2016........SUNRISE   614 AM PDT   SUNSET   724 PM PDT
AUGUST 28 2016........SUNRISE   615 AM PDT   SUNSET   723 PM PDT


-  INDICATES NEGATIVE NUMBERS.
R  INDICATES RECORD WAS SET OR TIED.
MM INDICATES DATA IS MISSING.
T  INDICATES TRACE AMOUNT.




$$
