000
CDUS45 KLKN 100932
CLITPH


CLIMATE REPORT
NATIONAL WEATHER SERVICE ELKO NV
131 AM PST SAT DEC 10 2016


...................................

...THE TONOPAH AIRPORT NV CLIMATE SUMMARY FOR DECEMBER 9 2016...

CLIMATE NORMAL PERIOD 1981 TO 2010
CLIMATE RECORD PERIOD 1954 TO 2016


WEATHER ITEM   OBSERVED TIME   RECORD YEAR NORMAL DEPARTURE LAST
                VALUE   (LST)  VALUE       VALUE  FROM      YEAR
                                                  NORMAL
..................................................................
TEMPERATURE (F)
 YESTERDAY
  MAXIMUM         45    251 PM  61    1979  45      0       57
                                      1962
  MINIMUM         22   1208 AM  -1    2009  20      2       31
  AVERAGE         34                        32      2       44

PRECIPITATION (IN)
  YESTERDAY        0.00          0.18 1996   0.01  -0.01     0.00
  MONTH TO DATE    0.00                      0.10  -0.10     0.00
  SINCE OCT 1      0.20                      0.88  -0.68     3.31
  SINCE JAN 1      3.77                      5.03  -1.26     5.78

DEGREE DAYS
 HEATING
  YESTERDAY       31                        33     -2       21
  MONTH TO DATE  288                       287      1      249
  SINCE DEC 1    288                       287      1      249
  SINCE JUL 1   1305                      1504   -199     1323

 COOLING
  YESTERDAY        0                         0      0        0
  MONTH TO DATE    0                         0      0        0
  SINCE DEC 1      0                         0      0        0
  SINCE JAN 1   1022                       783    239     1034
..................................................................


WIND (MPH)
  HIGHEST WIND SPEED    13   HIGHEST WIND DIRECTION     N (20)
  HIGHEST GUST SPEED    15   HIGHEST GUST DIRECTION    SE (150)
  AVERAGE WIND SPEED     5.8



WEATHER CONDITIONS
 THE FOLLOWING WEATHER WAS RECORDED YESTERDAY.
  NO SIGNIFICANT WEATHER WAS OBSERVED.


RELATIVE HUMIDITY (PERCENT)
 HIGHEST    84          1000 PM
 LOWEST     51           900 AM
 AVERAGE    68

..........................................................


THE TONOPAH AIRPORT NV CLIMATE NORMALS FOR TODAY
                         NORMAL    RECORD    YEAR
 MAXIMUM TEMPERATURE (F)   45        62      1987
 MINIMUM TEMPERATURE (F)   20         2      2013


SUNRISE AND SUNSET
DECEMBER 10 2016......SUNRISE   654 AM PST   SUNSET   429 PM PST
DECEMBER 11 2016......SUNRISE   655 AM PST   SUNSET   429 PM PST


-  INDICATES NEGATIVE NUMBERS.
R  INDICATES RECORD WAS SET OR TIED.
MM INDICATES DATA IS MISSING.
T  INDICATES TRACE AMOUNT.




$$
