000
CDUS45 KLKN 270929
CLITPH


CLIMATE REPORT
NATIONAL WEATHER SERVICE ELKO NV
128 AM PST SAT DEC 27 2014


...................................

...THE TONOPAH AIRPORT NV CLIMATE SUMMARY FOR DECEMBER 26 2014...

CLIMATE NORMAL PERIOD 1981 TO 2010
CLIMATE RECORD PERIOD 1954 TO 2014


WEATHER ITEM   OBSERVED TIME   RECORD YEAR NORMAL DEPARTURE LAST
                VALUE   (LST)  VALUE       VALUE  FROM      YEAR
                                                  NORMAL
..................................................................
TEMPERATURE (F)
 YESTERDAY
  MAXIMUM         32    118 PM  63    1980  44    -12       53
  MINIMUM         15   1121 PM  -1    1962  19     -4       19
  AVERAGE         24                        31     -7       36

PRECIPITATION (IN)
  YESTERDAY        T             0.15 1977   0.01  -0.01     0.00
  MONTH TO DATE    0.35                      0.26   0.09     0.04
  SINCE OCT 1      0.48                      1.04  -0.56     0.46
  SINCE JAN 1      4.19                      5.19  -1.00     4.49

DEGREE DAYS
 HEATING
  YESTERDAY       41                        34      7       29
  MONTH TO DATE  696                       860   -164      911
  SINCE DEC 1    696                       860   -164      911
  SINCE JUL 1   1609                      2077   -468     2138

 COOLING
  YESTERDAY        0                         0      0        0
  MONTH TO DATE    0                         0      0        0
  SINCE DEC 1      0                         0      0        0
  SINCE JAN 1   1004                       783    221     1042
..................................................................


WIND (MPH)
  HIGHEST WIND SPEED    25   HIGHEST WIND DIRECTION     N (360)
  HIGHEST GUST SPEED    30   HIGHEST GUST DIRECTION    NW (330)
  AVERAGE WIND SPEED    12.7



WEATHER CONDITIONS
 THE FOLLOWING WEATHER WAS RECORDED YESTERDAY.
  NO SIGNIFICANT WEATHER WAS OBSERVED.


RELATIVE HUMIDITY (PERCENT)
 HIGHEST    62           400 AM
 LOWEST     39          1100 AM
 AVERAGE    51

..........................................................


THE TONOPAH AIRPORT NV CLIMATE NORMALS FOR TODAY
                         NORMAL    RECORD    YEAR
 MAXIMUM TEMPERATURE (F)   44        58      1980
                                             1956
 MINIMUM TEMPERATURE (F)   19        -4      1988


SUNRISE AND SUNSET
DECEMBER 27 2014......SUNRISE   703 AM PST   SUNSET   436 PM PST
DECEMBER 28 2014......SUNRISE   704 AM PST   SUNSET   436 PM PST


-  INDICATES NEGATIVE NUMBERS.
R  INDICATES RECORD WAS SET OR TIED.
MM INDICATES DATA IS MISSING.
T  INDICATES TRACE AMOUNT.




$$
