832
CDUS45 KLKN 290931
CLITPH


CLIMATE REPORT
NATIONAL WEATHER SERVICE ELKO NV
228 AM PDT THU SEP 29 2016


...................................

...THE TONOPAH AIRPORT NV CLIMATE SUMMARY FOR SEPTEMBER 28 2016...

CLIMATE NORMAL PERIOD 1981 TO 2010
CLIMATE RECORD PERIOD 1954 TO 2016


WEATHER ITEM   OBSERVED TIME   RECORD YEAR NORMAL DEPARTURE LAST
                VALUE   (LST)  VALUE       VALUE  FROM      YEAR
                                                  NORMAL
..................................................................
TEMPERATURE (F)
 YESTERDAY
  MAXIMUM         80   1213 PM  91    2010  76      4       80
  MINIMUM         50    609 AM  29    1971  44      6       53
  AVERAGE         65                        60      5       67

PRECIPITATION (IN)
  YESTERDAY        T             0.18 1994   0.02  -0.02     0.00
  MONTH TO DATE    1.21                      0.36   0.85     0.07
  SINCE OCT 1      6.95                      5.22   1.73     2.95
  SINCE JAN 1      3.57                      4.13  -0.56     2.47

DEGREE DAYS
 HEATING
  YESTERDAY        0                         6     -6        0
  MONTH TO DATE   67                        73     -6       20
  SINCE SEP 1     67                        73     -6       20
  SINCE JUL 1     67                        79    -12       20

 COOLING
  YESTERDAY        0                         0      0        2
  MONTH TO DATE   59                        68     -9      115
  SINCE SEP 1     59                        68     -9      115
  SINCE JAN 1   1022                       781    241     1020
..................................................................


WIND (MPH)
  HIGHEST WIND SPEED    28   HIGHEST WIND DIRECTION     E (110)
  HIGHEST GUST SPEED    33   HIGHEST GUST DIRECTION     E (110)
  AVERAGE WIND SPEED     8.4



WEATHER CONDITIONS
 THE FOLLOWING WEATHER WAS RECORDED YESTERDAY.
  NO SIGNIFICANT WEATHER WAS OBSERVED.


RELATIVE HUMIDITY (PERCENT)
 HIGHEST    62           800 PM
 LOWEST     18          1200 PM
 AVERAGE    40

..........................................................


THE TONOPAH AIRPORT NV CLIMATE NORMALS FOR TODAY
                         NORMAL    RECORD    YEAR
 MAXIMUM TEMPERATURE (F)   75        91      2010
 MINIMUM TEMPERATURE (F)   44        29      1971


SUNRISE AND SUNSET
SEPTEMBER 29 2016.....SUNRISE   643 AM PDT   SUNSET   633 PM PDT
SEPTEMBER 30 2016.....SUNRISE   644 AM PDT   SUNSET   632 PM PDT


-  INDICATES NEGATIVE NUMBERS.
R  INDICATES RECORD WAS SET OR TIED.
MM INDICATES DATA IS MISSING.
T  INDICATES TRACE AMOUNT.




$$
