000
CDUS45 KLKN 200931
CLITPH


CLIMATE REPORT
NATIONAL WEATHER SERVICE ELKO NV
229 AM PDT MON OCT 20 2014


...................................

...THE TONOPAH AIRPORT NV CLIMATE SUMMARY FOR OCTOBER 19 2014...

CLIMATE NORMAL PERIOD 1981 TO 2010
CLIMATE RECORD PERIOD 1954 TO 2014


WEATHER ITEM   OBSERVED TIME   RECORD YEAR NORMAL DEPARTURE LAST
                VALUE   (LST)  VALUE       VALUE  FROM      YEAR
                                                  NORMAL
..................................................................
TEMPERATURE (F)
 YESTERDAY
  MAXIMUM         76    153 PM  80    1958  67      9       70
  MINIMUM         42    555 AM  23    1971  36      6       32
  AVERAGE         59                        52      7       51

PRECIPITATION (IN)
  YESTERDAY        0.00          0.68 1972   0.01  -0.01     0.00
  MONTH TO DATE    0.00                      0.20  -0.20     0.05
  SINCE OCT 1      0.00                      0.20  -0.20     0.05
  SINCE JAN 1      3.71                      4.35  -0.64     4.08

DEGREE DAYS
 HEATING
  YESTERDAY        6                        13     -7       14
  MONTH TO DATE   97                       189    -92      273
  SINCE SEP 1    140                       274   -134      370
  SINCE JUL 1    140                       280   -140      370

 COOLING
  YESTERDAY        0                         0      0        0
  MONTH TO DATE    0                         0      0        0
  SINCE SEP 1    141                        68     73      121
  SINCE JAN 1   1004                       781    223     1042
..................................................................


WIND (MPH)
  HIGHEST WIND SPEED    15   HIGHEST WIND DIRECTION     S (180)
  HIGHEST GUST SPEED    21   HIGHEST GUST DIRECTION     S (200)
  AVERAGE WIND SPEED     8.5



WEATHER CONDITIONS
 THE FOLLOWING WEATHER WAS RECORDED YESTERDAY.
  NO SIGNIFICANT WEATHER WAS OBSERVED.


RELATIVE HUMIDITY (PERCENT)
 HIGHEST    53           600 AM
 LOWEST     16           200 PM
 AVERAGE    35

..........................................................


THE TONOPAH AIRPORT NV CLIMATE NORMALS FOR TODAY
                         NORMAL    RECORD    YEAR
 MAXIMUM TEMPERATURE (F)   67        80      2003
 MINIMUM TEMPERATURE (F)   36        19      1996


SUNRISE AND SUNSET
OCTOBER 20 2014.......SUNRISE   702 AM PDT   SUNSET   604 PM PDT
OCTOBER 21 2014.......SUNRISE   703 AM PDT   SUNSET   602 PM PDT


-  INDICATES NEGATIVE NUMBERS.
R  INDICATES RECORD WAS SET OR TIED.
MM INDICATES DATA IS MISSING.
T  INDICATES TRACE AMOUNT.




$$
