000
CDUS45 KLKN 280041
CLITPH


CLIMATE REPORT
NATIONAL WEATHER SERVICE ELKO NV
540 PM PDT MON MAR 27 2017


...................................

...THE TONOPAH AIRPORT NV CLIMATE SUMMARY FOR MARCH 27 2017...
VALID TODAY AS OF 0500 PM LOCAL TIME.

CLIMATE NORMAL PERIOD 1981 TO 2010
CLIMATE RECORD PERIOD 1954 TO 2017


WEATHER ITEM   OBSERVED TIME   RECORD YEAR NORMAL DEPARTURE LAST
                VALUE   (LST)  VALUE       VALUE  FROM      YEAR
                                                  NORMAL
..................................................................
TEMPERATURE (F)
 TODAY
  MAXIMUM         52    156 PM  78    2015  59     -7       65
  MINIMUM         36    234 AM  16    1975  31      5       31
  AVERAGE         44                        45     -1       48

PRECIPITATION (IN)
  TODAY            T             0.72 1991   0.01  -0.01     0.00
  MONTH TO DATE    0.34                      0.51  -0.17     0.38
  SINCE OCT 1      1.85                      2.61  -0.76     4.83
  SINCE JAN 1      1.32                      1.52  -0.20     1.45

DEGREE DAYS
 HEATING
  TODAY           21                        20      1       17
  MONTH TO DATE  452                       606   -154      495
  SINCE MAR 1    452                       606   -154      495
  SINCE JUL 1   4317                      4648   -331     4422

 COOLING
  TODAY            0                         0      0        0
  MONTH TO DATE    0                         0      0        0
  SINCE MAR 1      0                         0      0        0
  SINCE JAN 1      0                         0      0        0
..................................................................


WIND (MPH)
  HIGHEST WIND SPEED    38   HIGHEST WIND DIRECTION    NW (330)
  HIGHEST GUST SPEED    49   HIGHEST GUST DIRECTION    NW (320)



WEATHER CONDITIONS
 THE FOLLOWING WEATHER WAS RECORDED TODAY.
  NO SIGNIFICANT WEATHER WAS OBSERVED.


RELATIVE HUMIDITY (PERCENT)
 HIGHEST    67           700 AM
 LOWEST     22           300 PM
 AVERAGE    45

..........................................................


THE TONOPAH AIRPORT NV CLIMATE NORMALS FOR TOMORROW
                         NORMAL    RECORD    YEAR
 MAXIMUM TEMPERATURE (F)   60        76      2015
                                             1986
 MINIMUM TEMPERATURE (F)   31        12      1972


SUNRISE AND SUNSET
MARCH 27 2017.........SUNRISE   641 AM PDT   SUNSET   707 PM PDT
MARCH 28 2017.........SUNRISE   639 AM PDT   SUNSET   708 PM PDT


-  INDICATES NEGATIVE NUMBERS.
R  INDICATES RECORD WAS SET OR TIED.
MM INDICATES DATA IS MISSING.
T  INDICATES TRACE AMOUNT.




$$
