000
CDUS44 KMRX 100837
CLITRI


CLIMATE REPORT
NATIONAL WEATHER SERVICE MORRISTOWN TN
337 AM EST WED FEB 10 2016


...................................

...THE TRI-CITIES      ASOS CLIMATE SUMMARY FOR FEBRUARY 9 2016...

CLIMATE NORMAL PERIOD 1981 TO 2010
CLIMATE RECORD PERIOD 1934 TO 2016


WEATHER ITEM   OBSERVED TIME   RECORD YEAR NORMAL DEPARTURE LAST
                VALUE   (LST)  VALUE       VALUE  FROM      YEAR
                                                  NORMAL
..................................................................
TEMPERATURE (F)
 YESTERDAY
  MAXIMUM         31   1215 AM  70    2001  48    -17       60
                                      1957
  MINIMUM         22   1159 PM   1    1995  27     -5       39
  AVERAGE         27                        38    -11       50

PRECIPITATION (IN)
  YESTERDAY        0.11          2.48 1994   0.12  -0.01     0.31
  MONTH TO DATE    1.80                      1.12   0.68     0.80
  SINCE DEC 1      9.99                      7.86   2.13     6.11
  SINCE JAN 1      4.72                      4.49   0.23     3.08

SNOWFALL (IN)
  YESTERDAY        0.9                       0.1    0.8      0.0
  MONTH TO DATE    1.9                       1.2    0.7       T
  SINCE DEC 1     11.7                       8.3    3.4      0.3
  SINCE JUL 1     11.7                       8.6    3.1      1.5
  SNOW DEPTH       1

DEGREE DAYS
 HEATING
  YESTERDAY       38                        27     11       15
  MONTH TO DATE  217                       253    -36      247
  SINCE DEC 1   1662                      2021   -359     1899
  SINCE JUL 1   2305                      2907   -602     2882

 COOLING
  YESTERDAY        0                         0      0        0
  MONTH TO DATE    0                         0      0        0
  SINCE DEC 1      0                         0      0        0
  SINCE JAN 1      0                         0      0        0
..................................................................


WIND (MPH)
  HIGHEST WIND SPEED    22   HIGHEST WIND DIRECTION     W (250)
  HIGHEST GUST SPEED    28   HIGHEST GUST DIRECTION    SW (240)
  AVERAGE WIND SPEED    11.8


SKY COVER
  POSSIBLE SUNSHINE  MM
  AVERAGE SKY COVER 1.0


WEATHER CONDITIONS
 THE FOLLOWING WEATHER WAS RECORDED YESTERDAY.
  SNOW
  LIGHT SNOW
  FOG
  HAZE


RELATIVE HUMIDITY (PERCENT)
 HIGHEST    92          1200 AM
 LOWEST     60           200 PM
 AVERAGE    76

..........................................................


THE TRI-CITIES      ASOS CLIMATE NORMALS FOR TODAY
                         NORMAL    RECORD    YEAR
 MAXIMUM TEMPERATURE (F)   49        73      1939
 MINIMUM TEMPERATURE (F)   27         1      1979


SUNRISE AND SUNSET
FEBRUARY 10 2016......SUNRISE   723 AM EST   SUNSET   605 PM EST
FEBRUARY 11 2016......SUNRISE   722 AM EST   SUNSET   606 PM EST


-  INDICATES NEGATIVE NUMBERS.
R  INDICATES RECORD WAS SET OR TIED.
MM INDICATES DATA IS MISSING.
T  INDICATES TRACE AMOUNT.




$$
