000
CDUS44 KMRX 212138
CLITRI


CLIMATE REPORT
NATIONAL WEATHER SERVICE MORRISTOWN TN
538 PM EDT FRI JUL 21 2017


...................................

...THE TRI-CITIES      ASOS CLIMATE SUMMARY FOR JULY 21 2017...
VALID TODAY AS OF 0500 PM LOCAL TIME.

CLIMATE NORMAL PERIOD 1981 TO 2010
CLIMATE RECORD PERIOD 1934 TO 2017


WEATHER ITEM   OBSERVED TIME   RECORD YEAR NORMAL DEPARTURE LAST
                VALUE   (LST)  VALUE       VALUE  FROM      YEAR
                                                  NORMAL
..................................................................
TEMPERATURE (F)
 TODAY
  MAXIMUM         91    349 PM  96    2016  86      5       96
                                      1952
  MINIMUM         66    455 AM  54    2007  64      2       63
  AVERAGE         79                        75      4       80

PRECIPITATION (IN)
  TODAY            0.02          1.28 1958   0.15  -0.13     0.00
  MONTH TO DATE    1.29                      3.17  -1.88     1.58
  SINCE JUN 1      3.35                      7.07  -3.72     3.71
  SINCE JAN 1     25.54                     24.46   1.08    19.62

SNOWFALL (IN)
  TODAY            0.0                       0.0    0.0      0.0
  MONTH TO DATE    0.0                       0.0    0.0      0.0
  SINCE JUN 1      0.0                       0.0    0.0      0.0
  SINCE JUL 1      0.0                       0.0    0.0      0.0
  SNOW DEPTH       0

DEGREE DAYS
 HEATING
  TODAY            0                         0      0        0
  MONTH TO DATE    0                         0      0        0
  SINCE JUN 1      2                        11     -9        0
  SINCE JUL 1      0                         0      0        0

 COOLING
  TODAY           14                        10      4       15
  MONTH TO DATE  252                       207     45      266
  SINCE JUN 1    444                       413     31      546
  SINCE JAN 1    564                       486     78      642
..................................................................


WIND (MPH)
  HIGHEST WIND SPEED    15   HIGHEST WIND DIRECTION     N (350)
  HIGHEST GUST SPEED    19   HIGHEST GUST DIRECTION     N (350)
  AVERAGE WIND SPEED     2.6


SKY COVER
  POSSIBLE SUNSHINE  MM
  AVERAGE SKY COVER 0.5


WEATHER CONDITIONS
 THE FOLLOWING WEATHER WAS RECORDED TODAY.
  FOG


RELATIVE HUMIDITY (PERCENT)
 HIGHEST   100           400 AM
 LOWEST     47           400 PM
 AVERAGE    74

..........................................................


THE TRI-CITIES      ASOS CLIMATE NORMALS FOR TOMORROW
                         NORMAL    RECORD    YEAR
 MAXIMUM TEMPERATURE (F)   86        98      1952
 MINIMUM TEMPERATURE (F)   64        52      1944


SUNRISE AND SUNSET
JULY 21 2017..........SUNRISE   628 AM EDT   SUNSET   844 PM EDT
JULY 22 2017..........SUNRISE   628 AM EDT   SUNSET   843 PM EDT


-  INDICATES NEGATIVE NUMBERS.
R  INDICATES RECORD WAS SET OR TIED.
MM INDICATES DATA IS MISSING.
T  INDICATES TRACE AMOUNT.




$$
