000
CDUS44 KMRX 172124
CLITRI

CLIMATE REPORT NATIONAL WEATHER SERVICE MORRISTOWN TN
523 PM EDT WED SEP 17 2014

...................................

...THE TRI-CITIES  CLIMATE SUMMARY FOR SEPTEMBER 17 2014... VALID
TODAY AS OF 0500 PM LOCAL TIME.

CLIMATE NORMAL PERIOD 1981 TO 2010
CLIMATE RECORD PERIOD 1934 TO 2014


WEATHER ITEM   OBSERVED TIME   RECORD YEAR NORMAL DEPARTURE LAST
                VALUE   (LST)  VALUE       VALUE  FROM      YEAR
                                                  NORMAL
..................................................................
TEMPERATURE (F)
 TODAY
  MAXIMUM         77    404 PM  92    1954  79     -2       77
  MINIMUM         57    658 AM  37    2000  55      2       55
  AVERAGE         67                        67      0       66

PRECIPITATION (IN)
  TODAY            0.00          2.37 2004   0.10  -0.10     0.00
  MONTH TO DATE    1.01                      1.79  -0.78     0.80
  SINCE SEP 1      1.01                      1.79  -0.78     0.80
  SINCE JAN 1     26.05                     31.24  -5.19    45.67

SNOWFALL (IN)
  TODAY            0.0                       0.0    0.0      0.0
  MONTH TO DATE    0.0                       0.0    0.0      0.0
  SINCE SEP 1      0.0                       0.0    0.0      0.0
  SINCE JUL 1      0.0                       0.0    0.0      0.0
  SNOW DEPTH       0

DEGREE DAYS
 HEATING
  TODAY            0                         2     -2        0
  MONTH TO DATE    0                         9     -9        4
  SINCE SEP 1      0                         9     -9        4
  SINCE JUL 1      0                        10    -10        4

 COOLING
  TODAY            2                         3     -1        1
  MONTH TO DATE  150                        88     62      107
  SINCE SEP 1    150                        88     62      107
  SINCE JAN 1   1107                       940    167      965
..................................................................


WIND (MPH)
  HIGHEST WIND SPEED    13   HIGHEST WIND DIRECTION     W (280)
  HIGHEST GUST SPEED    16   HIGHEST GUST DIRECTION     W (280)
  AVERAGE WIND SPEED     2.2


SKY COVER
  POSSIBLE SUNSHINE  MM
  AVERAGE SKY COVER  MM


WEATHER CONDITIONS
 THE FOLLOWING WEATHER WAS RECORDED TODAY.
  FOG


RELATIVE HUMIDITY (PERCENT)
 HIGHEST    90           800 AM
 LOWEST     47           300 PM
 AVERAGE    69

..........................................................


THE TRI-CITIES      ASOS CLIMATE NORMALS FOR TOMORROW
                         NORMAL    RECORD    YEAR
 MAXIMUM TEMPERATURE (F)   79        93      1954
 MINIMUM TEMPERATURE (F)   54        39      1943


SUNRISE AND SUNSET
SEPTEMBER 17 2014.....SUNRISE   713 AM EDT   SUNSET   734 PM EDT
SEPTEMBER 18 2014.....SUNRISE   714 AM EDT   SUNSET   732 PM EDT


-  INDICATES NEGATIVE NUMBERS.
R  INDICATES RECORD WAS SET OR TIED.
MM INDICATES DATA IS MISSING.
T  INDICATES TRACE AMOUNT.




$$
