000
CDUS44 KMRX 280851
CLITRI


CLIMATE REPORT
NATIONAL WEATHER SERVICE MORRISTOWN TN
451 AM EDT TUE MAR 28 2017


...................................

...THE TRI-CITIES      ASOS CLIMATE SUMMARY FOR MARCH 27 2017...

CLIMATE NORMAL PERIOD 1981 TO 2010
CLIMATE RECORD PERIOD 1934 TO 2017


WEATHER ITEM   OBSERVED TIME   RECORD YEAR NORMAL DEPARTURE LAST
                VALUE   (LST)  VALUE       VALUE  FROM      YEAR
                                                  NORMAL
..................................................................
TEMPERATURE (F)
 YESTERDAY
  MAXIMUM         77   1254 PM  82    1989  62     15       73
  MINIMUM         51    651 AM  12    1955  37     14       49
  AVERAGE         64                        50     14       61

PRECIPITATION (IN)
  YESTERDAY        0.26          2.95 1994   0.12   0.14     0.00
  MONTH TO DATE    3.98                      2.99   0.99     0.90
  SINCE MAR 1      3.98                      2.99   0.99     0.90
  SINCE JAN 1      8.66                      9.81  -1.15     8.30

SNOWFALL (IN)
  YESTERDAY        0.0                       0.0    0.0      0.0
  MONTH TO DATE    0.3                       1.3   -1.0       T
  SINCE MAR 1      0.3                       1.3   -1.0       T
  SINCE JUL 1      4.3                      12.1   -7.8     18.4
  SNOW DEPTH       0

DEGREE DAYS
 HEATING
  YESTERDAY        1                        15    -14        4
  MONTH TO DATE  509                       509      0      348
  SINCE MAR 1    509                       509      0      348
  SINCE JUL 1   3076                      3891   -815     3168

 COOLING
  YESTERDAY        0                         0      0        0
  MONTH TO DATE    0                         0      0        5
  SINCE MAR 1      0                         0      0        5
  SINCE JAN 1      0                         0      0        5
..................................................................


WIND (MPH)
  HIGHEST WIND SPEED    26   HIGHEST WIND DIRECTION     W (250)
  HIGHEST GUST SPEED    33   HIGHEST GUST DIRECTION     W (260)
  AVERAGE WIND SPEED     5.1


SKY COVER
  POSSIBLE SUNSHINE  MM
  AVERAGE SKY COVER 0.6


WEATHER CONDITIONS
 THE FOLLOWING WEATHER WAS RECORDED YESTERDAY.
  THUNDERSTORM
  HEAVY RAIN
  RAIN
  LIGHT RAIN
  FOG


RELATIVE HUMIDITY (PERCENT)
 HIGHEST   100           600 AM
 LOWEST     38           200 PM
 AVERAGE    69

..........................................................


THE TRI-CITIES      ASOS CLIMATE NORMALS FOR TODAY
                         NORMAL    RECORD    YEAR
 MAXIMUM TEMPERATURE (F)   63        82      1945
 MINIMUM TEMPERATURE (F)   37        19      2001
                                             1982
                                             1955


SUNRISE AND SUNSET
MARCH 28 2017.........SUNRISE   721 AM EDT   SUNSET   749 PM EDT
MARCH 29 2017.........SUNRISE   720 AM EDT   SUNSET   749 PM EDT


-  INDICATES NEGATIVE NUMBERS.
R  INDICATES RECORD WAS SET OR TIED.
MM INDICATES DATA IS MISSING.
T  INDICATES TRACE AMOUNT.




$$
