000
CDUS44 KMRX 300813
CLITRI

CLIMATE REPORT
NATIONAL WEATHER SERVICE MORRISTOWN TN
411 AM EDT MON MAR 30 2015


...................................

...THE TRI-CITIES CLIMATE SUMMARY FOR MARCH 29 2015...

CLIMATE NORMAL PERIOD 1981 TO 2010
CLIMATE RECORD PERIOD 1934 TO 2015


WEATHER ITEM   OBSERVED TIME   RECORD YEAR NORMAL DEPARTURE LAST
                VALUE   (LST)  VALUE       VALUE  FROM      YEAR
                                                  NORMAL
..................................................................
TEMPERATURE (F)
 YESTERDAY
  MAXIMUM         56    324 PM  82    1989  63     -7       65
  MINIMUM         18R   540 AM  19    1966  38    -20       37
  AVERAGE         37                        50    -13       51

PRECIPITATION (IN)
  YESTERDAY        0.00          2.22 1975   0.12  -0.12     0.61
  MONTH TO DATE    3.81                      3.22   0.59     2.26
  SINCE MAR 1      3.81                      3.22   0.59     2.26
  SINCE JAN 1      9.14                     10.04  -0.90     7.32

SNOWFALL (IN)
  YESTERDAY        0.0                       0.1   -0.1       T
  MONTH TO DATE    T                         1.4   -1.4      0.7
  SINCE MAR 1      T                         1.4   -1.4      0.7
  SINCE JUL 1     15.5                      12.2    3.3     13.0
  SNOW DEPTH       0

DEGREE DAYS
 HEATING
  YESTERDAY       28                        15     13       14
  MONTH TO DATE  477                       539    -62      579
  SINCE MAR 1    477                       539    -62      579
  SINCE JUL 1   4104                      3921    183     4074

 COOLING
  YESTERDAY        0                         0      0        0
  MONTH TO DATE    0                         0      0        0
  SINCE MAR 1      0                         0      0        0
  SINCE JAN 1      0                         0      0        0
..................................................................


WIND (MPH)
  HIGHEST WIND SPEED    18   HIGHEST WIND DIRECTION     W (260)
  HIGHEST GUST SPEED    23   HIGHEST GUST DIRECTION     W (270)
  AVERAGE WIND SPEED     3.3


SKY COVER
  POSSIBLE SUNSHINE  MM
  AVERAGE SKY COVER  MM


WEATHER CONDITIONS
 THE FOLLOWING WEATHER WAS RECORDED YESTERDAY.
  NO SIGNIFICANT WEATHER WAS OBSERVED.


RELATIVE HUMIDITY (PERCENT)
 HIGHEST    84           600 AM
 LOWEST     12           300 PM
 AVERAGE    48

..........................................................


THE TRI-CITIES CLIMATE NORMALS FOR TODAY
                         NORMAL    RECORD    YEAR
 MAXIMUM TEMPERATURE (F)   63        82      1985
 MINIMUM TEMPERATURE (F)   38        15      1964


SUNRISE AND SUNSET
MARCH 30 2015.........SUNRISE   719 AM EDT   SUNSET   750 PM EDT
MARCH 31 2015.........SUNRISE   717 AM EDT   SUNSET   751 PM EDT


-  INDICATES NEGATIVE NUMBERS.
R  INDICATES RECORD WAS SET OR TIED.
MM INDICATES DATA IS MISSING.
T  INDICATES TRACE AMOUNT.




$$
