000
CDUS44 KMRX 300834
CLITRI


CLIMATE REPORT
NATIONAL WEATHER SERVICE MORRISTOWN TN
434 AM EDT TUE MAY 30 2017


...................................

...THE TRI-CITIES      ASOS CLIMATE SUMMARY FOR MAY 29 2017...

CLIMATE NORMAL PERIOD 1981 TO 2010
CLIMATE RECORD PERIOD 1934 TO 2017


WEATHER ITEM   OBSERVED TIME   RECORD YEAR NORMAL DEPARTURE LAST
                VALUE   (LST)  VALUE       VALUE  FROM      YEAR
                                                  NORMAL
..................................................................
TEMPERATURE (F)
 YESTERDAY
  MAXIMUM         78   1216 PM  92    1941  79     -1       81
  MINIMUM         61    333 AM  44    2005  55      6       60
                                      1949
  AVERAGE         70                        67      3       71

PRECIPITATION (IN)
  YESTERDAY        0.16          1.24 1976   0.13   0.03     0.00
  MONTH TO DATE    7.60                      3.54   4.06     3.97
  SINCE MAR 1     17.33                     10.31   7.02     8.50
  SINCE JAN 1     22.01                     17.13   4.88    15.90

SNOWFALL (IN)
  YESTERDAY        0.0                       0.0    0.0      0.0
  MONTH TO DATE    0.0                       0.0    0.0      0.0
  SINCE MAR 1      0.3                       2.5   -2.2       T
  SINCE JUL 1      4.3                      13.3   -9.0     18.4
  SNOW DEPTH       0

DEGREE DAYS
 HEATING
  YESTERDAY        0                         1     -1        0
  MONTH TO DATE   79                       106    -27       91
  SINCE MAR 1    744                       978   -234      725
  SINCE JUL 1   3311                      4360  -1049     3545

 COOLING
  YESTERDAY        5                         4      1        6
  MONTH TO DATE   79                        56     23       55
  SINCE MAR 1    111                        67     44       81
  SINCE JAN 1    111                        67     44       81
..................................................................


WIND (MPH)
  HIGHEST WIND SPEED    12   HIGHEST WIND DIRECTION     W (260)
  HIGHEST GUST SPEED    15   HIGHEST GUST DIRECTION    SW (230)
  AVERAGE WIND SPEED     3.3


SKY COVER
  POSSIBLE SUNSHINE  MM
  AVERAGE SKY COVER 0.8


WEATHER CONDITIONS
 THE FOLLOWING WEATHER WAS RECORDED YESTERDAY.
  HEAVY RAIN
  LIGHT RAIN
  FOG


RELATIVE HUMIDITY (PERCENT)
 HIGHEST   100           500 AM
 LOWEST     56          1200 PM
 AVERAGE    78

..........................................................


THE TRI-CITIES      ASOS CLIMATE NORMALS FOR TODAY
                         NORMAL    RECORD    YEAR
 MAXIMUM TEMPERATURE (F)   79        93      2011
 MINIMUM TEMPERATURE (F)   55        39      1984


SUNRISE AND SUNSET
MAY 30 2017...........SUNRISE   614 AM EDT   SUNSET   841 PM EDT
MAY 31 2017...........SUNRISE   613 AM EDT   SUNSET   842 PM EDT


-  INDICATES NEGATIVE NUMBERS.
R  INDICATES RECORD WAS SET OR TIED.
MM INDICATES DATA IS MISSING.
T  INDICATES TRACE AMOUNT.




$$
