000
CDUS44 KMRX 062116
CLITRI


CLIMATE REPORT
NATIONAL WEATHER SERVICE MORRISTOWN TN
515 PM EDT FRI MAY 6 2016


...................................

...THE TRI-CITIES      ASOS CLIMATE SUMMARY FOR MAY 6 2016...
VALID TODAY AS OF 0500 PM LOCAL TIME.

CLIMATE NORMAL PERIOD 1981 TO 2010
CLIMATE RECORD PERIOD 1934 TO 2016


WEATHER ITEM   OBSERVED TIME   RECORD YEAR NORMAL DEPARTURE LAST
                VALUE   (LST)  VALUE       VALUE  FROM      YEAR
                                                  NORMAL
..................................................................
TEMPERATURE (F)
 TODAY
  MAXIMUM         64    359 PM  88    1949  73     -9       87
                                      1941
  MINIMUM         48    627 AM  35    1968  48      0       54
                                      1954
  AVERAGE         56                        61     -5       71

PRECIPITATION (IN)
  TODAY            T             2.34 1958   0.11  -0.11      T
  MONTH TO DATE    0.47                      0.70  -0.23      T
  SINCE MAR 1      5.00                      7.47  -2.47     8.88
  SINCE JAN 1     12.40                     14.29  -1.89    14.21

SNOWFALL (IN)
  TODAY            0.0                       0.0    0.0      0.0
  MONTH TO DATE    0.0                       0.0    0.0      0.0
  SINCE MAR 1      T                         2.5   -2.5       T
  SINCE JUL 1     18.4                      13.3    5.1     15.5
  SNOW DEPTH       0

DEGREE DAYS
 HEATING
  TODAY            9                         5      4        0
  MONTH TO DATE   34                        33      1       28
  SINCE MAR 1    668                       905   -237      736
  SINCE JUL 1   3488                      4287   -799     4363

 COOLING
  TODAY            0                         1     -1        6
  MONTH TO DATE    9                         6      3        8
  SINCE MAR 1     35                        17     18       18
  SINCE JAN 1     35                        17     18       18
..................................................................


WIND (MPH)
  HIGHEST WIND SPEED    20   HIGHEST WIND DIRECTION     W (270)
  HIGHEST GUST SPEED    26   HIGHEST GUST DIRECTION     W (270)
  AVERAGE WIND SPEED     8.1


SKY COVER
  POSSIBLE SUNSHINE  MM
  AVERAGE SKY COVER 0.9


WEATHER CONDITIONS
 THE FOLLOWING WEATHER WAS RECORDED TODAY.
  LIGHT RAIN


RELATIVE HUMIDITY (PERCENT)
 HIGHEST    86           100 AM
 LOWEST     43           400 PM
 AVERAGE    65

..........................................................


THE TRI-CITIES      ASOS CLIMATE NORMALS FOR TOMORROW
                         NORMAL    RECORD    YEAR
 MAXIMUM TEMPERATURE (F)   74        88      2014
                                             1940
 MINIMUM TEMPERATURE (F)   49        33      1989


SUNRISE AND SUNSET
MAY  6 2016...........SUNRISE   630 AM EDT   SUNSET   822 PM EDT
MAY  7 2016...........SUNRISE   629 AM EDT   SUNSET   823 PM EDT


-  INDICATES NEGATIVE NUMBERS.
R  INDICATES RECORD WAS SET OR TIED.
MM INDICATES DATA IS MISSING.
T  INDICATES TRACE AMOUNT.




$$
