000
CDUS44 KMRX 242217
CLITRI

CLIMATE REPORT NATIONAL WEATHER SERVICE MORRISTOWN TN
517 PM EST SAT JAN 24 2015

...................................

...THE TRI-CITIES  CLIMATE SUMMARY FOR JANUARY 24 2015... VALID
TODAY AS OF 500 PM LOCAL TIME.

CLIMATE NORMAL PERIOD 1981 TO 2010
CLIMATE RECORD PERIOD 1934 TO 2015


WEATHER ITEM   OBSERVED TIME   RECORD YEAR NORMAL DEPARTURE LAST
                VALUE   (LST)  VALUE       VALUE  FROM      YEAR
                                                  NORMAL
..................................................................
TEMPERATURE (F)
 TODAY
  MAXIMUM         39    650 AM  78    1972  46     -7       23
  MINIMUM         33   1023 AM  -8    1963  25      8        2
  AVERAGE         36                        35      1       13

PRECIPITATION (IN)
  TODAY            0.17          1.00 2010   0.11   0.06     0.00
  MONTH TO DATE    2.08                      2.60  -0.52     1.60
  SINCE DEC 1      5.11                      5.97  -0.86     7.94
  SINCE JAN 1      2.08                      2.60  -0.52     1.60

SNOWFALL (IN)
  TODAY            0.2                       0.2    0.0      0.0
  MONTH TO DATE    0.2                       3.7   -3.5      0.7
  SINCE DEC 1      0.2                       6.1   -5.9      0.7
  SINCE JUL 1      1.4                       6.4   -5.0      2.1
  SNOW DEPTH       0

DEGREE DAYS
 HEATING
  TODAY           29                        30     -1       52
  MONTH TO DATE  699                       720    -21      823
  SINCE DEC 1   1430                      1563   -133     1563
  SINCE JUL 1   2413                      2449    -36     2454

 COOLING
  TODAY            0                         0      0        0
  MONTH TO DATE    0                         0      0        0
  SINCE DEC 1      0                         0      0        0
  SINCE JAN 1      0                         0      0        0
..................................................................


WIND (MPH)
  HIGHEST WIND SPEED    21   HIGHEST WIND DIRECTION     W (260)
  HIGHEST GUST SPEED    25   HIGHEST GUST DIRECTION     W (260)
  AVERAGE WIND SPEED     9.9


SKY COVER
  POSSIBLE SUNSHINE  MM
  AVERAGE SKY COVER 0.9


WEATHER CONDITIONS
 THE FOLLOWING WEATHER WAS RECORDED TODAY.
  LIGHT RAIN
  SNOW
  LIGHT SNOW
  FOG


RELATIVE HUMIDITY (PERCENT)
 HIGHEST    96          1000 AM
 LOWEST     70           300 PM
 AVERAGE    83

..........................................................


THE TRI-CITIES      ASOS CLIMATE NORMALS FOR TOMORROW
                         NORMAL    RECORD    YEAR
 MAXIMUM TEMPERATURE (F)   46        79      1950
 MINIMUM TEMPERATURE (F)   25        -4      1963


SUNRISE AND SUNSET
JANUARY 24 2015.......SUNRISE   737 AM EST   SUNSET   547 PM EST
JANUARY 25 2015.......SUNRISE   736 AM EST   SUNSET   548 PM EST


-  INDICATES NEGATIVE NUMBERS.
R  INDICATES RECORD WAS SET OR TIED.
MM INDICATES DATA IS MISSING.
T  INDICATES TRACE AMOUNT.




$$
