000
CDUS46 KSGX 040018
CLITRM


CLIMATE REPORT
NATIONAL WEATHER SERVICE SAN DIEGO, CA
517 PM PDT MON AUG 3 2015


...................................

...THE THERMAL AIRPORT CA CLIMATE SUMMARY FOR AUGUST 3 2015...
VALID TODAY AS OF 0500 PM LOCAL TIME.

CLIMATE NORMAL PERIOD 1981 TO 2010
CLIMATE RECORD PERIOD 1950 TO 2015


WEATHER ITEM   OBSERVED TIME   RECORD YEAR NORMAL DEPARTURE LAST
                VALUE   (LST)  VALUE       VALUE  FROM      YEAR
                                                  NORMAL
..................................................................
TEMPERATURE (F)
 TODAY
  MAXIMUM        111    251 PM 120    1998 106      5       95
  MINIMUM         84    519 AM  64    2002  75      9       76
  AVERAGE         98                        91      7       86

PRECIPITATION (IN)
  TODAY            0.00          T    2005   0.01  -0.01     0.29
  MONTH TO DATE    0.00                      0.02  -0.02     0.32
  SINCE OCT 1      1.72                      2.79  -1.07     0.48
  SINCE JAN 1      1.57                      1.98  -0.41     0.40

DEGREE DAYS
 HEATING
  TODAY            0                         0      0        0
  MONTH TO DATE    0                         0      0        0
  SINCE JUN 1      0                         0      0        0
  SINCE JUL 1      0                         0      0        0

 COOLING
  TODAY           33                        26      7       21
  MONTH TO DATE   92                        78     14       71
  SINCE JUN 1   1570                      1472     98     1671
  SINCE JAN 1   2324                      2145    179     2493
..................................................................


WIND (MPH)
  RESULTANT WIND SPEED   1   RESULTANT WIND DIRECTION  NE (40)
  HIGHEST WIND SPEED    16   HIGHEST WIND DIRECTION    SE (140)
  HIGHEST GUST SPEED    20   HIGHEST GUST DIRECTION    SE (140)
  AVERAGE WIND SPEED     8.5


SKY COVER
  POSSIBLE SUNSHINE  MM
  AVERAGE SKY COVER 0.0


WEATHER CONDITIONS
 THE FOLLOWING WEATHER WAS RECORDED TODAY.
  NO SIGNIFICANT WEATHER WAS OBSERVED.


RELATIVE HUMIDITY (PERCENT)
 HIGHEST    43           500 AM
 LOWEST      8           300 PM
 AVERAGE    26

..........................................................


THE THERMAL AIRPORT CA CLIMATE NORMALS FOR TOMORROW
                         NORMAL    RECORD    YEAR
 MAXIMUM TEMPERATURE (F)  106       118      1969
 MINIMUM TEMPERATURE (F)   75        63      1996


SUNRISE AND SUNSET
AUGUST  3 2015........SUNRISE   558 AM PDT   SUNSET   743 PM PDT
AUGUST  4 2015........SUNRISE   559 AM PDT   SUNSET   742 PM PDT


-  INDICATES NEGATIVE NUMBERS.
R  INDICATES RECORD WAS SET OR TIED.
MM INDICATES DATA IS MISSING.
T  INDICATES TRACE AMOUNT.




$$
