000
CDUS46 KSGX 290017
CLITRM


CLIMATE REPORT
NATIONAL WEATHER SERVICE SAN DIEGO, CA
516 PM PDT FRI AUG 28 2015


...................................

...THE THERMAL AIRPORT CA CLIMATE SUMMARY FOR AUGUST 28 2015...
VALID TODAY AS OF 0500 PM LOCAL TIME.

CLIMATE NORMAL PERIOD 1981 TO 2010
CLIMATE RECORD PERIOD 1950 TO 2015


WEATHER ITEM   OBSERVED TIME   RECORD YEAR NORMAL DEPARTURE LAST
                VALUE   (LST)  VALUE       VALUE  FROM      YEAR
                                                  NORMAL
..................................................................
TEMPERATURE (F)
 TODAY
  MAXIMUM        111    237 PM 119    1998 105      6      114
  MINIMUM         77    525 AM  60    1980  72      5       80
  AVERAGE         94                        89      5       97

PRECIPITATION (IN)
  TODAY            0.00          0.48 1951   0.01  -0.01     0.00
  MONTH TO DATE    0.00                      0.17  -0.17     0.32
  SINCE OCT 1      1.72                      2.94  -1.22     0.48
  SINCE JAN 1      1.57                      2.13  -0.56     0.40

DEGREE DAYS
 HEATING
  TODAY            0                         0      0        0
  MONTH TO DATE    0                         0      0        0
  SINCE JUN 1      0                         0      0        0
  SINCE JUL 1      0                         0      0        0

 COOLING
  TODAY           29                        24      5       32
  MONTH TO DATE  794                       697     97      693
  SINCE JUN 1   2272                      2091    181     2293
  SINCE JAN 1   3026                      2764    262     3115
..................................................................


WIND (MPH)
  RESULTANT WIND SPEED   3   RESULTANT WIND DIRECTION  SE (130)
  HIGHEST WIND SPEED    14   HIGHEST WIND DIRECTION    SE (150)
  HIGHEST GUST SPEED    19   HIGHEST GUST DIRECTION    SE (130)
  AVERAGE WIND SPEED     5.3


SKY COVER
  POSSIBLE SUNSHINE  MM
  AVERAGE SKY COVER 0.0


WEATHER CONDITIONS
 THE FOLLOWING WEATHER WAS RECORDED TODAY.
  NO SIGNIFICANT WEATHER WAS OBSERVED.


RELATIVE HUMIDITY (PERCENT)
 HIGHEST    54           500 AM
 LOWEST     16           200 PM
 AVERAGE    35

..........................................................


THE THERMAL AIRPORT CA CLIMATE NORMALS FOR TOMORROW
                         NORMAL    RECORD    YEAR
 MAXIMUM TEMPERATURE (F)  105       117      2007
                                             1984
 MINIMUM TEMPERATURE (F)   72        59      2002


SUNRISE AND SUNSET
AUGUST 28 2015........SUNRISE   616 AM PDT   SUNSET   715 PM PDT
AUGUST 29 2015........SUNRISE   616 AM PDT   SUNSET   714 PM PDT


-  INDICATES NEGATIVE NUMBERS.
R  INDICATES RECORD WAS SET OR TIED.
MM INDICATES DATA IS MISSING.
T  INDICATES TRACE AMOUNT.




$$
