000
CDUS46 KSGX 271142
CLITRM


CLIMATE REPORT
NATIONAL WEATHER SERVICE SAN DIEGO, CA
441 AM PDT THU APR 27 2017


...................................

...THE THERMAL AIRPORT CA CLIMATE SUMMARY FOR APRIL 26 2017...

CLIMATE NORMAL PERIOD 1981 TO 2010
CLIMATE RECORD PERIOD 1950 TO 2017


WEATHER ITEM   OBSERVED TIME   RECORD YEAR NORMAL DEPARTURE LAST
                VALUE   (LST)  VALUE       VALUE  FROM      YEAR
                                                  NORMAL
..................................................................
TEMPERATURE (F)
 YESTERDAY
  MAXIMUM         91    426 PM 108    1996  90      1       86
  MINIMUM         61    227 AM  44    1971  56      5       56
  AVERAGE         76                        73      3       71

PRECIPITATION (IN)
  YESTERDAY        0.00          0.06 2012   0.00   0.00     0.00
  MONTH TO DATE    T                         0.06  -0.06     0.35
  SINCE OCT 1      3.69                      2.58   1.11     1.98
  SINCE JAN 1      2.01                      1.77   0.24     1.55

DEGREE DAYS
 HEATING
  YESTERDAY        0                         0      0        0
  MONTH TO DATE    0                        19    -19        0
  SINCE MAR 1     34                       111    -77       22
  SINCE JUL 1    899                      1176   -277     1047

 COOLING
  YESTERDAY       11                         8      3        6
  MONTH TO DATE  247                       147    100      216
  SINCE MAR 1    437                       209    228      344
  SINCE JAN 1    469                       221    248      409
..................................................................


WIND (MPH)
  RESULTANT WIND SPEED   2   RESULTANT WIND DIRECTION   N (350)
  HIGHEST WIND SPEED    17   HIGHEST WIND DIRECTION     N (340)
  HIGHEST GUST SPEED    22   HIGHEST GUST DIRECTION     N (340)
  AVERAGE WIND SPEED     6.3


SKY COVER
  POSSIBLE SUNSHINE  MM
  AVERAGE SKY COVER 0.0


WEATHER CONDITIONS
 THE FOLLOWING WEATHER WAS RECORDED YESTERDAY.
  NO SIGNIFICANT WEATHER WAS OBSERVED.


RELATIVE HUMIDITY (PERCENT)
 HIGHEST    48           600 AM
 LOWEST     15          1100 AM
 AVERAGE    32

..........................................................


THE THERMAL AIRPORT CA CLIMATE NORMALS FOR TODAY
                         NORMAL    RECORD    YEAR
 MAXIMUM TEMPERATURE (F)   90       106      1996
 MINIMUM TEMPERATURE (F)   57        44      1994


SUNRISE AND SUNSET
APRIL 27 2017.........SUNRISE   600 AM PDT   SUNSET   725 PM PDT
APRIL 28 2017.........SUNRISE   559 AM PDT   SUNSET   726 PM PDT


-  INDICATES NEGATIVE NUMBERS.
R  INDICATES RECORD WAS SET OR TIED.
MM INDICATES DATA IS MISSING.
T  INDICATES TRACE AMOUNT.




$$
