000
CDUS46 KSGX 080116
CLITRM


CLIMATE REPORT
NATIONAL WEATHER SERVICE SAN DIEGO, CA
516 PM PST SUN FEB 7 2016


...................................

...THE THERMAL AIRPORT CA CLIMATE SUMMARY FOR FEBRUARY 7 2016...
VALID TODAY AS OF 0500 PM LOCAL TIME.

CLIMATE NORMAL PERIOD 1981 TO 2010
CLIMATE RECORD PERIOD 1950 TO 2016


WEATHER ITEM   OBSERVED TIME   RECORD YEAR NORMAL DEPARTURE LAST
                VALUE   (LST)  VALUE       VALUE  FROM      YEAR
                                                  NORMAL
..................................................................
TEMPERATURE (F)
 TODAY
  MAXIMUM         85    319 PM  95    1996  74     11       85
  MINIMUM         38    350 AM  24    2003  40     -2       41
  AVERAGE         62                        57      5       63

PRECIPITATION (IN)
  TODAY            0.00          0.33 1976   0.02  -0.02     0.00
                                      1976
                                      2009
  MONTH TO DATE    0.00                      0.14  -0.14     0.00
  SINCE OCT 1      1.63                      1.62   0.01     0.42
  SINCE JAN 1      1.20                      0.81   0.39     0.27

DEGREE DAYS
 HEATING
  TODAY            3                         9     -6        2
  MONTH TO DATE   83                        63     20       23
  SINCE DEC 1    807                       756     51      573
  SINCE JUL 1   1006                       923     83      682

 COOLING
  TODAY            0                         0      0        0
  MONTH TO DATE    0                         0      0        0
  SINCE DEC 1      0                         3     -3        3
  SINCE JAN 1      0                         2     -2        0
..................................................................


WIND (MPH)
  RESULTANT WIND SPEED   4   RESULTANT WIND DIRECTION  NW (310)
  HIGHEST WIND SPEED    14   HIGHEST WIND DIRECTION     W (290)
  HIGHEST GUST SPEED    18   HIGHEST GUST DIRECTION    NW (300)
  AVERAGE WIND SPEED     5.4


SKY COVER
  POSSIBLE SUNSHINE  MM
  AVERAGE SKY COVER 0.0


WEATHER CONDITIONS
 THE FOLLOWING WEATHER WAS RECORDED TODAY.
  NO SIGNIFICANT WEATHER WAS OBSERVED.


RELATIVE HUMIDITY (PERCENT)
 HIGHEST    59           600 AM
 LOWEST      4          1000 AM
 AVERAGE    32

..........................................................


THE THERMAL AIRPORT CA CLIMATE NORMALS FOR TOMORROW
                         NORMAL    RECORD    YEAR
 MAXIMUM TEMPERATURE (F)   74        89      1996
 MINIMUM TEMPERATURE (F)   40        26      1997


SUNRISE AND SUNSET
FEBRUARY  7 2016......SUNRISE   637 AM PST   SUNSET   521 PM PST
FEBRUARY  8 2016......SUNRISE   636 AM PST   SUNSET   522 PM PST


-  INDICATES NEGATIVE NUMBERS.
R  INDICATES RECORD WAS SET OR TIED.
MM INDICATES DATA IS MISSING.
T  INDICATES TRACE AMOUNT.




$$
