000
CDUS46 KSGX 211518
CLITRM


CLIMATE REPORT
NATIONAL WEATHER SERVICE SAN DIEGO, CA
718 AM PST SAT JAN 21 2017


...................................

...THE THERMAL AIRPORT CA CLIMATE SUMMARY FOR JANUARY 20 2017...

CLIMATE NORMAL PERIOD 1981 TO 2010
CLIMATE RECORD PERIOD 1950 TO 2017


WEATHER ITEM   OBSERVED TIME   RECORD YEAR NORMAL DEPARTURE LAST
                VALUE   (LST)  VALUE       VALUE  FROM      YEAR
                                                  NORMAL
..................................................................
TEMPERATURE (F)
 YESTERDAY
  MAXIMUM         67   1231 PM  85    2000  72     -5       76
  MINIMUM         47   1253 AM  23    1963  38      9       44
  AVERAGE         57                        55      2       60

PRECIPITATION (IN)
  YESTERDAY        0.39R         0.34 2010   0.02   0.37     0.00
  MONTH TO DATE    1.10                      0.45   0.65     1.15
  SINCE OCT 1      2.78                      1.26   1.52     1.58
  SINCE JAN 1      1.10                      0.45   0.65     1.15

DEGREE DAYS
 HEATING
  YESTERDAY        8                        10     -2        5
  MONTH TO DATE  199                       215    -16      242
  SINCE DEC 1    505                       586    -81      638
  SINCE JUL 1    623                       753   -130      837

 COOLING
  YESTERDAY        0                         0      0        0
  MONTH TO DATE    0                         0      0        0
  SINCE DEC 1      2                         1      1        0
  SINCE JAN 1      0                         0      0        0
..................................................................


WIND (MPH)
  RESULTANT WIND SPEED   1   RESULTANT WIND DIRECTION   S (170)
  HIGHEST WIND SPEED    24   HIGHEST WIND DIRECTION    SE (150)
  HIGHEST GUST SPEED    32   HIGHEST GUST DIRECTION    SE (150)
  AVERAGE WIND SPEED     5.7


SKY COVER
  POSSIBLE SUNSHINE  MM
  AVERAGE SKY COVER 0.6


WEATHER CONDITIONS
 THE FOLLOWING WEATHER WAS RECORDED YESTERDAY.
  RAIN
  LIGHT RAIN
  FOG


RELATIVE HUMIDITY (PERCENT)
 HIGHEST   100           700 PM
 LOWEST     44           100 PM
 AVERAGE    72

..........................................................


THE THERMAL AIRPORT CA CLIMATE NORMALS FOR TODAY
                         NORMAL    RECORD    YEAR
 MAXIMUM TEMPERATURE (F)   72        86      1975
 MINIMUM TEMPERATURE (F)   38        25      1987


SUNRISE AND SUNSET
JANUARY 21 2017.......SUNRISE   647 AM PST   SUNSET   505 PM PST
JANUARY 22 2017.......SUNRISE   647 AM PST   SUNSET   506 PM PST


-  INDICATES NEGATIVE NUMBERS.
R  INDICATES RECORD WAS SET OR TIED.
MM INDICATES DATA IS MISSING.
T  INDICATES TRACE AMOUNT.




$$
