000
CDUS46 KSGX 261421
CLITRM


CLIMATE REPORT
NATIONAL WEATHER SERVICE SAN DIEGO, CA
721 AM PDT THU MAY 26 2016


...................................

...THE THERMAL AIRPORT CA CLIMATE SUMMARY FOR MAY 25 2016...

CLIMATE NORMAL PERIOD 1981 TO 2010
CLIMATE RECORD PERIOD 1950 TO 2016


WEATHER ITEM   OBSERVED TIME   RECORD YEAR NORMAL DEPARTURE LAST
                VALUE   (LST)  VALUE       VALUE  FROM      YEAR
                                                  NORMAL
..................................................................
TEMPERATURE (F)
 YESTERDAY
  MAXIMUM         86    259 PM 114    1951  98    -12       92
  MINIMUM         65    522 AM  54    2011  63      2       65
                                      1980
  AVERAGE         76                        80     -4       79

PRECIPITATION (IN)
  YESTERDAY        0.00          0.00 2002   0.00   0.00     0.00
                                      2000
  MONTH TO DATE    T                         0.02  -0.02     0.07
  SINCE OCT 1      1.98                      2.60  -0.62     0.84
  SINCE JAN 1      1.55                      1.79  -0.24     0.69

DEGREE DAYS
 HEATING
  YESTERDAY        0                         0      0        0
  MONTH TO DATE    0                         0      0       15
  SINCE MAR 1     22                       115    -93       59
  SINCE JUL 1   1047                      1180   -133      764

 COOLING
  YESTERDAY       11                        15     -4       14
  MONTH TO DATE  328                       319      9      245
  SINCE MAR 1    708                       563    145      640
  SINCE JAN 1    773                       575    198      662
..................................................................


WIND (MPH)
  RESULTANT WIND SPEED  14   RESULTANT WIND DIRECTION  NW (330)
  HIGHEST WIND SPEED    28   HIGHEST WIND DIRECTION    NW (330)
  HIGHEST GUST SPEED    35   HIGHEST GUST DIRECTION    NW (330)
  AVERAGE WIND SPEED    14.8


SKY COVER
  POSSIBLE SUNSHINE  MM
  AVERAGE SKY COVER 0.0


WEATHER CONDITIONS
 THE FOLLOWING WEATHER WAS RECORDED YESTERDAY.
  HAZE


RELATIVE HUMIDITY (PERCENT)
 HIGHEST    45          1200 AM
 LOWEST     15           200 PM
 AVERAGE    30

..........................................................


THE THERMAL AIRPORT CA CLIMATE NORMALS FOR TODAY
                         NORMAL    RECORD    YEAR
 MAXIMUM TEMPERATURE (F)   98       115      1951
 MINIMUM TEMPERATURE (F)   64        51      1987


SUNRISE AND SUNSET
MAY 26 2016...........SUNRISE   537 AM PDT   SUNSET   747 PM PDT
MAY 27 2016...........SUNRISE   537 AM PDT   SUNSET   747 PM PDT


-  INDICATES NEGATIVE NUMBERS.
R  INDICATES RECORD WAS SET OR TIED.
MM INDICATES DATA IS MISSING.
T  INDICATES TRACE AMOUNT.




$$
