000
CDUS46 KSGX 261517
CLITRM


CLIMATE REPORT
NATIONAL WEATHER SERVICE SAN DIEGO, CA
717 AM PST SUN FEB 26 2017


...................................

...THE THERMAL AIRPORT CA CLIMATE SUMMARY FOR FEBRUARY 25 2017...

CLIMATE NORMAL PERIOD 1981 TO 2010
CLIMATE RECORD PERIOD 1950 TO 2017


WEATHER ITEM   OBSERVED TIME   RECORD YEAR NORMAL DEPARTURE LAST
                VALUE   (LST)  VALUE       VALUE  FROM      YEAR
                                                  NORMAL
..................................................................
TEMPERATURE (F)
 YESTERDAY
  MAXIMUM         68    325 PM  95    1986  77     -9       85
  MINIMUM         35    639 AM  31    2013  44     -9       38
                                      2007
                                      1960
  AVERAGE         52                        60     -8       62

PRECIPITATION (IN)
  YESTERDAY        0.00          0.46 2003   0.02  -0.02     0.00
  MONTH TO DATE    0.37                      0.59  -0.22     0.00
  SINCE OCT 1      3.36                      2.07   1.29     1.63
  SINCE JAN 1      1.68                      1.26   0.42     1.20

DEGREE DAYS
 HEATING
  YESTERDAY       13                         6      7        3
  MONTH TO DATE   95                       190    -95      102
  SINCE DEC 1    723                       883   -160      826
  SINCE JUL 1    841                      1050   -209     1025

 COOLING
  YESTERDAY        0                         1     -1        0
  MONTH TO DATE   32                         5     27       52
  SINCE DEC 1     34                         8     26       52
  SINCE JAN 1     32                         7     25       52
..................................................................


WIND (MPH)
  RESULTANT WIND SPEED   1   RESULTANT WIND DIRECTION   E (70)
  HIGHEST WIND SPEED    17   HIGHEST WIND DIRECTION     N (340)
  HIGHEST GUST SPEED    21   HIGHEST GUST DIRECTION    NW (330)
  AVERAGE WIND SPEED     4.3


SKY COVER
  POSSIBLE SUNSHINE  MM
  AVERAGE SKY COVER 0.1


WEATHER CONDITIONS
 THE FOLLOWING WEATHER WAS RECORDED YESTERDAY.
  NO SIGNIFICANT WEATHER WAS OBSERVED.


RELATIVE HUMIDITY (PERCENT)
 HIGHEST    85           600 AM
 LOWEST     21           300 PM
 AVERAGE    53

..........................................................


THE THERMAL AIRPORT CA CLIMATE NORMALS FOR TODAY
                         NORMAL    RECORD    YEAR
 MAXIMUM TEMPERATURE (F)   77        98      1986
 MINIMUM TEMPERATURE (F)   44        30      1996


SUNRISE AND SUNSET
FEBRUARY 26 2017......SUNRISE   616 AM PST   SUNSET   539 PM PST
FEBRUARY 27 2017......SUNRISE   615 AM PST   SUNSET   540 PM PST


-  INDICATES NEGATIVE NUMBERS.
R  INDICATES RECORD WAS SET OR TIED.
MM INDICATES DATA IS MISSING.
T  INDICATES TRACE AMOUNT.




$$
