000
CDUS46 KPQR 261141
CLITTD


CLIMATE REPORT
NATIONAL WEATHER SERVICE PORTLAND OREGON
440 AM PDT THU MAR 26 2015


...................................

...THE TROUTDALE OR CLIMATE SUMMARY FOR MARCH 25 2015...

CLIMATE NORMAL PERIOD 1981 TO 2010
CLIMATE RECORD PERIOD 1948 TO 2015


WEATHER ITEM   OBSERVED TIME   RECORD YEAR NORMAL DEPARTURE LAST
                VALUE   (LST)  VALUE       VALUE  FROM      YEAR
                                                  NORMAL
..................................................................
TEMPERATURE (F)
 YESTERDAY
  MAXIMUM         63    327 PM  70    1966  58      5       61
  MINIMUM         48    713 AM  29    1957  40      8       46
                                      1950
  AVERAGE         56                        49      7       54

PRECIPITATION (IN)
  YESTERDAY        0.20                      0.14   0.06     0.29
  MONTH TO DATE    3.80                      3.77   0.03     3.50
  SINCE OCT 1     24.64                     33.44  -8.80    17.15
  SINCE JAN 1      9.68                     15.04  -5.36     9.56

DEGREE DAYS
 HEATING
  YESTERDAY        9                        16     -7       11
  MONTH TO DATE  326                       451   -125      384

 COOLING
  YESTERDAY        0                         0      0        0
  MONTH TO DATE    0                         0      0        0
..................................................................


WIND (MPH)
  HIGHEST WIND SPEED    14   HIGHEST WIND DIRECTION    SW (230)
  HIGHEST GUST SPEED    19   HIGHEST GUST DIRECTION     W (250)
  AVERAGE WIND SPEED     6.2


SKY COVER
  POSSIBLE SUNSHINE  MM
  AVERAGE SKY COVER 0.8


WEATHER CONDITIONS
 THE FOLLOWING WEATHER WAS RECORDED YESTERDAY.
  LIGHT RAIN
  FOG


RELATIVE HUMIDITY (PERCENT)
 HIGHEST    96          1000 PM
 LOWEST     65           300 PM
 AVERAGE    81

..........................................................


THE TROUTDALE OR CLIMATE NORMALS FOR TODAY
                         NORMAL    RECORD    YEAR
 MAXIMUM TEMPERATURE (F)   58        77      1994
 MINIMUM TEMPERATURE (F)   40        29      1996


SUNRISE AND SUNSET
MARCH 26 2015.........SUNRISE   702 AM PDT   SUNSET   730 PM PDT
MARCH 27 2015.........SUNRISE   700 AM PDT   SUNSET   731 PM PDT


-  INDICATES NEGATIVE NUMBERS.
R  INDICATES RECORD WAS SET OR TIED.
MM INDICATES DATA IS MISSING.
T  INDICATES TRACE AMOUNT.




$$
