000
CDUS46 KPQR 130221
CLITTD


CLIMATE REPORT
NATIONAL WEATHER SERVICE PORTLAND OREGON
720 PM PDT SAT JUL 12 2014


...................................

...THE TROUTDALE OR CLIMATE SUMMARY FOR JULY 12 2014...
VALID TODAY AS OF 0700 PM LOCAL TIME.

CLIMATE NORMAL PERIOD 1981 TO 2010
CLIMATE RECORD PERIOD 9999 TO 9999


WEATHER ITEM   OBSERVED TIME   NORMAL DEPARTURE LAST
                VALUE   (LST)  VALUE  FROM      YEAR
                                      NORMAL
......................................................
TEMPERATURE (F)
 TODAY
  MAXIMUM         93    500 PM  81     12       74
  MINIMUM         62        MM  54      8       48
  AVERAGE         78            67     11       61

PRECIPITATION (IN)
  TODAY            0.00          0.03  -0.03     0.00
  MONTH TO DATE    0.00          0.37  -0.37     0.00
  SINCE OCT 1     28.08         43.89 -15.81    36.50
  SINCE JAN 1     20.49         25.49  -5.00    16.52

DEGREE DAYS
 HEATING
  TODAY            0             1     -1        4
  MONTH TO DATE    0            17    -17        5

 COOLING
  TODAY           13             3     10        0
  MONTH TO DATE   99            31     68       57
......................................................


WIND (MPH)
  HIGHEST WIND SPEED     6   HIGHEST WIND DIRECTION     E (99)
  HIGHEST GUST SPEED    MM   HIGHEST GUST DIRECTION    MM
  AVERAGE WIND SPEED     3.1


SKY COVER
  POSSIBLE SUNSHINE  MM
  AVERAGE SKY COVER 0.0


WEATHER CONDITIONS
 THE FOLLOWING WEATHER WAS RECORDED TODAY.
  NO SIGNIFICANT WEATHER WAS OBSERVED.


RELATIVE HUMIDITY (PERCENT)
 HIGHEST    84           300 AM
 LOWEST     26           500 PM
 AVERAGE    55

..........................................................


THE TROUTDALE OR CLIMATE NORMALS FOR TOMORROW
                         NORMAL    RECORD    YEAR
 MAXIMUM TEMPERATURE (F)   81       104      1961
 MINIMUM TEMPERATURE (F)   54        43      1989


SUNRISE AND SUNSET
JULY 12 2014..........SUNRISE   533 AM PDT   SUNSET   857 PM PDT
JULY 13 2014..........SUNRISE   534 AM PDT   SUNSET   857 PM PDT


-  INDICATES NEGATIVE NUMBERS.
R  INDICATES RECORD WAS SET OR TIED.
MM INDICATES DATA IS MISSING.
T  INDICATES TRACE AMOUNT.




$$
