482
CDUS46 KPQR 071142
CLITTD


CLIMATE REPORT
NATIONAL WEATHER SERVICE PORTLAND OREGON
342 AM PST WED DEC 7 2016


...................................

...THE TROUTDALE OR CLIMATE SUMMARY FOR DECEMBER 6 2016...

CLIMATE NORMAL PERIOD 1981 TO 2010
CLIMATE RECORD PERIOD 1948 TO 2016


WEATHER ITEM   OBSERVED TIME   RECORD YEAR NORMAL DEPARTURE LAST
                VALUE   (LST)  VALUE       VALUE  FROM      YEAR
                                                  NORMAL
..................................................................
TEMPERATURE (F)
 YESTERDAY
  MAXIMUM         44    257 PM  62    1988  46     -2       58
  MINIMUM         29   1112 PM  16    1972  35     -6       44
  AVERAGE         37                        40     -3       51

PRECIPITATION (IN)
  YESTERDAY        T                         0.22  -0.22     0.47
  MONTH TO DATE    0.29                      1.37  -1.08     1.54
  SINCE OCT 1     18.25                     12.60   5.65    10.33
  SINCE JAN 1     40.76                     41.17  -0.41    27.44

DEGREE DAYS
 HEATING
  YESTERDAY       28                        25      3       14
  MONTH TO DATE  135                       146    -11      131

 COOLING
  YESTERDAY        0                         0      0        0
  MONTH TO DATE    0                         0      0        0
..................................................................


WIND (MPH)
  HIGHEST WIND SPEED    12   HIGHEST WIND DIRECTION    NE (60)
  HIGHEST GUST SPEED    14   HIGHEST GUST DIRECTION    NE (50)
  AVERAGE WIND SPEED     2.6


SKY COVER
  POSSIBLE SUNSHINE  MM
  AVERAGE SKY COVER 0.5


WEATHER CONDITIONS
 THE FOLLOWING WEATHER WAS RECORDED YESTERDAY.
  NO SIGNIFICANT WEATHER WAS OBSERVED.


RELATIVE HUMIDITY (PERCENT)
 HIGHEST    92          1200 AM
 LOWEST     49           300 PM
 AVERAGE    71

..........................................................


THE TROUTDALE OR CLIMATE NORMALS FOR TODAY
                         NORMAL    RECORD    YEAR
 MAXIMUM TEMPERATURE (F)   46        62      2015
 MINIMUM TEMPERATURE (F)   34        12      1956


SUNRISE AND SUNSET
DECEMBER  7 2016......SUNRISE   737 AM PST   SUNSET   426 PM PST
DECEMBER  8 2016......SUNRISE   738 AM PST   SUNSET   426 PM PST


-  INDICATES NEGATIVE NUMBERS.
R  INDICATES RECORD WAS SET OR TIED.
MM INDICATES DATA IS MISSING.
T  INDICATES TRACE AMOUNT.




$$
