000
CDUS46 KPQR 021155
CLITTD


CLIMATE REPORT
NATIONAL WEATHER SERVICE PORTLAND OREGON
454 AM PDT TUE SEP 2 2014


...................................

...THE TROUTDALE OR CLIMATE SUMMARY FOR SEPTEMBER 1 2014...

CLIMATE NORMAL PERIOD 1981 TO 2010
CLIMATE RECORD PERIOD 9999 TO 9999


WEATHER ITEM   OBSERVED TIME   NORMAL DEPARTURE LAST
                VALUE   (LST)  VALUE  FROM      YEAR
                                      NORMAL
......................................................
TEMPERATURE (F)
 YESTERDAY
  MAXIMUM         81    506 PM  80      1       84
  MINIMUM         52    419 AM  52      0       58
  AVERAGE         67            66      1       71

PRECIPITATION (IN)
  YESTERDAY        0.00          0.04  -0.04     0.00
  MONTH TO DATE    0.00          0.04  -0.04     0.00
  SINCE OCT 1     29.27         45.16 -15.89    36.80
  SINCE JAN 1     21.68         26.76  -5.08    16.82

DEGREE DAYS
 HEATING
  YESTERDAY        0             2     -2        0
  MONTH TO DATE    0             2     -2        0

 COOLING
  YESTERDAY        2             3     -1        6
  MONTH TO DATE    2             3     -1        6
......................................................


WIND (MPH)
  HIGHEST WIND SPEED     9   HIGHEST WIND DIRECTION     W (250)
  HIGHEST GUST SPEED    MM   HIGHEST GUST DIRECTION    MM
  AVERAGE WIND SPEED     3.3


SKY COVER
  POSSIBLE SUNSHINE  MM
  AVERAGE SKY COVER 0.2


WEATHER CONDITIONS
 THE FOLLOWING WEATHER WAS RECORDED YESTERDAY.
  NO SIGNIFICANT WEATHER WAS OBSERVED.


RELATIVE HUMIDITY (PERCENT)
 HIGHEST    93           400 AM
 LOWEST     30           200 PM
 AVERAGE    62

..........................................................


THE TROUTDALE OR CLIMATE NORMALS FOR TODAY
                         NORMAL    RECORD    YEAR
 MAXIMUM TEMPERATURE (F)   80       100      1998
 MINIMUM TEMPERATURE (F)   52        38      1989


SUNRISE AND SUNSET
SEPTEMBER  2 2014.....SUNRISE   632 AM PDT   SUNSET   745 PM PDT
SEPTEMBER  3 2014.....SUNRISE   633 AM PDT   SUNSET   743 PM PDT


-  INDICATES NEGATIVE NUMBERS.
R  INDICATES RECORD WAS SET OR TIED.
MM INDICATES DATA IS MISSING.
T  INDICATES TRACE AMOUNT.




$$
