000
CDUS46 KPQR 222320
CLITTD


CLIMATE REPORT
NATIONAL WEATHER SERVICE PORTLAND OREGON
420 PM PDT SAT JUL 22 2017


...................................

...THE TROUTDALE OR CLIMATE SUMMARY FOR JULY 22 2017...
VALID TODAY AS OF 0400 PM LOCAL TIME.

CLIMATE NORMAL PERIOD 1981 TO 2010
CLIMATE RECORD PERIOD 1948 TO 2017


WEATHER ITEM   OBSERVED TIME   RECORD YEAR NORMAL DEPARTURE LAST
                VALUE   (LST)  VALUE       VALUE  FROM      YEAR
                                                  NORMAL
..................................................................
TEMPERATURE (F)
 TODAY
  MAXIMUM         91    257 PM 100    1978  83      8       71
  MINIMUM         58    451 AM  45    1954  55      3       60
  AVERAGE         75                        69      6       66

PRECIPITATION (IN)
  TODAY            0.00                      0.02  -0.02     0.32
  MONTH TO DATE    T                         0.60  -0.60     0.76
  SINCE OCT 1     48.20                     44.12   4.08    40.05
  SINCE JAN 1     27.11                     25.72   1.39    20.23

DEGREE DAYS
 HEATING
  TODAY            0                         1     -1        0
  MONTH TO DATE    0                        27    -27        6

 COOLING
  TODAY           10                         5      5        1
  MONTH TO DATE   93                        71     22       63
..................................................................


WIND (MPH)
  HIGHEST WIND SPEED    10   HIGHEST WIND DIRECTION    NW (310)
  HIGHEST GUST SPEED    16   HIGHEST GUST DIRECTION    NW (320)
  AVERAGE WIND SPEED     3.2


SKY COVER
  POSSIBLE SUNSHINE  MM
  AVERAGE SKY COVER 0.0


WEATHER CONDITIONS
 THE FOLLOWING WEATHER WAS RECORDED TODAY.
  NO SIGNIFICANT WEATHER WAS OBSERVED.


RELATIVE HUMIDITY (PERCENT)
 HIGHEST    80           500 AM
 LOWEST     36           300 PM
 AVERAGE    58

..........................................................


THE TROUTDALE OR CLIMATE NORMALS FOR TOMORROW
                         NORMAL    RECORD    YEAR
 MAXIMUM TEMPERATURE (F)   83       103      1991
 MINIMUM TEMPERATURE (F)   55        38      1989


SUNRISE AND SUNSET
JULY 22 2017..........SUNRISE   543 AM PDT   SUNSET   849 PM PDT
JULY 23 2017..........SUNRISE   544 AM PDT   SUNSET   848 PM PDT


-  INDICATES NEGATIVE NUMBERS.
R  INDICATES RECORD WAS SET OR TIED.
MM INDICATES DATA IS MISSING.
T  INDICATES TRACE AMOUNT.




$$
