000
CDUS46 KPQR 291146
CLITTD


CLIMATE REPORT
NATIONAL WEATHER SERVICE PORTLAND OREGON
446 AM PDT WED MAR 29 2017


...................................

...THE TROUTDALE OR CLIMATE SUMMARY FOR MARCH 28 2017...

CLIMATE NORMAL PERIOD 1981 TO 2010
CLIMATE RECORD PERIOD 1948 TO 2017


WEATHER ITEM   OBSERVED TIME   RECORD YEAR NORMAL DEPARTURE LAST
                VALUE   (LST)  VALUE       VALUE  FROM      YEAR
                                                  NORMAL
..................................................................
TEMPERATURE (F)
 YESTERDAY
  MAXIMUM         60    509 PM  79    1994  59      1       55
  MINIMUM         46    448 AM  29    1962  40      6       37
  AVERAGE         53                        49      4       46

PRECIPITATION (IN)
  YESTERDAY        0.07                      0.14  -0.07      T
  MONTH TO DATE    7.06                      4.21   2.85     4.57
  SINCE OCT 1     38.53                     33.88   4.65    32.53
  SINCE JAN 1     17.44                     15.48   1.96    12.71

DEGREE DAYS
 HEATING
  YESTERDAY       12                        16     -4       19
  MONTH TO DATE  458                       499    -41      423

 COOLING
  YESTERDAY        0                         0      0        0
  MONTH TO DATE    0                         0      0        0
..................................................................


WIND (MPH)
  HIGHEST WIND SPEED    18   HIGHEST WIND DIRECTION    SW (220)
  HIGHEST GUST SPEED    26   HIGHEST GUST DIRECTION    SW (220)
  AVERAGE WIND SPEED     5.3


SKY COVER
  POSSIBLE SUNSHINE  MM
  AVERAGE SKY COVER 1.0


WEATHER CONDITIONS
 THE FOLLOWING WEATHER WAS RECORDED YESTERDAY.
  LIGHT RAIN


RELATIVE HUMIDITY (PERCENT)
 HIGHEST    93           300 AM
 LOWEST     47           300 PM
 AVERAGE    70

..........................................................


THE TROUTDALE OR CLIMATE NORMALS FOR TODAY
                         NORMAL    RECORD    YEAR
 MAXIMUM TEMPERATURE (F)   59        76      1994
 MINIMUM TEMPERATURE (F)   40        31      2008


SUNRISE AND SUNSET
MARCH 29 2017.........SUNRISE   655 AM PDT   SUNSET   734 PM PDT
MARCH 30 2017.........SUNRISE   653 AM PDT   SUNSET   736 PM PDT


-  INDICATES NEGATIVE NUMBERS.
R  INDICATES RECORD WAS SET OR TIED.
MM INDICATES DATA IS MISSING.
T  INDICATES TRACE AMOUNT.




$$
