000
CDUS46 KPQR 261142
CLITTD


CLIMATE REPORT
NATIONAL WEATHER SERVICE PORTLAND OREGON
341 AM PST FRI DEC 26 2014


...................................

...THE TROUTDALE OR CLIMATE SUMMARY FOR DECEMBER 25 2014...

CLIMATE NORMAL PERIOD 1981 TO 2010
CLIMATE RECORD PERIOD 9999 TO 9999


WEATHER ITEM   OBSERVED TIME   NORMAL DEPARTURE LAST
                VALUE   (LST)  VALUE  FROM      YEAR
                                      NORMAL
......................................................
TEMPERATURE (F)
 YESTERDAY
  MAXIMUM         49   1244 PM  44      5       41
  MINIMUM         41   1035 PM  32      9       33
  AVERAGE         45            38      7       37

PRECIPITATION (IN)
  YESTERDAY        0.16          0.25  -0.09     0.00
  MONTH TO DATE    3.66          5.79  -2.13     2.37
  SINCE OCT 1     14.32         17.02  -2.70     7.59
  SINCE JAN 1     37.02         45.59  -8.57    28.51

DEGREE DAYS
 HEATING
  YESTERDAY       20            27     -7       28
  MONTH TO DATE  488           647   -159      703

 COOLING
  YESTERDAY        0             0      0        0
  MONTH TO DATE    0             0      0        0
......................................................


WIND (MPH)
  HIGHEST WIND SPEED    10   HIGHEST WIND DIRECTION     W (250)
  HIGHEST GUST SPEED    13   HIGHEST GUST DIRECTION    SW (230)
  AVERAGE WIND SPEED     3.1


SKY COVER
  POSSIBLE SUNSHINE  MM
  AVERAGE SKY COVER 1.0


WEATHER CONDITIONS
 THE FOLLOWING WEATHER WAS RECORDED YESTERDAY.
  LIGHT RAIN
  FOG


RELATIVE HUMIDITY (PERCENT)
 HIGHEST    96           700 PM
 LOWEST     77          1200 PM
 AVERAGE    87

..........................................................


THE TROUTDALE OR CLIMATE NORMALS FOR TODAY
                         NORMAL    RECORD    YEAR
 MAXIMUM TEMPERATURE (F)   44        68      1980
 MINIMUM TEMPERATURE (F)   32        16      1990


SUNRISE AND SUNSET
DECEMBER 26 2014......SUNRISE   749 AM PST   SUNSET   432 PM PST
DECEMBER 27 2014......SUNRISE   749 AM PST   SUNSET   433 PM PST


-  INDICATES NEGATIVE NUMBERS.
R  INDICATES RECORD WAS SET OR TIED.
MM INDICATES DATA IS MISSING.
T  INDICATES TRACE AMOUNT.




$$
