000
CDUS46 KPQR 300221
CLITTD


CLIMATE REPORT
NATIONAL WEATHER SERVICE PORTLAND OREGON
720 PM PDT MON MAY 29 2017


...................................

...THE TROUTDALE OR CLIMATE SUMMARY FOR MAY 29 2017...
VALID TODAY AS OF 0700 PM LOCAL TIME.

CLIMATE NORMAL PERIOD 1981 TO 2010
CLIMATE RECORD PERIOD 1948 TO 2017


WEATHER ITEM   OBSERVED TIME   RECORD YEAR NORMAL DEPARTURE LAST
                VALUE   (LST)  VALUE       VALUE  FROM      YEAR
                                                  NORMAL
..................................................................
TEMPERATURE (F)
 TODAY
  MAXIMUM         73    559 PM  90    1995  71      2       71
  MINIMUM         55    613 AM  35    1951  49      6       53
  AVERAGE         64                        60      4       62

PRECIPITATION (IN)
  TODAY            0.00                      0.10  -0.10      T
  MONTH TO DATE    2.19                      2.75  -0.56     1.87
  SINCE OCT 1     46.45                     40.91   5.54    36.89
  SINCE JAN 1     25.36                     22.51   2.85    17.07

DEGREE DAYS
 HEATING
  TODAY            1                         6     -5        3
  MONTH TO DATE  178                       241    -63      116

 COOLING
  TODAY            0                         1     -1        0
  MONTH TO DATE   42                        12     30       23
..................................................................


WIND (MPH)
  HIGHEST WIND SPEED     7   HIGHEST WIND DIRECTION     E (110)
  HIGHEST GUST SPEED    10   HIGHEST GUST DIRECTION    SE (120)
  AVERAGE WIND SPEED     2.9


SKY COVER
  POSSIBLE SUNSHINE  MM
  AVERAGE SKY COVER 0.6


WEATHER CONDITIONS
 THE FOLLOWING WEATHER WAS RECORDED TODAY.
  NO SIGNIFICANT WEATHER WAS OBSERVED.


RELATIVE HUMIDITY (PERCENT)
 HIGHEST    86           200 AM
 LOWEST     61           300 PM
 AVERAGE    74

..........................................................


THE TROUTDALE OR CLIMATE NORMALS FOR TOMORROW
                         NORMAL    RECORD    YEAR
 MAXIMUM TEMPERATURE (F)   71        89      2007
 MINIMUM TEMPERATURE (F)   49        37      1952


SUNRISE AND SUNSET
MAY 29 2017...........SUNRISE   526 AM PDT   SUNSET   849 PM PDT
MAY 30 2017...........SUNRISE   525 AM PDT   SUNSET   850 PM PDT


-  INDICATES NEGATIVE NUMBERS.
R  INDICATES RECORD WAS SET OR TIED.
MM INDICATES DATA IS MISSING.
T  INDICATES TRACE AMOUNT.




$$
