000
CDUS41 KPHI 250601
CLITTN


CLIMATE REPORT
NATIONAL WEATHER SERVICE MOUNT HOLLY NJ
200 AM EDT TUE JUL 25 2017


...................................

...THE TRENTON NJ CLIMATE SUMMARY FOR JULY 24 2017...

CLIMATE NORMAL PERIOD 1981 TO 2010
CLIMATE RECORD PERIOD 1865 TO 2017


WEATHER ITEM   OBSERVED TIME   RECORD YEAR NORMAL DEPARTURE LAST
                VALUE   (LST)  VALUE       VALUE  FROM      YEAR
                                                  NORMAL
..................................................................
TEMPERATURE (F)
 YESTERDAY
  MAXIMUM         82    327 PM  98    1910  86     -4       94
  MINIMUM         65   1159 PM  49    1985  66     -1       69
  AVERAGE         74                        76     -2       82

PRECIPITATION (IN)
  YESTERDAY        1.15          2.10 1997   0.15   1.00     0.00
  MONTH TO DATE    5.45                      3.86   1.59     4.01
  SINCE JUN 1     10.14                      8.27   1.87     6.12
  SINCE JAN 1     27.90                     25.79   2.11    20.16

DEGREE DAYS
 HEATING
  YESTERDAY        0                         0      0        0
  MONTH TO DATE    0                         0      0        0
  SINCE JUN 1     25                        24      1        8
  SINCE JUL 1      0                         0      0        0

 COOLING
  YESTERDAY        9                        11     -2       17
  MONTH TO DATE  311                       255     56      315
  SINCE JUN 1    540                       445     95      538
  SINCE JAN 1    623                       502    121      630
..................................................................


WIND (MPH)
  HIGHEST WIND SPEED    15   HIGHEST WIND DIRECTION     E (110)
  HIGHEST GUST SPEED    20   HIGHEST GUST DIRECTION    SE (120)
  AVERAGE WIND SPEED     7.7


SKY COVER
  POSSIBLE SUNSHINE  MM
  AVERAGE SKY COVER 0.6


WEATHER CONDITIONS
 THE FOLLOWING WEATHER WAS RECORDED YESTERDAY.
  THUNDERSTORM
  HEAVY RAIN
  RAIN
  LIGHT RAIN
  FOG


RELATIVE HUMIDITY (PERCENT)
 HIGHEST   100           700 AM
 LOWEST     67           200 PM
 AVERAGE    84

..........................................................


THE TRENTON NJ CLIMATE NORMALS FOR TODAY
                         NORMAL    RECORD    YEAR
 MAXIMUM TEMPERATURE (F)   86        97      1999
 MINIMUM TEMPERATURE (F)   66        55      1912


SUNRISE AND SUNSET
JULY 25 2017..........SUNRISE   551 AM EDT   SUNSET   820 PM EDT
JULY 26 2017..........SUNRISE   552 AM EDT   SUNSET   819 PM EDT


-  INDICATES NEGATIVE NUMBERS.
R  INDICATES RECORD WAS SET OR TIED.
MM INDICATES DATA IS MISSING.
T  INDICATES TRACE AMOUNT.




$$
