000
CDUS41 KPHI 230544
CLITTN


CLIMATE REPORT
NATIONAL WEATHER SERVICE MOUNT HOLLY NJ
144 AM EDT SAT SEP 23 2017


...................................

...THE TRENTON NJ CLIMATE SUMMARY FOR SEPTEMBER 22 2017...

CLIMATE NORMAL PERIOD 1981 TO 2010
CLIMATE RECORD PERIOD 1865 TO 2017


WEATHER ITEM   OBSERVED TIME   RECORD YEAR NORMAL DEPARTURE LAST
                VALUE   (LST)  VALUE       VALUE  FROM      YEAR
                                                  NORMAL
..................................................................
TEMPERATURE (F)
 YESTERDAY
  MAXIMUM         84    318 PM  97    1895  74     10       85
  MINIMUM         64    610 AM  35    1904  54     10       59
  AVERAGE         74                        64     10       72

PRECIPITATION (IN)
  YESTERDAY        0.00          1.00 1994   0.16  -0.16     0.00
                                      1990
  MONTH TO DATE    1.86                      3.00  -1.14     1.73
  SINCE SEP 1      1.86                      3.00  -1.14     1.73
  SINCE JAN 1     33.03                     33.98  -0.95    26.53

DEGREE DAYS
 HEATING
  YESTERDAY        0                         3     -3        0
  MONTH TO DATE   20                        25     -5        0
  SINCE SEP 1     20                        25     -5        0
  SINCE JUL 1     21                        28     -7        0

 COOLING
  YESTERDAY        9                         2      7        7
  MONTH TO DATE  103                        89     14      194
  SINCE SEP 1    103                        89     14      194
  SINCE JAN 1   1023                       945     78     1345
..................................................................


WIND (MPH)
  HIGHEST WIND SPEED    17   HIGHEST WIND DIRECTION     N (350)
  HIGHEST GUST SPEED    23   HIGHEST GUST DIRECTION     N (350)
  AVERAGE WIND SPEED     8.3


SKY COVER
  POSSIBLE SUNSHINE  MM
  AVERAGE SKY COVER 0.1


WEATHER CONDITIONS
 THE FOLLOWING WEATHER WAS RECORDED YESTERDAY.
  NO SIGNIFICANT WEATHER WAS OBSERVED.


RELATIVE HUMIDITY (PERCENT)
 HIGHEST    78          1200 AM
 LOWEST     39          1100 AM
 AVERAGE    59

..........................................................


THE TRENTON NJ CLIMATE NORMALS FOR TODAY
                         NORMAL    RECORD    YEAR
 MAXIMUM TEMPERATURE (F)   73        97      1895
 MINIMUM TEMPERATURE (F)   53        38      1904


SUNRISE AND SUNSET
SEPTEMBER 23 2017.....SUNRISE   648 AM EDT   SUNSET   654 PM EDT
SEPTEMBER 24 2017.....SUNRISE   649 AM EDT   SUNSET   653 PM EDT


-  INDICATES NEGATIVE NUMBERS.
R  INDICATES RECORD WAS SET OR TIED.
MM INDICATES DATA IS MISSING.
T  INDICATES TRACE AMOUNT.




$$
