148
CDUS41 KPHI 100633
CLITTN


CLIMATE REPORT
NATIONAL WEATHER SERVICE MOUNT HOLLY NJ
132 AM EST SAT DEC 10 2016


...................................

...THE TRENTON NJ CLIMATE SUMMARY FOR DECEMBER 9 2016...

CLIMATE NORMAL PERIOD 1981 TO 2010
CLIMATE RECORD PERIOD 1865 TO 2016


WEATHER ITEM   OBSERVED TIME   RECORD YEAR NORMAL DEPARTURE LAST
                VALUE   (LST)  VALUE       VALUE  FROM      YEAR
                                                  NORMAL
..................................................................
TEMPERATURE (F)
 YESTERDAY
  MAXIMUM         38    138 PM  69    1966  45     -7       55
  MINIMUM         28   1159 PM  12    2002  30     -2       30
                                      1902
                                      1880
  AVERAGE         33                        37     -4       43

PRECIPITATION (IN)
  YESTERDAY        0.00          2.25 1978   0.13  -0.13     0.00
  MONTH TO DATE    0.98                      1.23  -0.25     0.74
  SINCE DEC 1      0.98                      1.23  -0.25     0.74
  SINCE JAN 1     33.15                     43.97 -10.82    36.13

SNOWFALL (IN)
  YESTERDAY       MM            MM      MM  MM     MM       MM
  MONTH TO DATE   MM                        MM     MM       MM
  SINCE DEC 1     MM                        MM     MM       MM
  SINCE JUL 1     MM                        MM     MM       MM
  SNOW DEPTH      MM

DEGREE DAYS
 HEATING
  YESTERDAY       32                        28      4       22
  MONTH TO DATE  214                       236    -22      186
  SINCE DEC 1    214                       236    -22      186
  SINCE JUL 1   1024                      1212   -188      932

 COOLING
  YESTERDAY        0                         0      0        0
  MONTH TO DATE    0                         0      0        0
  SINCE DEC 1      0                         0      0        0
  SINCE JAN 1   1381                       965    416     1275
..................................................................


WIND (MPH)
  HIGHEST WIND SPEED    21   HIGHEST WIND DIRECTION    NW (310)
  HIGHEST GUST SPEED    30   HIGHEST GUST DIRECTION    NW (300)
  AVERAGE WIND SPEED     9.3


SKY COVER
  POSSIBLE SUNSHINE  MM
  AVERAGE SKY COVER 0.3


WEATHER CONDITIONS
 THE FOLLOWING WEATHER WAS RECORDED YESTERDAY.
  NO SIGNIFICANT WEATHER WAS OBSERVED.


RELATIVE HUMIDITY (PERCENT)
 HIGHEST    69          1100 PM
 LOWEST     40           200 PM
 AVERAGE    55

..........................................................


THE TRENTON NJ CLIMATE NORMALS FOR TODAY
                         NORMAL    RECORD    YEAR
 MAXIMUM TEMPERATURE (F)   45        72      1966
 MINIMUM TEMPERATURE (F)   29         4      1876


SUNRISE AND SUNSET
DECEMBER 10 2016......SUNRISE   711 AM EST   SUNSET   433 PM EST
DECEMBER 11 2016......SUNRISE   712 AM EST   SUNSET   433 PM EST


-  INDICATES NEGATIVE NUMBERS.
R  INDICATES RECORD WAS SET OR TIED.
MM INDICATES DATA IS MISSING.
T  INDICATES TRACE AMOUNT.




$$
