000
CDUS41 KPHI 190623
CLITTN


CLIMATE REPORT
NATIONAL WEATHER SERVICE MOUNT HOLLY NJ
120 AM EST FRI JAN 19 2018


...................................

...THE TRENTON NJ CLIMATE SUMMARY FOR JANUARY 18 2018...

CLIMATE NORMAL PERIOD 1981 TO 2010
CLIMATE RECORD PERIOD 1865 TO 2018


WEATHER ITEM   OBSERVED TIME   RECORD YEAR NORMAL DEPARTURE LAST
                VALUE   (LST)  VALUE       VALUE  FROM      YEAR
                                                  NORMAL
..................................................................
TEMPERATURE (F)
 YESTERDAY
  MAXIMUM         32    427 PM  64    2006  39     -7       44
                                      1990
                                      1986
  MINIMUM         15    725 AM  -4    1893  23     -8       38
  AVERAGE         24                        31     -7       41

PRECIPITATION (IN)
  YESTERDAY        0.00          1.97 2015   0.09  -0.09     0.05
  MONTH TO DATE    1.55                      1.89  -0.34     1.79
  SINCE DEC 1      3.14                      5.59  -2.45     4.44
  SINCE JAN 1      1.55                      1.89  -0.34     1.79

DEGREE DAYS
 HEATING
  YESTERDAY       41                        34      7       24
  MONTH TO DATE  708                       611     97      544
  SINCE DEC 1   1675                      1530    145     1418
  SINCE JUL 1   2461                      2506    -45     2228

 COOLING
  YESTERDAY        0                         0      0        0
  MONTH TO DATE    0                         0      0        0
  SINCE DEC 1      0                         0      0        0
  SINCE JAN 1      0                         0      0        0
..................................................................


WIND (MPH)
  HIGHEST WIND SPEED    16   HIGHEST WIND DIRECTION    NW (320)
  HIGHEST GUST SPEED    25   HIGHEST GUST DIRECTION    NE (27)
  AVERAGE WIND SPEED     6.8


SKY COVER
  POSSIBLE SUNSHINE  MM
  AVERAGE SKY COVER 0.0


WEATHER CONDITIONS
 THE FOLLOWING WEATHER WAS RECORDED YESTERDAY.
  NO SIGNIFICANT WEATHER WAS OBSERVED.


RELATIVE HUMIDITY (PERCENT)
 HIGHEST    MM
 LOWEST     MM
 AVERAGE    MM

..........................................................


THE TRENTON NJ CLIMATE NORMALS FOR TODAY
                         NORMAL    RECORD    YEAR
 MAXIMUM TEMPERATURE (F)   39        65      1951
 MINIMUM TEMPERATURE (F)   23        -8      1875


SUNRISE AND SUNSET
JANUARY 19 2018.......SUNRISE   718 AM EST   SUNSET   502 PM EST
JANUARY 20 2018.......SUNRISE   718 AM EST   SUNSET   503 PM EST


-  INDICATES NEGATIVE NUMBERS.
R  INDICATES RECORD WAS SET OR TIED.
MM INDICATES DATA IS MISSING.
T  INDICATES TRACE AMOUNT.




$$
