000
CDUS41 KPHI 202128
CLITTN


CLIMATE REPORT
NATIONAL WEATHER SERVICE MOUNT HOLLY NJ
426 PM EST MON FEB 20 2017


...................................

...THE TRENTON NJ CLIMATE SUMMARY FOR FEBRUARY 20 2017...
VALID TODAY AS OF 0400 PM LOCAL TIME.

CLIMATE NORMAL PERIOD 1981 TO 2010
CLIMATE RECORD PERIOD 1865 TO 2017


WEATHER ITEM   OBSERVED TIME   RECORD YEAR NORMAL DEPARTURE LAST
                VALUE   (LST)  VALUE       VALUE  FROM      YEAR
                                                  NORMAL
..................................................................
TEMPERATURE (F)
 TODAY
  MAXIMUM         57    343 PM  70    1930  43     14       62
  MINIMUM         42    645 AM   0    2015  27     15       36
  AVERAGE         50                        35     15       49

PRECIPITATION (IN)
  TODAY            0.00          1.70 1921   0.09  -0.09     0.00
  MONTH TO DATE    0.99                      1.58  -0.59     2.00
  SINCE DEC 1      7.01                      8.44  -1.43     9.70
  SINCE JAN 1      4.36                      4.74  -0.38     5.29

DEGREE DAYS
 HEATING
  TODAY           15                        30    -15       16
  MONTH TO DATE  532                       635   -103      636
  SINCE DEC 1   2284                      2605   -321     2159
  SINCE JUL 1   3094                      3581   -487     2905

 COOLING
  TODAY            0                         0      0        0
  MONTH TO DATE    0                         0      0        0
  SINCE DEC 1      0                         0      0        2
  SINCE JAN 1      0                         0      0        0
..................................................................


WIND (MPH)
  HIGHEST WIND SPEED    20   HIGHEST WIND DIRECTION     N (340)
  HIGHEST GUST SPEED    26   HIGHEST GUST DIRECTION     N (350)
  AVERAGE WIND SPEED     9.4


SKY COVER
  POSSIBLE SUNSHINE  MM
  AVERAGE SKY COVER 0.0


WEATHER CONDITIONS
 THE FOLLOWING WEATHER WAS RECORDED TODAY.
  NO SIGNIFICANT WEATHER WAS OBSERVED.


RELATIVE HUMIDITY (PERCENT)
 HIGHEST    67           700 AM
 LOWEST     24           400 PM
 AVERAGE    46

..........................................................


THE TRENTON NJ CLIMATE NORMALS FOR TOMORROW
                         NORMAL    RECORD    YEAR
 MAXIMUM TEMPERATURE (F)   44        70      1930
 MINIMUM TEMPERATURE (F)   27         3      2015


SUNRISE AND SUNSET
FEBRUARY 20 2017......SUNRISE   646 AM EST   SUNSET   541 PM EST
FEBRUARY 21 2017......SUNRISE   644 AM EST   SUNSET   542 PM EST


-  INDICATES NEGATIVE NUMBERS.
R  INDICATES RECORD WAS SET OR TIED.
MM INDICATES DATA IS MISSING.
T  INDICATES TRACE AMOUNT.




$$
