000
CDUS41 KPHI 300628
CLITTN


CLIMATE REPORT
NATIONAL WEATHER SERVICE MOUNT HOLLY NJ
228 AM EDT SAT AUG 30 2014


...................................

...THE TRENTON NJ CLIMATE SUMMARY FOR AUGUST 29 2014...

CLIMATE NORMAL PERIOD 1981 TO 2010
CLIMATE RECORD PERIOD 1865 TO 2014


WEATHER ITEM   OBSERVED TIME   RECORD YEAR NORMAL DEPARTURE LAST
                VALUE   (LST)  VALUE       VALUE  FROM      YEAR
                                                  NORMAL
..................................................................
TEMPERATURE (F)
 YESTERDAY
  MAXIMUM         79    146 PM  97    2010  82     -3       81
  MINIMUM         56    541 AM  41    1986  62     -6       68
  AVERAGE         68                        72     -4       75

PRECIPITATION (IN)
  YESTERDAY        0.00          2.63 1959   0.10  -0.10     0.00
  MONTH TO DATE    3.40                      3.87  -0.47     3.93
  SINCE JUN 1     11.07                     13.23  -2.16    19.53
  SINCE JAN 1     31.40                     30.75   0.65    32.35

SNOWFALL (IN)
  YESTERDAY       MM            MM      MM  MM     MM       MM
  MONTH TO DATE   MM                        MM     MM       MM
  SINCE JUN 1     MM                        MM     MM       MM
  SINCE JUL 1     MM                        MM     MM       MM
  SNOW DEPTH      MM

DEGREE DAYS
 HEATING
  YESTERDAY        0                         0      0        0
  MONTH TO DATE    0                         0      0        0
  SINCE JUN 1      3                        24    -21        4
  SINCE JUL 1      0                         0      0        0

 COOLING
  YESTERDAY        3                         7     -4       10
  MONTH TO DATE  202                       265    -63      205
  SINCE JUN 1    722                       785    -63      837
  SINCE JAN 1    766                       842    -76      927
..................................................................


WIND (MPH)
  HIGHEST WIND SPEED    14   HIGHEST WIND DIRECTION     S (160)
  HIGHEST GUST SPEED    17   HIGHEST GUST DIRECTION     S (160)
  AVERAGE WIND SPEED     5.5


SKY COVER
  POSSIBLE SUNSHINE  MM
  AVERAGE SKY COVER 0.0


WEATHER CONDITIONS
 THE FOLLOWING WEATHER WAS RECORDED YESTERDAY.
  NO SIGNIFICANT WEATHER WAS OBSERVED.


RELATIVE HUMIDITY (PERCENT)
 HIGHEST    77           500 AM
 LOWEST     39           100 PM
 AVERAGE    58

..........................................................


THE TRENTON NJ CLIMATE NORMALS FOR TODAY
                         NORMAL    RECORD    YEAR
 MAXIMUM TEMPERATURE (F)   82        98      1953
 MINIMUM TEMPERATURE (F)   62        41      1986


SUNRISE AND SUNSET
AUGUST 30 2014........SUNRISE   625 AM EDT   SUNSET   734 PM EDT
AUGUST 31 2014........SUNRISE   626 AM EDT   SUNSET   733 PM EDT


-  INDICATES NEGATIVE NUMBERS.
R  INDICATES RECORD WAS SET OR TIED.
MM INDICATES DATA IS MISSING.
T  INDICATES TRACE AMOUNT.




$$
