000
CDUS41 KPHI 170628
CLITTN


CLIMATE REPORT
NATIONAL WEATHER SERVICE MOUNT HOLLY NJ
127 AM EST TUE JAN 17 2017


...................................

...THE TRENTON NJ CLIMATE SUMMARY FOR JANUARY 16 2017...

CLIMATE NORMAL PERIOD 1981 TO 2010
CLIMATE RECORD PERIOD 1865 TO 2017


WEATHER ITEM   OBSERVED TIME   RECORD YEAR NORMAL DEPARTURE LAST
                VALUE   (LST)  VALUE       VALUE  FROM      YEAR
                                                  NORMAL
..................................................................
TEMPERATURE (F)
 YESTERDAY
  MAXIMUM         43    254 PM  63    2007  39      4       53
  MINIMUM         21    744 AM  -5    1893  23     -2       38
  AVERAGE         32                        31      1       46

PRECIPITATION (IN)
  YESTERDAY        T             1.14 1924   0.09  -0.09     0.24
  MONTH TO DATE    1.29                      1.71  -0.42     1.80
  SINCE DEC 1      3.94                      5.41  -1.47     6.21
  SINCE JAN 1      1.29                      1.71  -0.42     1.80

DEGREE DAYS
 HEATING
  YESTERDAY       33                        34     -1       19
  MONTH TO DATE  496                       543    -47      499
  SINCE DEC 1   1370                      1462    -92      986
  SINCE JUL 1   2180                      2438   -258     1732

 COOLING
  YESTERDAY        0                         0      0        0
  MONTH TO DATE    0                         0      0        0
  SINCE DEC 1      0                         0      0        2
  SINCE JAN 1      0                         0      0        0
..................................................................


WIND (MPH)
  HIGHEST WIND SPEED     7   HIGHEST WIND DIRECTION    SW (240)
  HIGHEST GUST SPEED    12   HIGHEST GUST DIRECTION    SW (240)
  AVERAGE WIND SPEED     3.1


SKY COVER
  POSSIBLE SUNSHINE  MM
  AVERAGE SKY COVER 0.3


WEATHER CONDITIONS
 THE FOLLOWING WEATHER WAS RECORDED YESTERDAY.
  LIGHT RAIN


RELATIVE HUMIDITY (PERCENT)
 HIGHEST    92           400 AM
 LOWEST     43           200 PM
 AVERAGE    68

..........................................................


THE TRENTON NJ CLIMATE NORMALS FOR TODAY
                         NORMAL    RECORD    YEAR
 MAXIMUM TEMPERATURE (F)   39        67      1870
 MINIMUM TEMPERATURE (F)   23        -8      1982


SUNRISE AND SUNSET
JANUARY 17 2017.......SUNRISE   719 AM EST   SUNSET   500 PM EST
JANUARY 18 2017.......SUNRISE   718 AM EST   SUNSET   501 PM EST


-  INDICATES NEGATIVE NUMBERS.
R  INDICATES RECORD WAS SET OR TIED.
MM INDICATES DATA IS MISSING.
T  INDICATES TRACE AMOUNT.




$$
