000
CDUS41 KPHI 260628
CLITTN


CLIMATE REPORT
NATIONAL WEATHER SERVICE MOUNT HOLLY NJ
227 AM EDT FRI MAY 26 2017


...................................

...THE TRENTON NJ CLIMATE SUMMARY FOR MAY 25 2017...

CLIMATE NORMAL PERIOD 1981 TO 2010
CLIMATE RECORD PERIOD 1865 TO 2017


WEATHER ITEM   OBSERVED TIME   RECORD YEAR NORMAL DEPARTURE LAST
                VALUE   (LST)  VALUE       VALUE  FROM      YEAR
                                                  NORMAL
..................................................................
TEMPERATURE (F)
 YESTERDAY
  MAXIMUM         62    333 PM  93    1880  75    -13       87
  MINIMUM         55    850 AM  40    1956  53      2       54
  AVERAGE         59                        64     -5       71

PRECIPITATION (IN)
  YESTERDAY        1.25          2.02 1952   0.19   1.06     0.00
  MONTH TO DATE    4.98                      3.28   1.70     2.87
  SINCE MAR 1     12.75                     10.96   1.79     6.16
  SINCE JAN 1     17.49                     16.43   1.06    13.36

DEGREE DAYS
 HEATING
  YESTERDAY        6                         3      3        0
  MONTH TO DATE  166                       151     15      187
  SINCE MAR 1   1215                      1305    -90     1111
  SINCE JUL 1   4434                      5119   -685     4205

 COOLING
  YESTERDAY        0                         2     -2        6
  MONTH TO DATE   47                        33     14        9
  SINCE MAR 1     78                        41     37       21
  SINCE JAN 1     78                        41     37       21
..................................................................


WIND (MPH)
  HIGHEST WIND SPEED    18   HIGHEST WIND DIRECTION     E (100)
  HIGHEST GUST SPEED    28   HIGHEST GUST DIRECTION     E (110)
  AVERAGE WIND SPEED    11.0


SKY COVER
  POSSIBLE SUNSHINE  MM
  AVERAGE SKY COVER 1.0


WEATHER CONDITIONS
 THE FOLLOWING WEATHER WAS RECORDED YESTERDAY.
  THUNDERSTORM
  HEAVY RAIN
  RAIN
  LIGHT RAIN
  FOG


RELATIVE HUMIDITY (PERCENT)
 HIGHEST   100          1000 AM
 LOWEST     80          1200 AM
 AVERAGE    90

..........................................................


THE TRENTON NJ CLIMATE NORMALS FOR TODAY
                         NORMAL    RECORD    YEAR
 MAXIMUM TEMPERATURE (F)   75        94      1880
 MINIMUM TEMPERATURE (F)   54        43      1961


SUNRISE AND SUNSET
MAY 26 2017...........SUNRISE   535 AM EDT   SUNSET   818 PM EDT
MAY 27 2017...........SUNRISE   534 AM EDT   SUNSET   819 PM EDT


-  INDICATES NEGATIVE NUMBERS.
R  INDICATES RECORD WAS SET OR TIED.
MM INDICATES DATA IS MISSING.
T  INDICATES TRACE AMOUNT.




$$
