000
CDUS44 KTSA 300649
CLITUL

CLIMATE REPORT
NATIONAL WEATHER SERVICE TULSA OK
147 AM CDT SAT AUG 30 2014


...................................

...THE TULSA OKLAHOMA CLIMATE SUMMARY FOR AUGUST 29 2014...

CLIMATE NORMAL PERIOD 1981 TO 2010
CLIMATE RECORD PERIOD 1882 TO 2014


WEATHER ITEM   OBSERVED TIME   RECORD YEAR NORMAL DEPARTURE LAST
                VALUE   (LST)  VALUE       VALUE  FROM      YEAR
                                                  NORMAL
..................................................................
TEMPERATURE (F)
 YESTERDAY
  MAXIMUM         92    343 PM 107    1984  91      1       98
  MINIMUM         73    731 AM  51    1931  69      4       78
  AVERAGE         83                        80      3       88

PRECIPITATION (IN)
  YESTERDAY        T             2.36 1955   0.10  -0.10     0.00
  MONTH TO DATE    0.97                      2.67  -1.70     2.88
  SINCE JUN 1     10.06                     10.75  -0.69     9.50
  SINCE JAN 1     18.51                     27.25  -8.74    23.38

DEGREE DAYS
 COOLING
  YESTERDAY       18                        15      3       23
  MONTH TO DATE  519                       504     15      448
  SINCE JUN 1   1340                      1438    -98     1389
  SINCE JAN 1   1611                      1672    -61     1581
..................................................................


WIND (MPH)
  HIGHEST WIND SPEED    20   HIGHEST WIND DIRECTION     S (170)
  HIGHEST GUST SPEED    25   HIGHEST GUST DIRECTION     S (170)
  AVERAGE WIND SPEED     7.6


SKY COVER
  POSSIBLE SUNSHINE  MM
  AVERAGE SKY COVER 0.6


WEATHER CONDITIONS
 THE FOLLOWING WEATHER WAS RECORDED YESTERDAY.
  LIGHT RAIN


RELATIVE HUMIDITY (PERCENT)
 HIGHEST    79          1100 PM
 LOWEST     38           400 PM
 AVERAGE    59

..........................................................


THE TULSA OKLAHOMA CLIMATE NORMALS FOR TODAY
                         NORMAL    RECORD    YEAR
 MAXIMUM TEMPERATURE (F)   91       107      1947
 MINIMUM TEMPERATURE (F)   69        50      1915


SUNRISE AND SUNSET
AUGUST 30 2014........SUNRISE   654 AM CDT   SUNSET   754 PM CDT
AUGUST 31 2014........SUNRISE   654 AM CDT   SUNSET   753 PM CDT


-  INDICATES NEGATIVE NUMBERS.
R  INDICATES RECORD WAS SET OR TIED.
MM INDICATES DATA IS MISSING.
T  INDICATES TRACE AMOUNT.




$$

&&
...........................................................

THE TULSA PRECIPITATION NORMALS FOR TODAY
                       NORMAL    RECORD      YEAR
  TODAY                 0.11      3.43       2003
  MONTH TO DATE         2.78
  YEAR TO DATE         27.36
...........................................................
ALL DATA MEASURED AT THE TULSA INTERNATIONAL AIRPORT...
EXCEPT SNOWFALL...WHICH IS MEASURED AT THE NWS OFFICE.
