000
CDUS44 KTSA 212132
CLITUL

CLIMATE REPORT
NATIONAL WEATHER SERVICE TULSA OK
418 PM CDT FRI JUL 21 2017


...................................

...THE TULSA OKLAHOMA CLIMATE SUMMARY FOR JULY 21 2017...
VALID TODAY AS OF 0400 PM LOCAL TIME.

CLIMATE NORMAL PERIOD 1981 TO 2010
CLIMATE RECORD PERIOD 1882 TO 2017


WEATHER ITEM   OBSERVED TIME   RECORD YEAR NORMAL DEPARTURE LAST
                VALUE   (LST)  VALUE       VALUE  FROM      YEAR
                                                  NORMAL
..................................................................
TEMPERATURE (F)
 TODAY
  MAXIMUM        101    255 PM 109    1939  94      7       99
  MINIMUM         80    553 AM  55    1970  73      7       80
  AVERAGE         91                        83      8       90

PRECIPITATION (IN)
  TODAY            0.00          3.40 1898   0.11  -0.11     0.00
  MONTH TO DATE    2.00                      2.40  -0.40     1.99
  SINCE JUN 1      4.77                      7.12  -2.35     2.76
  SINCE JAN 1     28.70                     23.62   5.08    16.62

DEGREE DAYS
 COOLING
  TODAY           26                        18      8       25
  MONTH TO DATE  390                       368     22      424
  SINCE JUN 1    790                       747     43      957
  SINCE JAN 1   1077                       981     96     1161
..................................................................


WIND (MPH)
  HIGHEST WIND SPEED    18   HIGHEST WIND DIRECTION     S (170)
  HIGHEST GUST SPEED    23   HIGHEST GUST DIRECTION     S (170)
  AVERAGE WIND SPEED    11.4


SKY COVER
  POSSIBLE SUNSHINE  MM
  AVERAGE SKY COVER 0.1


WEATHER CONDITIONS
 THE FOLLOWING WEATHER WAS RECORDED TODAY.
  NO SIGNIFICANT WEATHER WAS OBSERVED.


RELATIVE HUMIDITY (PERCENT)
 HIGHEST    79           400 AM
 LOWEST     37           200 PM
 AVERAGE    58

..........................................................


THE TULSA OKLAHOMA CLIMATE NORMALS FOR TOMORROW
                         NORMAL    RECORD    YEAR
 MAXIMUM TEMPERATURE (F)   94       109      1974
 MINIMUM TEMPERATURE (F)   73        57      1970


SUNRISE AND SUNSET
JULY 21 2017..........SUNRISE   622 AM CDT   SUNSET   837 PM CDT
JULY 22 2017..........SUNRISE   623 AM CDT   SUNSET   837 PM CDT


-  INDICATES NEGATIVE NUMBERS.
R  INDICATES RECORD WAS SET OR TIED.
MM INDICATES DATA IS MISSING.
T  INDICATES TRACE AMOUNT.




$$

&&
...........................................................

TULSA RECORD LOW MAX AND HIGH MIN TEMPERATURES FOR TOMORROW
                      RECORD        YEAR
  LOW MAXIMUM           69          1947
  HIGH MINIMUM          85          1954
...........................................................
ALL DATA MEASURED AT THE TULSA INTERNATIONAL AIRPORT...
EXCEPT SNOWFALL...WHICH IS MEASURED AT THE NWS OFFICE.
