000
CDUS44 KTSA 201515 RRA
CLITUL

CLIMATE REPORT
NATIONAL WEATHER SERVICE TULSA OK
911 AM CST TUE FEB 20 2018


...................................

...THE TULSA OKLAHOMA CLIMATE SUMMARY FOR FEBRUARY 20 2018...
VALID AS OF 0900 AM LOCAL TIME.

CLIMATE NORMAL PERIOD 1981 TO 2010
CLIMATE RECORD PERIOD 1882 TO 2018


WEATHER ITEM   OBSERVED TIME   RECORD YEAR NORMAL DEPARTURE LAST
                VALUE   (LST)  VALUE       VALUE  FROM      YEAR
                                                  NORMAL
..................................................................
TEMPERATURE (F)
 TODAY
  MAXIMUM         70    759 AM  83    1981  55     15       66
  MINIMUM         67   1214 AM   9    1918  33     34       50
  AVERAGE         69                        44     25       58

PRECIPITATION (IN)
  TODAY            T             1.94 1997   0.07  -0.07     0.34
  MONTH TO DATE    0.73                      1.23  -0.50     1.18
  SINCE DEC 1      2.42                      5.38  -2.96     5.04
  SINCE JAN 1      0.99                      2.89  -1.90     4.60

SNOWFALL (IN)
  TODAY            0.0                                       0.0
  MONTH TO DATE    T                                         0.0
  SINCE DEC 1      2.0                                       0.7
  SINCE JUL 1      2.0                                       0.7

DEGREE DAYS
 HEATING
  TODAY            0                        21    -21        7
  MONTH TO DATE  468                       478    -10      309
  SINCE DEC 1   2031                      2115    -84     1798
  SINCE JUL 1   2533                      2751   -218     2137
..................................................................


WIND (MPH)
  HIGHEST WIND SPEED    29   HIGHEST WIND DIRECTION     S (170)
  HIGHEST GUST SPEED    36   HIGHEST GUST DIRECTION     S (180)
  AVERAGE WIND SPEED    19.0


SKY COVER
  POSSIBLE SUNSHINE  MM
  AVERAGE SKY COVER 0.9


WEATHER CONDITIONS
 THE FOLLOWING WEATHER WAS RECORDED TODAY.
  LIGHT RAIN
  FOG


RELATIVE HUMIDITY (PERCENT)
 HIGHEST    87          1200 AM
 LOWEST     78           300 AM
 AVERAGE    83

..........................................................


THE TULSA OKLAHOMA CLIMATE NORMALS FOR TOMORROW
                         NORMAL    RECORD    YEAR
 MAXIMUM TEMPERATURE (F)   55        82      1996
 MINIMUM TEMPERATURE (F)   33         7      1939


SUNRISE AND SUNSET
FEBRUARY 20 2018......SUNRISE   705 AM CST   SUNSET   610 PM CST
FEBRUARY 21 2018......SUNRISE   704 AM CST   SUNSET   611 PM CST


-  INDICATES NEGATIVE NUMBERS.
R  INDICATES RECORD WAS SET OR TIED.
MM INDICATES DATA IS MISSING.
T  INDICATES TRACE AMOUNT.




$$

&&
ALL DATA MEASURED AT THE TULSA INTERNATIONAL AIRPORT...
EXCEPT SNOWFALL...WHICH IS MEASURED AT THE NWS OFFICE.
