000
CDUS44 KTSA 250652
CLITUL

CLIMATE REPORT
NATIONAL WEATHER SERVICE TULSA OK
1247 AM CST SUN JAN 25 2015


...................................

...THE TULSA OKLAHOMA CLIMATE SUMMARY FOR JANUARY 24 2015...

CLIMATE NORMAL PERIOD 1981 TO 2010
CLIMATE RECORD PERIOD 1882 TO 2015


WEATHER ITEM   OBSERVED TIME   RECORD YEAR NORMAL DEPARTURE LAST
                VALUE   (LST)  VALUE       VALUE  FROM      YEAR
                                                  NORMAL
..................................................................
TEMPERATURE (F)
 YESTERDAY
  MAXIMUM         62    404 PM  79    1950  49     13       42
  MINIMUM         30    556 AM  -4    1906  28      2        5
  AVERAGE         46                        38      8       24

PRECIPITATION (IN)
  YESTERDAY        0.00          0.67 1938   0.05  -0.05     0.00
  MONTH TO DATE    0.41                      1.26  -0.85     0.13
  SINCE DEC 1      2.38                      3.75  -1.37     1.91
  SINCE JAN 1      0.41                      1.26  -0.85     0.13

SNOWFALL (IN)
  YESTERDAY        0.0                                       0.0
  MONTH TO DATE    T                                         1.1
  SINCE DEC 1      2.0                                       6.1
  SINCE JUL 1      2.4                                       6.1

DEGREE DAYS
 HEATING
  YESTERDAY       19                        27     -8       41
  MONTH TO DATE  703                       663     40      706
  SINCE DEC 1   1395                      1455    -60     1619
  SINCE JUL 1   2096                      2091      5     2320
..................................................................


WIND (MPH)
  HIGHEST WIND SPEED    16   HIGHEST WIND DIRECTION    SW (240)
  HIGHEST GUST SPEED    21   HIGHEST GUST DIRECTION     W (250)
  AVERAGE WIND SPEED     8.2


SKY COVER
  POSSIBLE SUNSHINE  MM
  AVERAGE SKY COVER 0.2


WEATHER CONDITIONS
 THE FOLLOWING WEATHER WAS RECORDED YESTERDAY.
  NO SIGNIFICANT WEATHER WAS OBSERVED.


RELATIVE HUMIDITY (PERCENT)
 HIGHEST    78           600 AM
 LOWEST     30           300 PM
 AVERAGE    54

..........................................................


THE TULSA OKLAHOMA CLIMATE NORMALS FOR TODAY
                         NORMAL    RECORD    YEAR
 MAXIMUM TEMPERATURE (F)   49        74      1952
 MINIMUM TEMPERATURE (F)   28         2      1940
                                             1930
                                             1905


SUNRISE AND SUNSET
JANUARY 25 2015.......SUNRISE   730 AM CST   SUNSET   543 PM CST
JANUARY 26 2015.......SUNRISE   729 AM CST   SUNSET   544 PM CST


-  INDICATES NEGATIVE NUMBERS.
R  INDICATES RECORD WAS SET OR TIED.
MM INDICATES DATA IS MISSING.
T  INDICATES TRACE AMOUNT.




$$

&&
...........................................................

THE TULSA PRECIPITATION NORMALS FOR TODAY
                       NORMAL    RECORD      YEAR
  TODAY                 0.05      1.89       1989
  MONTH TO DATE         1.31
  YEAR TO DATE          1.31
...........................................................
ALL DATA MEASURED AT THE TULSA INTERNATIONAL AIRPORT...
EXCEPT SNOWFALL...WHICH IS MEASURED AT THE NWS OFFICE.
