000
CDUS44 KTSA 272130
CLITUL

CLIMATE REPORT
NATIONAL WEATHER SERVICE TULSA OK
430 PM CDT THU AUG 27 2015


...................................

...THE TULSA OKLAHOMA CLIMATE SUMMARY FOR AUGUST 27 2015...
VALID TODAY AS OF 0400 PM LOCAL TIME.

CLIMATE NORMAL PERIOD 1981 TO 2010
CLIMATE RECORD PERIOD 1882 TO 2015


WEATHER ITEM   OBSERVED TIME   RECORD YEAR NORMAL DEPARTURE LAST
                VALUE   (LST)  VALUE       VALUE  FROM      YEAR
                                                  NORMAL
..................................................................
TEMPERATURE (F)
 TODAY
  MAXIMUM         83    245 PM 105    2000  91     -8       97
                                      1913
  MINIMUM         67   1045 AM  50    1910  70     -3       74
  AVERAGE         75                        80     -5       86

PRECIPITATION (IN)
  TODAY            0.44          1.42 1927   0.11   0.33     0.00
  MONTH TO DATE    5.16                      2.47   2.69     0.97
  SINCE JUN 1     16.65                     10.55   6.10    10.06
  SINCE JAN 1     41.55                     27.05  14.50    18.51

DEGREE DAYS
 COOLING
  TODAY           10                        15     -5       21
  MONTH TO DATE  399                       474    -75      481
  SINCE JUN 1   1482                      1408     74     1302
  SINCE JAN 1   1687                      1642     45     1573
..................................................................


WIND (MPH)
  HIGHEST WIND SPEED    35   HIGHEST WIND DIRECTION     E (70)
  HIGHEST GUST SPEED    43   HIGHEST GUST DIRECTION    NE (60)
  AVERAGE WIND SPEED     7.7


SKY COVER
  POSSIBLE SUNSHINE  MM
  AVERAGE SKY COVER 0.9


WEATHER CONDITIONS
 THE FOLLOWING WEATHER WAS RECORDED TODAY.
  THUNDERSTORM
  HEAVY RAIN
  RAIN
  LIGHT RAIN
  FOG


RELATIVE HUMIDITY (PERCENT)
 HIGHEST    84           200 AM
 LOWEST     68           300 AM
 AVERAGE    76

..........................................................


THE TULSA OKLAHOMA CLIMATE NORMALS FOR TOMORROW
                         NORMAL    RECORD    YEAR
 MAXIMUM TEMPERATURE (F)   91       104      1963
                                             1912
 MINIMUM TEMPERATURE (F)   69        53      1967


SUNRISE AND SUNSET
AUGUST 27 2015........SUNRISE   651 AM CDT   SUNSET   759 PM CDT
AUGUST 28 2015........SUNRISE   652 AM CDT   SUNSET   757 PM CDT


-  INDICATES NEGATIVE NUMBERS.
R  INDICATES RECORD WAS SET OR TIED.
MM INDICATES DATA IS MISSING.
T  INDICATES TRACE AMOUNT.




$$

&&
...........................................................

TULSA RECORD LOW MAX AND HIGH MIN TEMPERATURES FOR TOMORROW
                      RECORD        YEAR
  LOW MAXIMUM           67          1917
  HIGH MINIMUM          80          *2000
...........................................................
ALL DATA MEASURED AT THE TULSA INTERNATIONAL AIRPORT...
EXCEPT SNOWFALL...WHICH IS MEASURED AT THE NWS OFFICE.
