000
CDUS44 KTSA 051413
CLITUL

CLIMATE REPORT
NATIONAL WEATHER SERVICE TULSA OK
912 AM CDT THU MAY 5 2016


...................................

...THE TULSA OKLAHOMA CLIMATE SUMMARY FOR MAY 5 2016...
VALID AS OF 0900 AM LOCAL TIME.

CLIMATE NORMAL PERIOD 1981 TO 2010
CLIMATE RECORD PERIOD 1882 TO 2016


WEATHER ITEM   OBSERVED TIME   RECORD YEAR NORMAL DEPARTURE LAST
                VALUE   (LST)  VALUE       VALUE  FROM      YEAR
                                                  NORMAL
..................................................................
TEMPERATURE (F)
 TODAY
  MAXIMUM         60    759 AM  92    2014  77    -17       80
                                      1952
  MINIMUM         47    431 AM  36    1907  56     -9       60
  AVERAGE         54                        66    -12       70

PRECIPITATION (IN)
  TODAY            0.00          2.88 1913   0.19  -0.19     0.14
  MONTH TO DATE    T                         0.92  -0.92     0.14
  SINCE MAR 1      8.75                      8.00   0.75     7.95
  SINCE JAN 1      9.95                     11.51  -1.56    10.27

DEGREE DAYS
 COOLING
  TODAY            0                         3     -3        5
  MONTH TO DATE    1                        15    -14       23
  SINCE MAR 1     49                        79    -30       97
  SINCE JAN 1     55                        80    -25       97
..................................................................


WIND (MPH)
  HIGHEST WIND SPEED     6   HIGHEST WIND DIRECTION     N (350)
  HIGHEST GUST SPEED     6   HIGHEST GUST DIRECTION     N (350)
  AVERAGE WIND SPEED     2.0


SKY COVER
  POSSIBLE SUNSHINE  MM
  AVERAGE SKY COVER 0.0


WEATHER CONDITIONS
 THE FOLLOWING WEATHER WAS RECORDED TODAY.
  NO SIGNIFICANT WEATHER WAS OBSERVED.


RELATIVE HUMIDITY (PERCENT)
 HIGHEST    86           500 AM
 LOWEST     66           100 AM
 AVERAGE    76

..........................................................


THE TULSA OKLAHOMA CLIMATE NORMALS FOR TOMORROW
                         NORMAL    RECORD    YEAR
 MAXIMUM TEMPERATURE (F)   77        93      2003
 MINIMUM TEMPERATURE (F)   56        36      1944


SUNRISE AND SUNSET
MAY  5 2016...........SUNRISE   626 AM CDT   SUNSET   815 PM CDT
MAY  6 2016...........SUNRISE   625 AM CDT   SUNSET   816 PM CDT


-  INDICATES NEGATIVE NUMBERS.
R  INDICATES RECORD WAS SET OR TIED.
MM INDICATES DATA IS MISSING.
T  INDICATES TRACE AMOUNT.




$$

&&
ALL DATA MEASURED AT THE TULSA INTERNATIONAL AIRPORT...
EXCEPT SNOWFALL...WHICH IS MEASURED AT THE NWS OFFICE.
