000
CDUS44 KTSA 261423
CLITUL

CLIMATE REPORT
NATIONAL WEATHER SERVICE TULSA OK
912 AM CDT FRI MAY 26 2017


...................................

...THE TULSA OKLAHOMA CLIMATE SUMMARY FOR MAY 26 2017...
VALID AS OF 0900 AM LOCAL TIME.

CLIMATE NORMAL PERIOD 1981 TO 2010
CLIMATE RECORD PERIOD 1882 TO 2017


WEATHER ITEM   OBSERVED TIME   RECORD YEAR NORMAL DEPARTURE LAST
                VALUE   (LST)  VALUE       VALUE  FROM      YEAR
                                                  NORMAL
..................................................................
TEMPERATURE (F)
 TODAY
  MAXIMUM         76    759 AM  94    1926  82     -6       85
                                      1920
  MINIMUM         69    432 AM  44    1925  62      7       73
  AVERAGE         73                        72      1       79

PRECIPITATION (IN)
  TODAY            0.00          2.40 1984   0.19  -0.19     0.01
  MONTH TO DATE    5.88                      4.97   0.91     3.76
  SINCE MAR 1     18.09                     12.05   6.04    12.51
  SINCE JAN 1     22.69                     15.56   7.13    13.71

DEGREE DAYS
 COOLING
  TODAY            8                         7      1       14
  MONTH TO DATE  106                       128    -22      106
  SINCE MAR 1    210                       192     18      154
  SINCE JAN 1    226                       193     33      160
..................................................................


WIND (MPH)
  HIGHEST WIND SPEED    18   HIGHEST WIND DIRECTION    NW (330)
  HIGHEST GUST SPEED    24   HIGHEST GUST DIRECTION     S (160)
  AVERAGE WIND SPEED    11.4


SKY COVER
  POSSIBLE SUNSHINE  MM
  AVERAGE SKY COVER 0.8


WEATHER CONDITIONS
 THE FOLLOWING WEATHER WAS RECORDED TODAY.
  NO SIGNIFICANT WEATHER WAS OBSERVED.


RELATIVE HUMIDITY (PERCENT)
 HIGHEST    78           400 AM
 LOWEST     64          1200 AM
 AVERAGE    71

..........................................................


THE TULSA OKLAHOMA CLIMATE NORMALS FOR TOMORROW
                         NORMAL    RECORD    YEAR
 MAXIMUM TEMPERATURE (F)   82        94      1911
 MINIMUM TEMPERATURE (F)   62        45      1961
                                             1907


SUNRISE AND SUNSET
MAY 26 2017...........SUNRISE   610 AM CDT   SUNSET   832 PM CDT
MAY 27 2017...........SUNRISE   610 AM CDT   SUNSET   832 PM CDT


-  INDICATES NEGATIVE NUMBERS.
R  INDICATES RECORD WAS SET OR TIED.
MM INDICATES DATA IS MISSING.
T  INDICATES TRACE AMOUNT.




$$

&&
ALL DATA MEASURED AT THE TULSA INTERNATIONAL AIRPORT...
EXCEPT SNOWFALL...WHICH IS MEASURED AT THE NWS OFFICE.
