194
CDUS44 KTSA 300648
CLITUL

CLIMATE REPORT
NATIONAL WEATHER SERVICE TULSA OK
147 AM CDT MON MAY 30 2016


...................................

...THE TULSA OKLAHOMA CLIMATE SUMMARY FOR MAY 29 2016...

CLIMATE NORMAL PERIOD 1981 TO 2010
CLIMATE RECORD PERIOD 1882 TO 2016


WEATHER ITEM   OBSERVED TIME   RECORD YEAR NORMAL DEPARTURE LAST
                VALUE   (LST)  VALUE       VALUE  FROM      YEAR
                                                  NORMAL
..................................................................
TEMPERATURE (F)
 YESTERDAY
  MAXIMUM         88    231 PM  98    1926  83      5       72
  MINIMUM         68    604 AM  40    1947  63      5       64
  AVERAGE         78                        73      5       68

PRECIPITATION (IN)
  YESTERDAY        0.01          1.60 1903   0.18  -0.17     1.25
  MONTH TO DATE    3.77                      5.53  -1.76    14.77
  SINCE MAR 1     12.52                     12.61  -0.09    22.58
  SINCE JAN 1     13.72                     16.12  -2.40    24.90

DEGREE DAYS
 COOLING
  YESTERDAY       13                         8      5        3
  MONTH TO DATE  136                       152    -16      130
  SINCE MAR 1    184                       216    -32      204
  SINCE JAN 1    190                       217    -27      204
..................................................................


WIND (MPH)
  HIGHEST WIND SPEED    24   HIGHEST WIND DIRECTION    SE (130)
  HIGHEST GUST SPEED    33   HIGHEST GUST DIRECTION    SE (130)
  AVERAGE WIND SPEED     5.8


SKY COVER
  POSSIBLE SUNSHINE  MM
  AVERAGE SKY COVER 0.6


WEATHER CONDITIONS
 THE FOLLOWING WEATHER WAS RECORDED YESTERDAY.
  THUNDERSTORM
  LIGHT RAIN


RELATIVE HUMIDITY (PERCENT)
 HIGHEST    97           400 AM
 LOWEST     55          1200 PM
 AVERAGE    76

..........................................................


THE TULSA OKLAHOMA CLIMATE NORMALS FOR TODAY
                         NORMAL    RECORD    YEAR
 MAXIMUM TEMPERATURE (F)   83        98      1934
 MINIMUM TEMPERATURE (F)   63        45      1947


SUNRISE AND SUNSET
MAY 30 2016...........SUNRISE   608 AM CDT   SUNSET   835 PM CDT
MAY 31 2016...........SUNRISE   608 AM CDT   SUNSET   835 PM CDT


-  INDICATES NEGATIVE NUMBERS.
R  INDICATES RECORD WAS SET OR TIED.
MM INDICATES DATA IS MISSING.
T  INDICATES TRACE AMOUNT.




$$

&&
...........................................................

THE TULSA PRECIPITATION NORMALS FOR TODAY
                       NORMAL    RECORD      YEAR
  TODAY                 0.19      2.71       1976
  MONTH TO DATE         5.72
  YEAR TO DATE         16.31
...........................................................
ALL DATA MEASURED AT THE TULSA INTERNATIONAL AIRPORT...
EXCEPT SNOWFALL...WHICH IS MEASURED AT THE NWS OFFICE.
