000
CDUS44 KTSA 020648
CLITUL

CLIMATE REPORT
NATIONAL WEATHER SERVICE TULSA OK
147 AM CDT THU OCT 2 2014


...................................

...THE TULSA OKLAHOMA CLIMATE SUMMARY FOR OCTOBER 1 2014...

CLIMATE NORMAL PERIOD 1981 TO 2010
CLIMATE RECORD PERIOD 1882 TO 2014


WEATHER ITEM   OBSERVED TIME   RECORD YEAR NORMAL DEPARTURE LAST
                VALUE   (LST)  VALUE       VALUE  FROM      YEAR
                                                  NORMAL
..................................................................
TEMPERATURE (F)
 YESTERDAY
  MAXIMUM         93    212 PM  97    1910  78     15       87
  MINIMUM         71    645 AM  38    1985  56     15       62
                                      1984
                                      1958
  AVERAGE         82                        67     15       75

PRECIPITATION (IN)
  YESTERDAY        0.00          2.95 1986   0.13  -0.13     0.00
  MONTH TO DATE    0.00                      0.13  -0.13     0.00
  SINCE SEP 1      2.19                      4.39  -2.20     2.50
  SINCE JAN 1     20.71                     31.87 -11.16    25.88

DEGREE DAYS
 HEATING
  YESTERDAY        0                         3     -3        0
  MONTH TO DATE    0                         3     -3        0
  SINCE SEP 1     12                        27    -15        1
  SINCE JUL 1     13                        27    -14        1

 COOLING
  YESTERDAY       17                         4     13       10
  MONTH TO DATE   17                         4     13       10
  SINCE SEP 1    298                       268     30      358
  SINCE JAN 1   1951                      1969    -18     1987
..................................................................


WIND (MPH)
  HIGHEST WIND SPEED    25   HIGHEST WIND DIRECTION     S (180)
  HIGHEST GUST SPEED    32   HIGHEST GUST DIRECTION     S (190)
  AVERAGE WIND SPEED    15.0


SKY COVER
  POSSIBLE SUNSHINE  MM
  AVERAGE SKY COVER 0.5


WEATHER CONDITIONS
 THE FOLLOWING WEATHER WAS RECORDED YESTERDAY.
  THUNDERSTORM


RELATIVE HUMIDITY (PERCENT)
 HIGHEST    79           700 AM
 LOWEST     44           200 PM
 AVERAGE    62

..........................................................


THE TULSA OKLAHOMA CLIMATE NORMALS FOR TODAY
                         NORMAL    RECORD    YEAR
 MAXIMUM TEMPERATURE (F)   77        96      1978
 MINIMUM TEMPERATURE (F)   55        39      2003
                                             1975


SUNRISE AND SUNSET
OCTOBER  2 2014.......SUNRISE   720 AM CDT   SUNSET   706 PM CDT
OCTOBER  3 2014.......SUNRISE   720 AM CDT   SUNSET   704 PM CDT


-  INDICATES NEGATIVE NUMBERS.
R  INDICATES RECORD WAS SET OR TIED.
MM INDICATES DATA IS MISSING.
T  INDICATES TRACE AMOUNT.




$$

&&
...........................................................

THE TULSA PRECIPITATION NORMALS FOR TODAY
                       NORMAL    RECORD      YEAR
  TODAY                 0.12      5.45       1959
  MONTH TO DATE         0.25
  YEAR TO DATE         31.99
...........................................................
ALL DATA MEASURED AT THE TULSA INTERNATIONAL AIRPORT...
EXCEPT SNOWFALL...WHICH IS MEASURED AT THE NWS OFFICE.
