000
CDUS44 KTSA 262130
CLITUL

CLIMATE REPORT
NATIONAL WEATHER SERVICE TULSA OK
418 PM CDT TUE SEP 26 2017


...................................

...THE TULSA OKLAHOMA CLIMATE SUMMARY FOR SEPTEMBER 26 2017...
VALID TODAY AS OF 0400 PM LOCAL TIME.

CLIMATE NORMAL PERIOD 1981 TO 2010
CLIMATE RECORD PERIOD 1882 TO 2017


WEATHER ITEM   OBSERVED TIME   RECORD YEAR NORMAL DEPARTURE LAST
                VALUE   (LST)  VALUE       VALUE  FROM      YEAR
                                                  NORMAL
..................................................................
TEMPERATURE (F)
 TODAY
  MAXIMUM         76    247 PM  96    1938  80     -4       78
                                      1920
                                      1905
  MINIMUM         68    859 AM  37    1912  58     10       56
  AVERAGE         72                        68      4       67

PRECIPITATION (IN)
  TODAY            0.43          2.37 1996   0.15   0.28      T
  MONTH TO DATE    1.00                      3.73  -2.73     2.31
  SINCE SEP 1      1.00                      3.73  -2.73     2.31
  SINCE JAN 1     36.00                     31.21   4.79    23.01

DEGREE DAYS
 HEATING
  TODAY            0                         2     -2        0
  MONTH TO DATE    0                        14    -14        0
  SINCE SEP 1      0                        14    -14        0
  SINCE JUL 1      0                        14    -14        0

 COOLING
  TODAY            7                         5      2        2
  MONTH TO DATE  298                       244     54      363
  SINCE SEP 1    298                       244     54      363
  SINCE JAN 1   1999                      1945     54     2303
..................................................................


WIND (MPH)
  HIGHEST WIND SPEED    15   HIGHEST WIND DIRECTION     N (10)
  HIGHEST GUST SPEED    19   HIGHEST GUST DIRECTION     N (10)
  AVERAGE WIND SPEED     7.3


SKY COVER
  POSSIBLE SUNSHINE  MM
  AVERAGE SKY COVER 1.0


WEATHER CONDITIONS
 THE FOLLOWING WEATHER WAS RECORDED TODAY.
  HEAVY RAIN
  RAIN
  LIGHT RAIN
  FOG


RELATIVE HUMIDITY (PERCENT)
 HIGHEST   100           900 AM
 LOWEST     82           100 PM
 AVERAGE    91

..........................................................


THE TULSA OKLAHOMA CLIMATE NORMALS FOR TOMORROW
                         NORMAL    RECORD    YEAR
 MAXIMUM TEMPERATURE (F)   79        96      1954
                                             1953
                                             1911
 MINIMUM TEMPERATURE (F)   57        35      1942


SUNRISE AND SUNSET
SEPTEMBER 26 2017.....SUNRISE   715 AM CDT   SUNSET   714 PM CDT
SEPTEMBER 27 2017.....SUNRISE   716 AM CDT   SUNSET   713 PM CDT


-  INDICATES NEGATIVE NUMBERS.
R  INDICATES RECORD WAS SET OR TIED.
MM INDICATES DATA IS MISSING.
T  INDICATES TRACE AMOUNT.




$$

&&
...........................................................

TULSA RECORD LOW MAX AND HIGH MIN TEMPERATURES FOR TOMORROW
                      RECORD        YEAR
  LOW MAXIMUM           51          1926
  HIGH MINIMUM          73          *1977
...........................................................
ALL DATA MEASURED AT THE TULSA INTERNATIONAL AIRPORT...
EXCEPT SNOWFALL...WHICH IS MEASURED AT THE NWS OFFICE.
