000
CDUS44 KTSA 230702
CLITUL

CLIMATE REPORT
NATIONAL WEATHER SERVICE TULSA OK
102 AM CST THU NOV 23 2017


...................................

...THE TULSA OKLAHOMA CLIMATE SUMMARY FOR NOVEMBER 22 2017...

CLIMATE NORMAL PERIOD 1981 TO 2010
CLIMATE RECORD PERIOD 1882 TO 2017


WEATHER ITEM   OBSERVED TIME   RECORD YEAR NORMAL DEPARTURE LAST
                VALUE   (LST)  VALUE       VALUE  FROM      YEAR
                                                  NORMAL
..................................................................
TEMPERATURE (F)
 YESTERDAY
  MAXIMUM         48    407 PM  79    2010  58    -10       66
                                      1966
                                      1955
  MINIMUM         25    725 AM  16    1929  37    -12       52
  AVERAGE         37                        47    -10       59

PRECIPITATION (IN)
  YESTERDAY        0.00          2.34 1931   0.08  -0.08     0.29
  MONTH TO DATE    0.02                      2.16  -2.14     1.85
  SINCE SEP 1      8.98                     10.35  -1.37     7.02
  SINCE JAN 1     43.98                     37.83   6.15    27.72

SNOWFALL (IN)
  YESTERDAY        0.0                                       0.0
  MONTH TO DATE    0.0                                       0.0
  SINCE SEP 1      0.0                                       0.0
  SINCE JUL 1      0.0                                       0.0

DEGREE DAYS
 HEATING
  YESTERDAY       28                        18     10        6
  MONTH TO DATE  268                       291    -23      152
  SINCE SEP 1    427                       477    -50      202
  SINCE JUL 1    427                       477    -50      202
..................................................................


WIND (MPH)
  HIGHEST WIND SPEED    16   HIGHEST WIND DIRECTION     N (360)
  HIGHEST GUST SPEED    20   HIGHEST GUST DIRECTION     N (360)
  AVERAGE WIND SPEED     5.8


SKY COVER
  POSSIBLE SUNSHINE  MM
  AVERAGE SKY COVER 0.4


WEATHER CONDITIONS
 THE FOLLOWING WEATHER WAS RECORDED YESTERDAY.
  NO SIGNIFICANT WEATHER WAS OBSERVED.


RELATIVE HUMIDITY (PERCENT)
 HIGHEST    69           300 AM
 LOWEST     31           400 PM
 AVERAGE    50

..........................................................


THE TULSA OKLAHOMA CLIMATE NORMALS FOR TODAY
                         NORMAL    RECORD    YEAR
 MAXIMUM TEMPERATURE (F)   57        78      1974
                                             1966
 MINIMUM TEMPERATURE (F)   36        17      1970


SUNRISE AND SUNSET
NOVEMBER 23 2017......SUNRISE   709 AM CST   SUNSET   511 PM CST
NOVEMBER 24 2017......SUNRISE   710 AM CST   SUNSET   511 PM CST


-  INDICATES NEGATIVE NUMBERS.
R  INDICATES RECORD WAS SET OR TIED.
MM INDICATES DATA IS MISSING.
T  INDICATES TRACE AMOUNT.




$$

&&
...........................................................

THE TULSA PRECIPITATION NORMALS FOR TODAY
                       NORMAL    RECORD      YEAR
  TODAY                 0.08      0.80       1931
  MONTH TO DATE         2.24
  YEAR TO DATE         37.91
...........................................................
ALL DATA MEASURED AT THE TULSA INTERNATIONAL AIRPORT...
EXCEPT SNOWFALL...WHICH IS MEASURED AT THE NWS OFFICE.
