000
CDUS44 KMEG 260637
CLITUP


CLIMATE REPORT
NATIONAL WEATHER SERVICE MEMPHIS TN
136 AM CDT TUE MAY 26 2015


...................................

...THE TUPELO CLIMATE SUMMARY FOR MAY 25 2015...

CLIMATE NORMAL PERIOD 1981 TO 2010
CLIMATE RECORD PERIOD 1930 TO 2015


WEATHER ITEM   OBSERVED TIME   RECORD YEAR NORMAL DEPARTURE LAST
                VALUE   (LST)  VALUE       VALUE  FROM      YEAR
                                                  NORMAL
..................................................................
TEMPERATURE (F)
 YESTERDAY
  MAXIMUM         78    359 PM  95    1941  84     -6       88
  MINIMUM         68    905 AM  37    1979  62      6       67
  AVERAGE         73                        73      0       78

PRECIPITATION (IN)
  YESTERDAY        2.09R         2.08 1968   0.16   1.93     0.00
  MONTH TO DATE    5.47                      4.58   0.89     2.88
  SINCE MAR 1     19.63                     14.18   5.45    12.56
  SINCE JAN 1     28.79                     23.62   5.17    18.65

SNOWFALL (IN)
  YESTERDAY        0.0          MM      MM   0.0    0.0      0.0
  MONTH TO DATE    0.0                       0.0    0.0      0.0
  SINCE MAR 1      0.1                       0.3   -0.2       T
  SINCE JUL 1      7.4                       2.1    5.3      0.5
  SNOW DEPTH       0

DEGREE DAYS
 HEATING
  YESTERDAY        0                         0      0        0
  MONTH TO DATE   21                        23     -2       30
  SINCE MAR 1    435                       524    -89      635
  SINCE JUL 1   3153                      2955    198     3465

 COOLING
  YESTERDAY        8                         8      0       13
  MONTH TO DATE  171                       145     26      162
  SINCE MAR 1    247                       219     28      204
  SINCE JAN 1    247                       221     26      204
..................................................................


WIND (MPH)
  HIGHEST WIND SPEED    18   HIGHEST WIND DIRECTION    SW (240)
  HIGHEST GUST SPEED    29   HIGHEST GUST DIRECTION    SW (230)
  AVERAGE WIND SPEED     7.2


SKY COVER
  POSSIBLE SUNSHINE  MM
  AVERAGE SKY COVER 0.8


WEATHER CONDITIONS
 THE FOLLOWING WEATHER WAS RECORDED YESTERDAY.
  THUNDERSTORM
  HEAVY RAIN
  RAIN
  LIGHT RAIN
  FOG


RELATIVE HUMIDITY (PERCENT)
 HIGHEST    93           700 AM
 LOWEST     74           600 PM
 AVERAGE    84

..........................................................


THE TUPELO CLIMATE NORMALS FOR TODAY
                         NORMAL    RECORD    YEAR
 MAXIMUM TEMPERATURE (F)   84        95      1978
                                             1964
 MINIMUM TEMPERATURE (F)   63        39      1979


SUNRISE AND SUNSET
MAY 26 2015...........SUNRISE   547 AM CDT   SUNSET   758 PM CDT
MAY 27 2015...........SUNRISE   546 AM CDT   SUNSET   759 PM CDT


-  INDICATES NEGATIVE NUMBERS.
R  INDICATES RECORD WAS SET OR TIED.
MM INDICATES DATA IS MISSING.
T  INDICATES TRACE AMOUNT.




$$
