000
CDUS44 KMEG 280637
CLITUP


CLIMATE REPORT
NATIONAL WEATHER SERVICE MEMPHIS TN
137 AM CDT SAT MAR 28 2015


...................................

...THE TUPELO CLIMATE SUMMARY FOR MARCH 27 2015...

CLIMATE NORMAL PERIOD 1981 TO 2010
CLIMATE RECORD PERIOD 1930 TO 2015


WEATHER ITEM   OBSERVED TIME   RECORD YEAR NORMAL DEPARTURE LAST
                VALUE   (LST)  VALUE       VALUE  FROM      YEAR
                                                  NORMAL
..................................................................
TEMPERATURE (F)
 YESTERDAY
  MAXIMUM         53    122 PM  83    1945  69    -16       71
  MINIMUM         34   1150 PM  18    1955  45    -11       44
  AVERAGE         44                        57    -13       58

PRECIPITATION (IN)
  YESTERDAY        0.05          2.98 1994   0.15  -0.10     0.73
  MONTH TO DATE    5.65                      4.23   1.42     2.26
  SINCE MAR 1      5.65                      4.23   1.42     2.26
  SINCE JAN 1     14.81                     13.67   1.14     8.35

SNOWFALL (IN)
  YESTERDAY        0.0           T    1944   0.0    0.0      0.0
                                      1932
  MONTH TO DATE    0.1                       0.3   -0.2       T
  SINCE MAR 1      0.1                       0.3   -0.2       T
  SINCE JUL 1      7.4                       2.1    5.3      0.5
  SNOW DEPTH       0

DEGREE DAYS
 HEATING
  YESTERDAY       21                         9     12        7
  MONTH TO DATE  287                       322    -35      423
  SINCE MAR 1    287                       322    -35      423
  SINCE JUL 1   3005                      2753    252     3253

 COOLING
  YESTERDAY        0                         1     -1        0
  MONTH TO DATE    3                         5     -2        0
  SINCE MAR 1      3                         5     -2        0
  SINCE JAN 1      3                         7     -4        0
..................................................................


WIND (MPH)
  HIGHEST WIND SPEED    20   HIGHEST WIND DIRECTION     N (350)
  HIGHEST GUST SPEED    25   HIGHEST GUST DIRECTION     N (340)
  AVERAGE WIND SPEED     8.9


SKY COVER
  POSSIBLE SUNSHINE  MM
  AVERAGE SKY COVER 0.4


WEATHER CONDITIONS
 THE FOLLOWING WEATHER WAS RECORDED YESTERDAY.
  LIGHT RAIN
  HAZE


RELATIVE HUMIDITY (PERCENT)
 HIGHEST    85           300 AM
 LOWEST     46          1000 AM
 AVERAGE    66

..........................................................


THE TUPELO CLIMATE NORMALS FOR TODAY
                         NORMAL    RECORD    YEAR
 MAXIMUM TEMPERATURE (F)   69        84      1997
 MINIMUM TEMPERATURE (F)   45        25      1978


SUNRISE AND SUNSET
MARCH 28 2015.........SUNRISE   648 AM CDT   SUNSET   713 PM CDT
MARCH 29 2015.........SUNRISE   647 AM CDT   SUNSET   714 PM CDT


-  INDICATES NEGATIVE NUMBERS.
R  INDICATES RECORD WAS SET OR TIED.
MM INDICATES DATA IS MISSING.
T  INDICATES TRACE AMOUNT.




$$
