000
CDUS44 KMEG 262248
CLITUP


CLIMATE REPORT
NATIONAL WEATHER SERVICE MEMPHIS TN
447 PM CST FRI DEC 26 2014


...................................

...THE TUPELO CLIMATE SUMMARY FOR DECEMBER 26 2014...
VALID TODAY AS OF 0400 PM LOCAL TIME.

CLIMATE NORMAL PERIOD 1981 TO 2010
CLIMATE RECORD PERIOD 1930 TO 2014


WEATHER ITEM   OBSERVED TIME   RECORD YEAR NORMAL DEPARTURE LAST
                VALUE   (LST)  VALUE       VALUE  FROM      YEAR
                                                  NORMAL
..................................................................
TEMPERATURE (F)
 TODAY
  MAXIMUM         52    400 PM  72    1971  52      0       51
  MINIMUM         33        MM   5    1983  33      0       25
  AVERAGE         43                        42      1       38

PRECIPITATION (IN)
  TODAY            0.00          5.62 1982   0.18  -0.18     0.00
  MONTH TO DATE    4.03                      5.43  -1.40     5.49
  SINCE DEC 1      4.03                      5.43  -1.40     5.49
  SINCE JAN 1     56.03                     54.16   1.87    52.36

SNOWFALL (IN)
  TODAY            0.0

DEGREE DAYS
 HEATING
  TODAY           22                        23     -1       27
  MONTH TO DATE  455                       536    -81      549
  SINCE DEC 1    455                       536    -81      549
  SINCE JUL 1   1092                      1058     34     1172

 COOLING
  TODAY            0                         0      0        0
  MONTH TO DATE    0                         0      0        9
  SINCE DEC 1      0                         0      0        9
  SINCE JAN 1   1974                      2044    -70     2036
..................................................................


WIND (MPH)
  HIGHEST WIND SPEED    MM   HIGHEST WIND DIRECTION    MM
  HIGHEST GUST SPEED    MM   HIGHEST GUST DIRECTION    MM
  AVERAGE WIND SPEED    MM


SKY COVER
  POSSIBLE SUNSHINE  MM
  AVERAGE SKY COVER 0.0


WEATHER CONDITIONS
 THE FOLLOWING WEATHER WAS RECORDED TODAY.
  NO SIGNIFICANT WEATHER WAS OBSERVED.


RELATIVE HUMIDITY (PERCENT)
 HIGHEST    92           400 AM
 LOWEST     63           300 PM
 AVERAGE    78

..........................................................


THE TUPELO CLIMATE NORMALS FOR TOMORROW
                         NORMAL    RECORD    YEAR
 MAXIMUM TEMPERATURE (F)   52        73      1982
 MINIMUM TEMPERATURE (F)   33        13      1935


SUNRISE AND SUNSET
DECEMBER 26 2014......SUNRISE   659 AM CST   SUNSET   452 PM CST
DECEMBER 27 2014......SUNRISE   700 AM CST   SUNSET   453 PM CST


-  INDICATES NEGATIVE NUMBERS.
R  INDICATES RECORD WAS SET OR TIED.
MM INDICATES DATA IS MISSING.
T  INDICATES TRACE AMOUNT.




$$
