000
CDUS44 KMEG 220632
CLITUP


CLIMATE REPORT
NATIONAL WEATHER SERVICE MEMPHIS TN
132 AM CDT FRI SEP 22 2017


...................................

...THE TUPELO CLIMATE SUMMARY FOR SEPTEMBER 21 2017...

CLIMATE NORMAL PERIOD 1981 TO 2010
CLIMATE RECORD PERIOD 1930 TO 2017


WEATHER ITEM   OBSERVED TIME   RECORD YEAR NORMAL DEPARTURE LAST
                VALUE   (LST)  VALUE       VALUE  FROM      YEAR
                                                  NORMAL
..................................................................
TEMPERATURE (F)
 YESTERDAY
  MAXIMUM         93    330 PM  99    1935  84      9       93
  MINIMUM         70    536 AM  41    1982  61      9       64
  AVERAGE         82                        72     10       79

PRECIPITATION (IN)
  YESTERDAY        0.00          2.64 2003   0.12  -0.12     0.00
  MONTH TO DATE    2.28                      2.27   0.01     0.43
  SINCE SEP 1      2.28                      2.27   0.01     0.43
  SINCE JAN 1     38.33                     38.74  -0.41    36.28

SNOWFALL (IN)
  YESTERDAY        0.0           0.0  2002   0.0    0.0      0.0
                                      2001
  MONTH TO DATE    0.0                       0.0    0.0      0.0
  SINCE SEP 1      0.0                       0.0    0.0      0.0
  SINCE JUL 1      0.0                       0.0    0.0      0.0
  SNOW DEPTH       0

DEGREE DAYS
 HEATING
  YESTERDAY        0                         1     -1        0
  MONTH TO DATE    5                         1      4        0
  SINCE SEP 1      5                         1      4        0
  SINCE JUL 1      5                         1      4        0

 COOLING
  YESTERDAY       17                         8      9       14
  MONTH TO DATE  170                       230    -60      330
  SINCE SEP 1    170                       230    -60      330
  SINCE JAN 1   1868                      1902    -34     2253
..................................................................


WIND (MPH)
  HIGHEST WIND SPEED    13   HIGHEST WIND DIRECTION     E (70)
  HIGHEST GUST SPEED    15   HIGHEST GUST DIRECTION     E (80)
  AVERAGE WIND SPEED     1.9


SKY COVER
  POSSIBLE SUNSHINE  MM
  AVERAGE SKY COVER 0.3


WEATHER CONDITIONS
 THE FOLLOWING WEATHER WAS RECORDED YESTERDAY.
  NO SIGNIFICANT WEATHER WAS OBSERVED.


RELATIVE HUMIDITY (PERCENT)
 HIGHEST    93           100 AM
 LOWEST     44           100 PM
 AVERAGE    69

..........................................................


THE TUPELO CLIMATE NORMALS FOR TODAY
                         NORMAL    RECORD    YEAR
 MAXIMUM TEMPERATURE (F)   83        99      1935
 MINIMUM TEMPERATURE (F)   60        40      1982


SUNRISE AND SUNSET
SEPTEMBER 22 2017.....SUNRISE   643 AM CDT   SUNSET   651 PM CDT
SEPTEMBER 23 2017.....SUNRISE   644 AM CDT   SUNSET   650 PM CDT


-  INDICATES NEGATIVE NUMBERS.
R  INDICATES RECORD WAS SET OR TIED.
MM INDICATES DATA IS MISSING.
T  INDICATES TRACE AMOUNT.




$$
