000
CDUS44 KMEG 042158
CLITUP


CLIMATE REPORT
NATIONAL WEATHER SERVICE MEMPHIS TN
457 PM CDT FRI SEP 4 2015


...................................

...THE TUPELO CLIMATE SUMMARY FOR SEPTEMBER 4 2015...
VALID TODAY AS OF 0400 PM LOCAL TIME.

CLIMATE NORMAL PERIOD 1981 TO 2010
CLIMATE RECORD PERIOD 1930 TO 2015


WEATHER ITEM   OBSERVED TIME   RECORD YEAR NORMAL DEPARTURE LAST
                VALUE   (LST)  VALUE       VALUE  FROM      YEAR
                                                  NORMAL
..................................................................
TEMPERATURE (F)
 TODAY
  MAXIMUM         94    151 PM 103    1954  89      5       93
  MINIMUM         70    541 AM  43    1974  67      3       67
  AVERAGE         82                        78      4       80

PRECIPITATION (IN)
  TODAY            0.00          3.51 2011   0.09  -0.09     0.00
  MONTH TO DATE    0.00                      0.36  -0.36     0.05
  SINCE SEP 1      0.00                      0.36  -0.36     0.05
  SINCE JAN 1     52.57                     36.83  15.74    35.98

SNOWFALL (IN)
  TODAY            0.0

DEGREE DAYS
 HEATING
  TODAY            0                         0      0        0
  MONTH TO DATE    0                         0      0        0
  SINCE SEP 1      0                         0      0        0
  SINCE JUL 1      0                         0      0        0

 COOLING
  TODAY           17                        13      4       15
  MONTH TO DATE   61                        54      7       64
  SINCE SEP 1     61                        54      7       64
  SINCE JAN 1   1800                      1726     74     1611
..................................................................


WIND (MPH)
  HIGHEST WIND SPEED     8   HIGHEST WIND DIRECTION    SW (230)
  HIGHEST GUST SPEED    13   HIGHEST GUST DIRECTION    SW (210)
  AVERAGE WIND SPEED     1.5


SKY COVER
  POSSIBLE SUNSHINE  MM
  AVERAGE SKY COVER 0.2


WEATHER CONDITIONS
 THE FOLLOWING WEATHER WAS RECORDED TODAY.
  FOG
  HAZE


RELATIVE HUMIDITY (PERCENT)
 HIGHEST    93          1200 AM
 LOWEST     46           200 PM
 AVERAGE    70

..........................................................


THE TUPELO CLIMATE NORMALS FOR TOMORROW
                         NORMAL    RECORD    YEAR
 MAXIMUM TEMPERATURE (F)   89       103      1954
 MINIMUM TEMPERATURE (F)   67        51      1934


SUNRISE AND SUNSET
SEPTEMBER  4 2015.....SUNRISE   630 AM CDT   SUNSET   717 PM CDT
SEPTEMBER  5 2015.....SUNRISE   631 AM CDT   SUNSET   716 PM CDT


-  INDICATES NEGATIVE NUMBERS.
R  INDICATES RECORD WAS SET OR TIED.
MM INDICATES DATA IS MISSING.
T  INDICATES TRACE AMOUNT.




$$
