000
CDUS44 KMEG 100733
CLITUP


CLIMATE REPORT
NATIONAL WEATHER SERVICE MEMPHIS TN
132 AM CST WED FEB 10 2016


...................................

...THE TUPELO CLIMATE SUMMARY FOR FEBRUARY 9 2016...

CLIMATE NORMAL PERIOD 1981 TO 2010
CLIMATE RECORD PERIOD 1930 TO 2016


WEATHER ITEM   OBSERVED TIME   RECORD YEAR NORMAL DEPARTURE LAST
                VALUE   (LST)  VALUE       VALUE  FROM      YEAR
                                                  NORMAL
..................................................................
TEMPERATURE (F)
 YESTERDAY
  MAXIMUM         42    249 PM  78    1957  55    -13       58
                                      1939
  MINIMUM         27   1159 PM   5    1971  34     -7       37
  AVERAGE         35                        44     -9       48

PRECIPITATION (IN)
  YESTERDAY        0.00          3.10 1990   0.16  -0.16     0.00
  MONTH TO DATE    1.26                      1.46  -0.20     0.42
  SINCE DEC 1     12.46                     12.22   0.24     9.74
  SINCE JAN 1      5.10                      5.94  -0.84     4.66

SNOWFALL (IN)
  YESTERDAY        0.0           T    2010   0.0    0.0      0.0
                                      1995
  MONTH TO DATE    0.0                       0.2   -0.2      0.0
  SINCE DEC 1      T                         1.4   -1.4       T
  SINCE JUL 1      T                         1.4   -1.4       T
  SNOW DEPTH       0

DEGREE DAYS
 HEATING
  YESTERDAY       30                        21      9       17
  MONTH TO DATE  167                       193    -26      202
  SINCE DEC 1   1275                      1567   -292     1502
  SINCE JUL 1   1616                      2089   -473     2139

 COOLING
  YESTERDAY        0                         0      0        0
  MONTH TO DATE    0                         0      0        0
  SINCE DEC 1     27                         3     24        0
  SINCE JAN 1      0                         1     -1        0
..................................................................


WIND (MPH)
  HIGHEST WIND SPEED    22   HIGHEST WIND DIRECTION    NW (300)
  HIGHEST GUST SPEED    29   HIGHEST GUST DIRECTION     W (290)
  AVERAGE WIND SPEED     9.5


SKY COVER
  POSSIBLE SUNSHINE  MM
  AVERAGE SKY COVER 0.5


WEATHER CONDITIONS
 THE FOLLOWING WEATHER WAS RECORDED YESTERDAY.
  NO SIGNIFICANT WEATHER WAS OBSERVED.


RELATIVE HUMIDITY (PERCENT)
 HIGHEST    50           900 PM
 LOWEST     28           300 PM
 AVERAGE    39

..........................................................


THE TUPELO CLIMATE NORMALS FOR TODAY
                         NORMAL    RECORD    YEAR
 MAXIMUM TEMPERATURE (F)   55        82      1938
 MINIMUM TEMPERATURE (F)   34         7      1971


SUNRISE AND SUNSET
FEBRUARY 10 2016......SUNRISE   645 AM CST   SUNSET   534 PM CST
FEBRUARY 11 2016......SUNRISE   644 AM CST   SUNSET   534 PM CST


-  INDICATES NEGATIVE NUMBERS.
R  INDICATES RECORD WAS SET OR TIED.
MM INDICATES DATA IS MISSING.
T  INDICATES TRACE AMOUNT.




$$
