000
CDUS44 KMEG 202246
CLITUP


CLIMATE REPORT
NATIONAL WEATHER SERVICE MEMPHIS TN
446 PM CST THU NOV 20 2014


...................................

...THE TUPELO CLIMATE SUMMARY FOR NOVEMBER 20 2014...
VALID TODAY AS OF 0400 PM LOCAL TIME.

CLIMATE NORMAL PERIOD 1981 TO 2010
CLIMATE RECORD PERIOD 1930 TO 2014


WEATHER ITEM   OBSERVED TIME   RECORD YEAR NORMAL DEPARTURE LAST
                VALUE   (LST)  VALUE       VALUE  FROM      YEAR
                                                  NORMAL
..................................................................
TEMPERATURE (F)
 TODAY
  MAXIMUM         59    244 PM  80    1942  62     -3       65
  MINIMUM         35    657 AM  20    1969  40     -5       31
  AVERAGE         47                        51     -4       48

PRECIPITATION (IN)
  TODAY            0.00          2.60 1992   0.18  -0.18     0.00
  MONTH TO DATE    3.75                      2.80   0.95     1.35
  SINCE SEP 1     15.32                     10.36   4.96     6.61
  SINCE JAN 1     51.25                     46.83   4.42    43.89

SNOWFALL (IN)
  TODAY            0.0

DEGREE DAYS
 HEATING
  TODAY           18                        14      4       17
  MONTH TO DATE  387                       217    170      260
  SINCE SEP 1    486                       365    121      379
  SINCE JUL 1    486                       365    121      379

 COOLING
  TODAY            0                         0      0        0
  MONTH TO DATE    0                         9     -9        0
  SINCE SEP 1    427                       370     57      432
  SINCE JAN 1   1974                      2042    -68     2027
..................................................................


WIND (MPH)
  HIGHEST WIND SPEED    10   HIGHEST WIND DIRECTION     W (250)
  HIGHEST GUST SPEED    16   HIGHEST GUST DIRECTION    SW (240)
  AVERAGE WIND SPEED     4.1


SKY COVER
  POSSIBLE SUNSHINE  MM
  AVERAGE SKY COVER 0.1


WEATHER CONDITIONS
 THE FOLLOWING WEATHER WAS RECORDED TODAY.
  NO SIGNIFICANT WEATHER WAS OBSERVED.


RELATIVE HUMIDITY (PERCENT)
 HIGHEST    70           700 AM
 LOWEST     33           300 PM
 AVERAGE    52

..........................................................


THE TUPELO CLIMATE NORMALS FOR TOMORROW
                         NORMAL    RECORD    YEAR
 MAXIMUM TEMPERATURE (F)   62        77      1933
 MINIMUM TEMPERATURE (F)   40        16      1981


SUNRISE AND SUNSET
NOVEMBER 20 2014......SUNRISE   633 AM CST   SUNSET   448 PM CST
NOVEMBER 21 2014......SUNRISE   634 AM CST   SUNSET   448 PM CST


-  INDICATES NEGATIVE NUMBERS.
R  INDICATES RECORD WAS SET OR TIED.
MM INDICATES DATA IS MISSING.
T  INDICATES TRACE AMOUNT.




$$
