000
CDUS44 KMEG 050741
CLITUP


CLIMATE REPORT
NATIONAL WEATHER SERVICE MEMPHIS TN
141 AM CST THU MAR 5 2015


...................................

...THE TUPELO CLIMATE SUMMARY FOR MARCH 4 2015...

CLIMATE NORMAL PERIOD 1981 TO 2010
CLIMATE RECORD PERIOD 1930 TO 2015


WEATHER ITEM   OBSERVED TIME   RECORD YEAR NORMAL DEPARTURE LAST
                VALUE   (LST)  VALUE       VALUE  FROM      YEAR
                                                  NORMAL
..................................................................
TEMPERATURE (F)
 YESTERDAY
  MAXIMUM         75    154 PM  82    1976  62     13       37
  MINIMUM         34   1159 PM  16    1943  40     -6       23
  AVERAGE         55                        51      4       30

PRECIPITATION (IN)
  YESTERDAY        0.91          2.54 1977   0.17   0.74     0.00
  MONTH TO DATE    1.84                      0.70   1.14     0.67
  SINCE MAR 1      1.84                      0.70   1.14     0.67
  SINCE JAN 1     11.00                     10.14   0.86     6.76

SNOWFALL (IN)
  YESTERDAY        T            MM      MM   0.1   -0.1      0.0
  MONTH TO DATE    T                         0.1   -0.1       T
  SINCE MAR 1      T                         0.1   -0.1       T
  SINCE JUL 1      7.3                       1.9    5.4      0.5
  SNOW DEPTH       0

DEGREE DAYS
 HEATING
  YESTERDAY       10                        15     -5       35
  MONTH TO DATE   59                        60     -1       86
  SINCE MAR 1     59                        60     -1       86
  SINCE JUL 1   2777                      2491    286     2916

 COOLING
  YESTERDAY        0                         0      0        0
  MONTH TO DATE    0                         0      0        0
  SINCE MAR 1      0                         0      0        0
  SINCE JAN 1      0                         2     -2        0
..................................................................


WIND (MPH)
  HIGHEST WIND SPEED    26   HIGHEST WIND DIRECTION     N (20)
  HIGHEST GUST SPEED    32   HIGHEST GUST DIRECTION    NE (30)
  AVERAGE WIND SPEED    13.2


SKY COVER
  POSSIBLE SUNSHINE  MM
  AVERAGE SKY COVER 1.0


WEATHER CONDITIONS
 THE FOLLOWING WEATHER WAS RECORDED YESTERDAY.
  HEAVY RAIN
  RAIN
  LIGHT RAIN
  SLEET
  FOG
  HAZE


RELATIVE HUMIDITY (PERCENT)
 HIGHEST    93          1200 AM
 LOWEST     74           200 PM
 AVERAGE    84

..........................................................


THE TUPELO CLIMATE NORMALS FOR TODAY
                         NORMAL    RECORD    YEAR
 MAXIMUM TEMPERATURE (F)   62        81      1939
 MINIMUM TEMPERATURE (F)   40        12      1978


SUNRISE AND SUNSET
MARCH  5 2015.........SUNRISE   619 AM CST   SUNSET   554 PM CST
MARCH  6 2015.........SUNRISE   618 AM CST   SUNSET   555 PM CST


-  INDICATES NEGATIVE NUMBERS.
R  INDICATES RECORD WAS SET OR TIED.
MM INDICATES DATA IS MISSING.
T  INDICATES TRACE AMOUNT.




$$
