000
CDUS44 KMEG 290733
CLITUP


CLIMATE REPORT
NATIONAL WEATHER SERVICE MEMPHIS TN
132 AM CST SAT NOV 29 2014


...................................

...THE TUPELO CLIMATE SUMMARY FOR NOVEMBER 28 2014...

CLIMATE NORMAL PERIOD 1981 TO 2010
CLIMATE RECORD PERIOD 1930 TO 2014


WEATHER ITEM   OBSERVED TIME   RECORD YEAR NORMAL DEPARTURE LAST
                VALUE   (LST)  VALUE       VALUE  FROM      YEAR
                                                  NORMAL
..................................................................
TEMPERATURE (F)
 YESTERDAY
  MAXIMUM         52    246 PM  76    1970  59     -7       48
  MINIMUM         25    450 AM  17    2013  38    -13       17
                                      1938
  AVERAGE         39                        48     -9       33

PRECIPITATION (IN)
  YESTERDAY        0.00          2.32 1982   0.20  -0.20     0.00
  MONTH TO DATE    4.50                      4.30   0.20     4.33
  SINCE SEP 1     16.07                     11.86   4.21     9.59
  SINCE JAN 1     52.00                     48.33   3.67    46.87

SNOWFALL (IN)
  YESTERDAY        0.0           T    2011   0.0    0.0      0.0
                                      1976
  MONTH TO DATE    0.0                       0.0    0.0      0.0
  SINCE SEP 1      0.0                       0.0    0.0      0.0
  SINCE JUL 1      0.0                       0.0    0.0      0.0
  SNOW DEPTH       0

DEGREE DAYS
 HEATING
  YESTERDAY       26                        17      9       32
  MONTH TO DATE  526                       341    185      454
  SINCE SEP 1    625                       489    136      573
  SINCE JUL 1    625                       489    136      573

 COOLING
  YESTERDAY        0                         0      0        0
  MONTH TO DATE    0                         9     -9        0
  SINCE SEP 1    427                       370     57      432
  SINCE JAN 1   1974                      2042    -68     2027
..................................................................


WIND (MPH)
  HIGHEST WIND SPEED    14   HIGHEST WIND DIRECTION     S (190)
  HIGHEST GUST SPEED    18   HIGHEST GUST DIRECTION     S (180)
  AVERAGE WIND SPEED     5.3


SKY COVER
  POSSIBLE SUNSHINE  MM
  AVERAGE SKY COVER 0.0


WEATHER CONDITIONS
 THE FOLLOWING WEATHER WAS RECORDED YESTERDAY.
  FOG
  HAZE


RELATIVE HUMIDITY (PERCENT)
 HIGHEST    92           600 AM
 LOWEST     41           200 PM
 AVERAGE    67

..........................................................


THE TUPELO CLIMATE NORMALS FOR TODAY
                         NORMAL    RECORD    YEAR
 MAXIMUM TEMPERATURE (F)   59        78      1970
 MINIMUM TEMPERATURE (F)   38        17      1955


SUNRISE AND SUNSET
NOVEMBER 29 2014......SUNRISE   641 AM CST   SUNSET   445 PM CST
NOVEMBER 30 2014......SUNRISE   642 AM CST   SUNSET   445 PM CST


-  INDICATES NEGATIVE NUMBERS.
R  INDICATES RECORD WAS SET OR TIED.
MM INDICATES DATA IS MISSING.
T  INDICATES TRACE AMOUNT.




$$
