000
CDUS44 KMEG 240736
CLITUP


CLIMATE REPORT
NATIONAL WEATHER SERVICE MEMPHIS TN
136 AM CST WED JAN 24 2018


...................................

...THE TUPELO CLIMATE SUMMARY FOR JANUARY 23 2018...

CLIMATE NORMAL PERIOD 1981 TO 2010
CLIMATE RECORD PERIOD 1930 TO 2018


WEATHER ITEM   OBSERVED TIME   RECORD YEAR NORMAL DEPARTURE LAST
                VALUE   (LST)  VALUE       VALUE  FROM      YEAR
                                                  NORMAL
..................................................................
TEMPERATURE (F)
 YESTERDAY
  MAXIMUM         53    320 PM  79    1943  52      1       57
  MINIMUM         30   1159 PM   2    1963  32     -2       41
  AVERAGE         42                        42      0       49

PRECIPITATION (IN)
  YESTERDAY        0.00          1.56 1974   0.14  -0.14     0.00
  MONTH TO DATE    3.08                      3.32  -0.24     5.74
  SINCE DEC 1      9.54                      9.60  -0.06    10.64
  SINCE JAN 1      3.08                      3.32  -0.24     5.74

SNOWFALL (IN)
  YESTERDAY        0.0           2.5  1935   0.0    0.0      0.0
  MONTH TO DATE    0.8                       0.7    0.1       T
  SINCE DEC 1      0.8                       1.0   -0.2       T
  SINCE JUL 1      0.8                       1.0   -0.2       T
  SNOW DEPTH       0

DEGREE DAYS
 HEATING
  YESTERDAY       23                        23      0       16
  MONTH TO DATE  659                       543    116      297
  SINCE DEC 1   1320                      1194    126      873
  SINCE JUL 1   1810                      1716     94     1167

 COOLING
  YESTERDAY        0                         0      0        0
  MONTH TO DATE    0                         0      0        8
  SINCE DEC 1      0                         2     -2       15
  SINCE JAN 1      0                         0      0        8
..................................................................


WIND (MPH)
  HIGHEST WIND SPEED    14   HIGHEST WIND DIRECTION    NW (300)
  HIGHEST GUST SPEED    20   HIGHEST GUST DIRECTION    NW (300)
  AVERAGE WIND SPEED     6.6


SKY COVER
  POSSIBLE SUNSHINE  MM
  AVERAGE SKY COVER 0.0


WEATHER CONDITIONS
 THE FOLLOWING WEATHER WAS RECORDED YESTERDAY.
  NO SIGNIFICANT WEATHER WAS OBSERVED.


RELATIVE HUMIDITY (PERCENT)
 HIGHEST    82          1000 PM
 LOWEST     38           100 PM
 AVERAGE    60

..........................................................


THE TUPELO CLIMATE NORMALS FOR TODAY
                         NORMAL    RECORD    YEAR
 MAXIMUM TEMPERATURE (F)   52        80      1972
 MINIMUM TEMPERATURE (F)   32        -2      1963


SUNRISE AND SUNSET
JANUARY 24 2018.......SUNRISE   657 AM CST   SUNSET   517 PM CST
JANUARY 25 2018.......SUNRISE   657 AM CST   SUNSET   518 PM CST


-  INDICATES NEGATIVE NUMBERS.
R  INDICATES RECORD WAS SET OR TIED.
MM INDICATES DATA IS MISSING.
T  INDICATES TRACE AMOUNT.




$$
