000
CDUS44 KMEG 172247
CLITUP


CLIMATE REPORT
NATIONAL WEATHER SERVICE MEMPHIS TN
447 PM CST FRI NOV 17 2017


...................................

...THE TUPELO CLIMATE SUMMARY FOR NOVEMBER 17 2017...
VALID TODAY AS OF 0400 PM LOCAL TIME.

CLIMATE NORMAL PERIOD 1981 TO 2010
CLIMATE RECORD PERIOD 1930 TO 2017


WEATHER ITEM   OBSERVED TIME   RECORD YEAR NORMAL DEPARTURE LAST
                VALUE   (LST)  VALUE       VALUE  FROM      YEAR
                                                  NORMAL
..................................................................
TEMPERATURE (F)
 TODAY
  MAXIMUM         71    259 PM  82    2016  64      7       82
  MINIMUM         37    356 AM  19    1997  41     -4       46
  AVERAGE         54                        52      2       64

PRECIPITATION (IN)
  TODAY            0.00          2.05 1980   0.16  -0.16     0.00
  MONTH TO DATE    1.29                      2.28  -0.99     0.71
  SINCE SEP 1      4.99                      9.84  -4.85     1.58
  SINCE JAN 1     41.04                     46.31  -5.27    37.43

SNOWFALL (IN)
  TODAY            0.0

DEGREE DAYS
 HEATING
  TODAY           11                        13     -2        1
  MONTH TO DATE  142                       176    -34       92
  SINCE SEP 1    280                       324    -44      114
  SINCE JUL 1    280                       324    -44      114

 COOLING
  TODAY            0                         0      0        0
  MONTH TO DATE   29                         9     20       25
  SINCE SEP 1    435                       370     65      616
  SINCE JAN 1   2133                      2042     91     2539
..................................................................


WIND (MPH)
  HIGHEST WIND SPEED    15   HIGHEST WIND DIRECTION    SE (140)
  HIGHEST GUST SPEED    19   HIGHEST GUST DIRECTION    SE (150)
  AVERAGE WIND SPEED     5.2


SKY COVER
  POSSIBLE SUNSHINE  MM
  AVERAGE SKY COVER 0.1


WEATHER CONDITIONS
 THE FOLLOWING WEATHER WAS RECORDED TODAY.
  NO SIGNIFICANT WEATHER WAS OBSERVED.


RELATIVE HUMIDITY (PERCENT)
 HIGHEST    92           300 AM
 LOWEST     42          1200 PM
 AVERAGE    67

..........................................................


THE TUPELO CLIMATE NORMALS FOR TOMORROW
                         NORMAL    RECORD    YEAR
 MAXIMUM TEMPERATURE (F)   63        81      2016
                                             1930
 MINIMUM TEMPERATURE (F)   41        19      1959


SUNRISE AND SUNSET
NOVEMBER 17 2017......SUNRISE   630 AM CST   SUNSET   450 PM CST
NOVEMBER 18 2017......SUNRISE   631 AM CST   SUNSET   449 PM CST


-  INDICATES NEGATIVE NUMBERS.
R  INDICATES RECORD WAS SET OR TIED.
MM INDICATES DATA IS MISSING.
T  INDICATES TRACE AMOUNT.




$$
