000
CDUS44 KMEG 280635
CLITUP


CLIMATE REPORT
NATIONAL WEATHER SERVICE MEMPHIS TN
134 AM CDT THU JUL 28 2016


...................................

...THE TUPELO CLIMATE SUMMARY FOR JULY 27 2016...

CLIMATE NORMAL PERIOD 1981 TO 2010
CLIMATE RECORD PERIOD 1930 TO 2016


WEATHER ITEM   OBSERVED TIME   RECORD YEAR NORMAL DEPARTURE LAST
                VALUE   (LST)  VALUE       VALUE  FROM      YEAR
                                                  NORMAL
..................................................................
TEMPERATURE (F)
 YESTERDAY
  MAXIMUM         91    133 PM 106    1952  92     -1       97
  MINIMUM         77   1159 PM  61    1962  71      6       76
  AVERAGE         84                        82      2       87

PRECIPITATION (IN)
  YESTERDAY        0.03          3.60 1993   0.12  -0.09     0.00
  MONTH TO DATE    2.05                      3.42  -1.37    10.19
  SINCE JUN 1      8.11                      7.94   0.17    13.57
  SINCE JAN 1     30.21                     32.54  -2.33    45.98

SNOWFALL (IN)
  YESTERDAY        0.0          MM      MM   0.0    0.0      0.0
  MONTH TO DATE    0.0                       0.0    0.0      0.0
  SINCE JUN 1      0.0                       0.0    0.0      0.0
  SINCE JUL 1      0.0                       0.0    0.0      0.0
  SNOW DEPTH       0

DEGREE DAYS
 HEATING
  YESTERDAY        0                         0      0        0
  MONTH TO DATE    0                         0      0        0
  SINCE JUN 1      0                         0      0        0
  SINCE JUL 1      0                         0      0        0

 COOLING
  YESTERDAY       19                        17      2       22
  MONTH TO DATE  506                       448     58      488
  SINCE JUN 1    989                       843    146      921
  SINCE JAN 1   1275                      1120    155     1226
..................................................................


WIND (MPH)
  HIGHEST WIND SPEED    23   HIGHEST WIND DIRECTION    SE (130)
  HIGHEST GUST SPEED    29   HIGHEST GUST DIRECTION    SE (120)
  AVERAGE WIND SPEED     8.5


SKY COVER
  POSSIBLE SUNSHINE  MM
  AVERAGE SKY COVER 0.6


WEATHER CONDITIONS
 THE FOLLOWING WEATHER WAS RECORDED YESTERDAY.
  LIGHT RAIN


RELATIVE HUMIDITY (PERCENT)
 HIGHEST    88          1000 PM
 LOWEST     56          1200 PM
 AVERAGE    72

..........................................................


THE TUPELO CLIMATE NORMALS FOR TODAY
                         NORMAL    RECORD    YEAR
 MAXIMUM TEMPERATURE (F)   92       106      1952
 MINIMUM TEMPERATURE (F)   71        57      1937


SUNRISE AND SUNSET
JULY 28 2016..........SUNRISE   603 AM CDT   SUNSET   759 PM CDT
JULY 29 2016..........SUNRISE   604 AM CDT   SUNSET   758 PM CDT


-  INDICATES NEGATIVE NUMBERS.
R  INDICATES RECORD WAS SET OR TIED.
MM INDICATES DATA IS MISSING.
T  INDICATES TRACE AMOUNT.




$$
