000
CDUS45 KTWC 200731
CLITUS

CLIMATE REPORT
NATIONAL WEATHER SERVICE TUCSON AZ
1230 AM MST FRI OCT 20 2017

...................................

...THE TUCSON AZ CLIMATE SUMMARY FOR OCTOBER 19 2017...

CLIMATE NORMAL PERIOD 1981 TO 2010
CLIMATE RECORD PERIOD 1895 TO 2017


WEATHER ITEM   OBSERVED TIME   RECORD YEAR NORMAL DEPARTURE LAST
                VALUE   (LST)  VALUE       VALUE  FROM      YEAR
                                                  NORMAL
..................................................................
TEMPERATURE (F)
 YESTERDAY
  MAXIMUM         94    210 PM  99    1921  84     10       91
  MINIMUM         67    519 AM  33    1908  56     11       60
  AVERAGE         81                        70     11       76

PRECIPITATION (IN)
  YESTERDAY        0.00          1.75 1972   0.02  -0.02     0.00
  MONTH TO DATE    0.00                      0.61  -0.61     0.10
  SINCE OCT 1      0.00                      0.61  -0.61     0.10
  SINCE JAN 1     10.18                      9.81   0.37    10.23

DEGREE DAYS
 HEATING
  YESTERDAY        0                         1     -1        0
  MONTH TO DATE    0                         5     -5        0
  SINCE SEP 1      0                         5     -5        0
  SINCE JUL 1      0                         5     -5        0

 COOLING
  YESTERDAY       16                         6     10       11
  MONTH TO DATE  281                       162    119      227
  SINCE SEP 1    827                       659    168      702
  SINCE JAN 1   3666                      3069    597     3412
..................................................................


WIND (MPH)
  HIGHEST WIND SPEED    16   HIGHEST WIND DIRECTION    SW (230)
  HIGHEST GUST SPEED    23   HIGHEST GUST DIRECTION     S (160)
  AVERAGE WIND SPEED     7.3


SKY COVER
  POSSIBLE SUNSHINE  MM
  AVERAGE SKY COVER  MM


WEATHER CONDITIONS
 THE FOLLOWING WEATHER WAS RECORDED YESTERDAY.
  HAZE


RELATIVE HUMIDITY (PERCENT)
 HIGHEST    MM
 LOWEST     MM
 AVERAGE    MM

..........................................................


THE TUCSON AZ CLIMATE NORMALS FOR TODAY
                         NORMAL    RECORD    YEAR
 MAXIMUM TEMPERATURE (F)   84        97      2003
 MINIMUM TEMPERATURE (F)   56        35      1908


SUNRISE AND SUNSET
OCTOBER 20 2017.......SUNRISE   631 AM MST   SUNSET   545 PM MST
OCTOBER 21 2017.......SUNRISE   632 AM MST   SUNSET   544 PM MST


-  INDICATES NEGATIVE NUMBERS.
R  INDICATES RECORD WAS SET OR TIED.
MM INDICATES DATA IS MISSING.
T  INDICATES TRACE AMOUNT.

$$
