000
CDUS45 KTWC 260026
CLITUS

CLIMATE REPORT
NATIONAL WEATHER SERVICE TUCSON AZ
526 PM MST TUE NOV 25 2014


...................................

...THE TUCSON AZ CLIMATE SUMMARY FOR NOVEMBER 25 2014...
VALID TODAY AS OF 0500 PM LOCAL TIME.

CLIMATE NORMAL PERIOD 1981 TO 2010
CLIMATE RECORD PERIOD 1895 TO 2014


WEATHER ITEM   OBSERVED TIME   RECORD YEAR NORMAL DEPARTURE LAST
                VALUE   (LST)  VALUE       VALUE  FROM      YEAR
                                                  NORMAL
..................................................................
TEMPERATURE (F)
 TODAY
  MAXIMUM         66    306 PM  86    1894  70     -4       60
  MINIMUM         37    636 AM  26    1992  43     -6       40
  AVERAGE         52                        56     -4       50

PRECIPITATION (IN)
  TODAY            0.00          1.25 1935   0.02  -0.02     0.00
  MONTH TO DATE    0.00                      0.45  -0.45     2.22
  SINCE OCT 1      1.33                      1.34  -0.01     2.22
  SINCE JAN 1      8.02                     10.54  -2.52     7.70

DEGREE DAYS
 HEATING
  TODAY           13                         9      4       15
  MONTH TO DATE  118                       134    -16       63
  SINCE SEP 1    118                       158    -40       76
  SINCE JUL 1    118                       158    -40       76

 COOLING
  TODAY            0                         0      0        0
  MONTH TO DATE   41                        25     16       49
  SINCE SEP 1    924                       734    190      779
  SINCE JAN 1   3615                      3144    471     3653
..................................................................


WIND (MPH)
  HIGHEST WIND SPEED    14   HIGHEST WIND DIRECTION    SE (140)
  HIGHEST GUST SPEED    15   HIGHEST GUST DIRECTION    SE (140)
  AVERAGE WIND SPEED     5.4


SKY COVER
  POSSIBLE SUNSHINE  MM
  AVERAGE SKY COVER 0.0


WEATHER CONDITIONS
 THE FOLLOWING WEATHER WAS RECORDED TODAY.
  NO SIGNIFICANT WEATHER WAS OBSERVED.


RELATIVE HUMIDITY (PERCENT)
 HIGHEST    25
 LOWEST      7
 AVERAGE    16

..........................................................


THE TUCSON AZ CLIMATE NORMALS FOR TOMORROW
                         NORMAL    RECORD    YEAR
 MAXIMUM TEMPERATURE (F)   69        86      1998
                                             1950
 MINIMUM TEMPERATURE (F)   42        27      1938
                                             1906


SUNRISE AND SUNSET
NOVEMBER 25 2014......SUNRISE   702 AM MST   SUNSET   520 PM MST
NOVEMBER 26 2014......SUNRISE   702 AM MST   SUNSET   520 PM MST


-  INDICATES NEGATIVE NUMBERS.
R  INDICATES RECORD WAS SET OR TIED.
MM INDICATES DATA IS MISSING.
T  INDICATES TRACE AMOUNT.




$$
