000
CDUS45 KTWC 231433
CLITUS

CLIMATE REPORT
NATIONAL WEATHER SERVICE TUCSON AZ
732 AM MST FRI JUN 23 2017


...................................

...THE TUCSON AZ CLIMATE SUMMARY FOR JUNE 23 2017...
VALID AS OF 0700 AM LOCAL TIME.

CLIMATE NORMAL PERIOD 1981 TO 2010
CLIMATE RECORD PERIOD 1895 TO 2017


WEATHER ITEM   OBSERVED TIME   RECORD YEAR NORMAL DEPARTURE LAST
                VALUE   (LST)  VALUE       VALUE  FROM      YEAR
                                                  NORMAL
..................................................................
TEMPERATURE (F)
 TODAY
  MINIMUM         84    613 AM  57    1916  72     12       82
                                      1907

PRECIPITATION (IN)
  TODAY            0.00          0.63 1940   0.01  -0.01      T
  MONTH TO DATE    0.00                      0.10  -0.10     0.20
  SINCE OCT 1      3.29                      5.56  -2.27     5.61
  SINCE JAN 1      1.61                      3.17  -1.56     2.73

DEGREE DAYS
 HEATING
  TODAY            0                         0      0        0

 COOLING
  TODAY           23                        22      1       25
..................................................................


WIND (MPH)
  HIGHEST WIND SPEED     8   HIGHEST WIND DIRECTION    NE (30)
  HIGHEST GUST SPEED    10   HIGHEST GUST DIRECTION    NW (320)
  AVERAGE WIND SPEED     2.7


SKY COVER
  POSSIBLE SUNSHINE  MM
  AVERAGE SKY COVER 0.0


WEATHER CONDITIONS
 THE FOLLOWING WEATHER WAS RECORDED TODAY.
  NO SIGNIFICANT WEATHER WAS OBSERVED.


RELATIVE HUMIDITY (PERCENT)
 HIGHEST    43           500 AM

..........................................................


THE TUCSON AZ CLIMATE NORMALS FOR TOMORROW
                         NORMAL    RECORD    YEAR
 MAXIMUM TEMPERATURE (F)  102       113      1994
 MINIMUM TEMPERATURE (F)   72        57      1907


SUNRISE AND SUNSET
JUNE 23 2017..........SUNRISE   518 AM MST   SUNSET   734 PM MST
JUNE 24 2017..........SUNRISE   519 AM MST   SUNSET   734 PM MST


-  INDICATES NEGATIVE NUMBERS.
R  INDICATES RECORD WAS SET OR TIED.
MM INDICATES DATA IS MISSING.
T  INDICATES TRACE AMOUNT.




$$
