000
CDUS45 KTWC 270734
CLITUS

CLIMATE REPORT
NATIONAL WEATHER SERVICE TUCSON AZ
1233 AM MST WED MAY 27 2015

...................................

...THE TUCSON AZ CLIMATE SUMMARY FOR MAY 26 2015...

CLIMATE NORMAL PERIOD 1981 TO 2010
CLIMATE RECORD PERIOD 1895 TO 2015


WEATHER ITEM   OBSERVED TIME   RECORD YEAR NORMAL DEPARTURE LAST
                VALUE   (LST)  VALUE       VALUE  FROM      YEAR
                                                  NORMAL
..................................................................
TEMPERATURE (F)
 YESTERDAY
  MAXIMUM         93    506 PM 107    1951  95     -2       97
  MINIMUM         60    612 AM  44    1916  63     -3       67
  AVERAGE         77                        79     -2       82

PRECIPITATION (IN)
  YESTERDAY        0.00          0.44 1926   0.01  -0.01     0.00
  MONTH TO DATE    0.09                      0.19  -0.10     0.00
  SINCE OCT 1      7.20                      5.42   1.78     3.66
  SINCE JAN 1      3.70                      3.03   0.67     0.61

DEGREE DAYS
 HEATING
  YESTERDAY        0                         0      0        0
  MONTH TO DATE    3                         3      0        0
  SINCE MAR 1     63                       242   -179       66
  SINCE JUL 1    905                      1509   -604      899

 COOLING
  YESTERDAY       12                        14     -2       17
  MONTH TO DATE  182                       273    -91      281
  SINCE MAR 1    417                       423     -6      469
  SINCE JAN 1    425                       427     -2      493
..................................................................


WIND (MPH)
  HIGHEST WIND SPEED    17   HIGHEST WIND DIRECTION     S (170)
  HIGHEST GUST SPEED    24   HIGHEST GUST DIRECTION    SE (130)
  AVERAGE WIND SPEED     6.4


SKY COVER
  POSSIBLE SUNSHINE  MM
  AVERAGE SKY COVER  MM


WEATHER CONDITIONS
 THE FOLLOWING WEATHER WAS RECORDED YESTERDAY.
  NO SIGNIFICANT WEATHER WAS OBSERVED.


RELATIVE HUMIDITY (PERCENT)
 HIGHEST    37
 LOWEST      6
 AVERAGE    22

..........................................................


THE TUCSON AZ CLIMATE NORMALS FOR TODAY
                         NORMAL    RECORD    YEAR
 MAXIMUM TEMPERATURE (F)   95       107      1951
 MINIMUM TEMPERATURE (F)   64        44      1917


SUNRISE AND SUNSET
MAY 27 2015...........SUNRISE   520 AM MST   SUNSET   722 PM MST
MAY 28 2015...........SUNRISE   519 AM MST   SUNSET   723 PM MST


-  INDICATES NEGATIVE NUMBERS.
R  INDICATES RECORD WAS SET OR TIED.
MM INDICATES DATA IS MISSING.
T  INDICATES TRACE AMOUNT.

$$
