000
CDUS45 KTWC 290732
CLITUS

CLIMATE REPORT
NATIONAL WEATHER SERVICE TUCSON AZ
1230 AM MST WED JUL 29 2015


...................................

...THE TUCSON AZ CLIMATE SUMMARY FOR JULY 28 2015...

CLIMATE NORMAL PERIOD 1981 TO 2010
CLIMATE RECORD PERIOD 1895 TO 2015


WEATHER ITEM   OBSERVED TIME   RECORD YEAR NORMAL DEPARTURE LAST
                VALUE   (LST)  VALUE       VALUE  FROM      YEAR
                                                  NORMAL
..................................................................
TEMPERATURE (F)
 YESTERDAY
  MAXIMUM        103    338 PM 114    1995  98      5       95
  MINIMUM         72    924 PM  62    1913  74     -2       75
  AVERAGE         88                        86      2       85

PRECIPITATION (IN)
  YESTERDAY        1.49          1.88 1921   0.10   1.39     0.01
  MONTH TO DATE    2.01                      1.96   0.05     1.43
  SINCE OCT 1      9.77                      7.62   2.15     5.09
  SINCE JAN 1      6.27                      5.23   1.04     2.04

DEGREE DAYS
 HEATING
  YESTERDAY        0                         0      0        0
  MONTH TO DATE    0                         0      0        0
  SINCE JUN 1      0                         0      0        0
  SINCE JUL 1      0                         0      0        0

 COOLING
  YESTERDAY       23                        21      2       20
  MONTH TO DATE  636                       623     13      652
  SINCE JUN 1   1349                      1217    132     1377
  SINCE JAN 1   1863                      1719    144     1980
..................................................................


WIND (MPH)
  HIGHEST WIND SPEED    43   HIGHEST WIND DIRECTION     N (350)
  HIGHEST GUST SPEED    65   HIGHEST GUST DIRECTION     N (340)
  AVERAGE WIND SPEED     9.3


SKY COVER
  POSSIBLE SUNSHINE  MM
  AVERAGE SKY COVER 0.2


WEATHER CONDITIONS
 THE FOLLOWING WEATHER WAS RECORDED YESTERDAY.
  THUNDERSTORM
  HEAVY RAIN
  RAIN
  HAZE


RELATIVE HUMIDITY (PERCENT)
 HIGHEST    84
 LOWEST     21
 AVERAGE    53

..........................................................


THE TUCSON AZ CLIMATE NORMALS FOR TODAY
                         NORMAL    RECORD    YEAR
 MAXIMUM TEMPERATURE (F)   98       110      1995
 MINIMUM TEMPERATURE (F)   74        62      1913


SUNRISE AND SUNSET
JULY 29 2015..........SUNRISE   537 AM MST   SUNSET   723 PM MST
JULY 30 2015..........SUNRISE   537 AM MST   SUNSET   723 PM MST


-  INDICATES NEGATIVE NUMBERS.
R  INDICATES RECORD WAS SET OR TIED.
MM INDICATES DATA IS MISSING.
T  INDICATES TRACE AMOUNT.




$$
