000
CDUS45 KTWC 290745
CLITUS

CLIMATE REPORT
NATIONAL WEATHER SERVICE TUCSON AZ
1244 AM MST MON AUG 29 2016

...................................

...THE TUCSON AZ CLIMATE SUMMARY FOR AUGUST 28 2016...

CLIMATE NORMAL PERIOD 1981 TO 2010
CLIMATE RECORD PERIOD 1895 TO 2016


WEATHER ITEM   OBSERVED TIME   RECORD YEAR NORMAL DEPARTURE LAST
                VALUE   (LST)  VALUE       VALUE  FROM      YEAR
                                                  NORMAL
..................................................................
TEMPERATURE (F)
 YESTERDAY
  MAXIMUM         97    313 PM 107    1998  98     -1      102
  MINIMUM         66    624 AM  59    1900  73     -7       75
  AVERAGE         82                        85     -3       89

PRECIPITATION (IN)
  YESTERDAY        0.00          0.81 1969   0.07  -0.07     0.00
  MONTH TO DATE    1.09                      2.20  -1.11     1.51
  SINCE OCT 1     11.41                     10.11   1.30    11.35
  SINCE JAN 1      8.53                      7.72   0.81     7.85

DEGREE DAYS
 HEATING
  YESTERDAY        0                         0      0        0
  MONTH TO DATE    0                         0      0        0
  SINCE JUN 1      0                         0      0        0
  SINCE JUL 1      0                         0      0        0

 COOLING
  YESTERDAY       17                        20     -3       24
  MONTH TO DATE  572                       566      6      680
  SINCE JUN 1   2075                      1843    232     2094
  SINCE JAN 1   2642                      2345    297     2608
..................................................................


WIND (MPH)
  HIGHEST WIND SPEED    14   HIGHEST WIND DIRECTION     N (340)
  HIGHEST GUST SPEED    17   HIGHEST GUST DIRECTION    NW (320)
  AVERAGE WIND SPEED     5.5


SKY COVER
  POSSIBLE SUNSHINE  MM
  AVERAGE SKY COVER  MM


WEATHER CONDITIONS
 THE FOLLOWING WEATHER WAS RECORDED YESTERDAY.
  NO SIGNIFICANT WEATHER WAS OBSERVED.


RELATIVE HUMIDITY (PERCENT)
 HIGHEST    45
 LOWEST     12
 AVERAGE    29

..........................................................


THE TUCSON AZ CLIMATE NORMALS FOR TODAY
                         NORMAL    RECORD    YEAR
 MAXIMUM TEMPERATURE (F)   98       107      1985
                                             1905
 MINIMUM TEMPERATURE (F)   73        58      1917


SUNRISE AND SUNSET
AUGUST 29 2016........SUNRISE   557 AM MST   SUNSET   651 PM MST
AUGUST 30 2016........SUNRISE   558 AM MST   SUNSET   650 PM MST


-  INDICATES NEGATIVE NUMBERS.
R  INDICATES RECORD WAS SET OR TIED.
MM INDICATES DATA IS MISSING.
T  INDICATES TRACE AMOUNT.

$$
