432
CDUS45 KTWC 200029 RRA
CLITUS

CLIMATE REPORT
NATIONAL WEATHER SERVICE TUCSON AZ
526 PM MST THU JAN 19 2017


...................................

...THE TUCSON AZ CLIMATE SUMMARY FOR JANUARY 19 2017...
VALID TODAY AS OF 0500 PM LOCAL TIME.

CLIMATE NORMAL PERIOD 1981 TO 2010
CLIMATE RECORD PERIOD 1895 TO 2017


WEATHER ITEM   OBSERVED TIME   RECORD YEAR NORMAL DEPARTURE LAST
                VALUE   (LST)  VALUE       VALUE  FROM      YEAR
                                                  NORMAL
..................................................................
TEMPERATURE (F)
 TODAY
  MAXIMUM         59    440 PM  85    1971  66     -7       72
  MINIMUM         43    534 AM  22    1936  40      3       38
                                      1928
  AVERAGE         51                        53     -2       55

PRECIPITATION (IN)
  TODAY            0.00          2.63 1916   0.03  -0.03     0.00
  MONTH TO DATE    0.79                      0.57   0.22     1.53
  SINCE OCT 1      2.47                      2.96  -0.49     4.41
  SINCE JAN 1      0.79                      0.57   0.22     1.53

DEGREE DAYS
 HEATING
  TODAY           14                        12      2       10
  MONTH TO DATE  187                       242    -55      267
  SINCE DEC 1    451                       647   -196      677
  SINCE JUL 1    545                       853   -308      872

 COOLING
  TODAY            0                         0      0        0
  MONTH TO DATE    0                         0      0        0
  SINCE DEC 1      3                         0      3        0
  SINCE JAN 1      0                         0      0        0
..................................................................


WIND (MPH)
  HIGHEST WIND SPEED    13   HIGHEST WIND DIRECTION    SE (140)
  HIGHEST GUST SPEED    15   HIGHEST GUST DIRECTION    SE (140)
  AVERAGE WIND SPEED     6.0


SKY COVER
  POSSIBLE SUNSHINE  MM
  AVERAGE SKY COVER 0.5


WEATHER CONDITIONS
 THE FOLLOWING WEATHER WAS RECORDED TODAY.
  NO SIGNIFICANT WEATHER WAS OBSERVED.


RELATIVE HUMIDITY (PERCENT)
 HIGHEST    82
 LOWEST     36
 AVERAGE    59

..........................................................


THE TUCSON AZ CLIMATE NORMALS FOR TOMORROW
                         NORMAL    RECORD    YEAR
 MAXIMUM TEMPERATURE (F)   66        84      1971
                                             1950
 MINIMUM TEMPERATURE (F)   40        22      1936
                                             1918


SUNRISE AND SUNSET
JANUARY 19 2017.......SUNRISE   724 AM MST   SUNSET   546 PM MST
JANUARY 20 2017.......SUNRISE   723 AM MST   SUNSET   547 PM MST


-  INDICATES NEGATIVE NUMBERS.
R  INDICATES RECORD WAS SET OR TIED.
MM INDICATES DATA IS MISSING.
T  INDICATES TRACE AMOUNT.




$$
