060
CDUS45 KTWC 010025
CLITUS

CLIMATE REPORT
NATIONAL WEATHER SERVICE TUCSON AZ
525 PM MST TUE MAY 31 2016


...................................

...THE TUCSON AZ CLIMATE SUMMARY FOR MAY 31 2016...
VALID TODAY AS OF 0500 PM LOCAL TIME.

CLIMATE NORMAL PERIOD 1981 TO 2010
CLIMATE RECORD PERIOD 1895 TO 2016


WEATHER ITEM   OBSERVED TIME   RECORD YEAR NORMAL DEPARTURE LAST
                VALUE   (LST)  VALUE       VALUE  FROM      YEAR
                                                  NORMAL
..................................................................
TEMPERATURE (F)
 TODAY
  MAXIMUM         94    413 PM 107    2002  97     -3      104
                                      1910
  MINIMUM         60    523 AM  44    1918  65     -5       70
  AVERAGE         77                        81     -4       87

PRECIPITATION (IN)
  TODAY            0.00          0.13 1914   0.01  -0.01     0.00
  MONTH TO DATE    0.00                      0.23  -0.23     0.09
  SINCE OCT 1      5.41                      5.46  -0.05     7.20
  SINCE JAN 1      2.53                      3.07  -0.54     3.70

DEGREE DAYS
 HEATING
  TODAY            0                         0      0        0
  MONTH TO DATE    0                         3     -3        3
  SINCE MAR 1     89                       244   -155       63
  SINCE JUL 1   1217                      1511   -294      905

 COOLING
  TODAY           12                        16     -4       22
  MONTH TO DATE  318                       348    -30      271
  SINCE MAR 1    533                       498     35      506
  SINCE JAN 1    567                       502     65      514
..................................................................


WIND (MPH)
  HIGHEST WIND SPEED    14   HIGHEST WIND DIRECTION     W (260)
  HIGHEST GUST SPEED    19   HIGHEST GUST DIRECTION     W (270)
  AVERAGE WIND SPEED     5.5


SKY COVER
  POSSIBLE SUNSHINE  MM
  AVERAGE SKY COVER 0.0


WEATHER CONDITIONS
 THE FOLLOWING WEATHER WAS RECORDED TODAY.
  NO SIGNIFICANT WEATHER WAS OBSERVED.


RELATIVE HUMIDITY (PERCENT)
 HIGHEST    20
 LOWEST      5
 AVERAGE    13

..........................................................


THE TUCSON AZ CLIMATE NORMALS FOR TOMORROW
                         NORMAL    RECORD    YEAR
 MAXIMUM TEMPERATURE (F)   97       107      2012
 MINIMUM TEMPERATURE (F)   65        44      1916


SUNRISE AND SUNSET
MAY 31 2016...........SUNRISE   518 AM MST   SUNSET   725 PM MST
JUNE  1 2016..........SUNRISE   518 AM MST   SUNSET   726 PM MST


-  INDICATES NEGATIVE NUMBERS.
R  INDICATES RECORD WAS SET OR TIED.
MM INDICATES DATA IS MISSING.
T  INDICATES TRACE AMOUNT.




$$
