000
CDUS45 KTWC 020744
CLITUS

CLIMATE REPORT
NATIONAL WEATHER SERVICE TUCSON AZ
1244 AM MST SAT AUG 2 2014

...................................

...THE TUCSON AZ CLIMATE SUMMARY FOR AUGUST 1 2014...

CLIMATE NORMAL PERIOD 1981 TO 2010
CLIMATE RECORD PERIOD 1895 TO 2014


WEATHER ITEM   OBSERVED TIME   RECORD YEAR NORMAL DEPARTURE LAST
                VALUE   (LST)  VALUE       VALUE  FROM      YEAR
                                                  NORMAL
..................................................................
TEMPERATURE (F)
 YESTERDAY
  MAXIMUM         93    523 PM 112    1993  98     -5       96
  MINIMUM         72    711 AM  64    1935  74     -2       82
  AVERAGE         83                        86     -3       89

PRECIPITATION (IN)
  YESTERDAY        0.43          2.88 1935   0.09   0.34      T
  MONTH TO DATE    0.43                      0.09   0.34      T
  SINCE OCT 1      5.52                      8.00  -2.48     5.58
  SINCE JAN 1      2.47                      5.61  -3.14     4.37

DEGREE DAYS
 HEATING
  YESTERDAY        0                         0      0        0
  MONTH TO DATE    0                         0      0        0
  SINCE JUN 1      0                         0      0        0
  SINCE JUL 1      0                         0      0        0

 COOLING
  YESTERDAY       18                        21     -3       24
  MONTH TO DATE   18                        21     -3       24
  SINCE JUN 1   1473                      1298    175     1485
  SINCE JAN 1   2076                      1800    276     2196
..................................................................


WIND (MPH)
  HIGHEST WIND SPEED    25   HIGHEST WIND DIRECTION    SE (130)
  HIGHEST GUST SPEED    31   HIGHEST GUST DIRECTION    SE (130)
  AVERAGE WIND SPEED     6.8


SKY COVER
  POSSIBLE SUNSHINE  MM
  AVERAGE SKY COVER 0.3


WEATHER CONDITIONS
 THE FOLLOWING WEATHER WAS RECORDED YESTERDAY.
  THUNDERSTORM
  HEAVY RAIN
  LIGHT RAIN


RELATIVE HUMIDITY (PERCENT)
 HIGHEST    84
 LOWEST     32
 AVERAGE    58

..........................................................


THE TUCSON AZ CLIMATE NORMALS FOR TODAY
                         NORMAL    RECORD    YEAR
 MAXIMUM TEMPERATURE (F)   97       110      1918
 MINIMUM TEMPERATURE (F)   74        59      1917


SUNRISE AND SUNSET
AUGUST  2 2014........SUNRISE   540 AM MST   SUNSET   720 PM MST
AUGUST  3 2014........SUNRISE   540 AM MST   SUNSET   719 PM MST


-  INDICATES NEGATIVE NUMBERS.
R  INDICATES RECORD WAS SET OR TIED.
MM INDICATES DATA IS MISSING.
T  INDICATES TRACE AMOUNT.




$$
