043
CDUS45 KTWC 230037 RRA
CLITUS

CLIMATE REPORT
NATIONAL WEATHER SERVICE TUCSON AZ
536 PM MST WED MAR 22 2017


...................................

...THE TUCSON AZ CLIMATE SUMMARY FOR MARCH 22 2017...
VALID TODAY AS OF 0500 PM LOCAL TIME.

CLIMATE NORMAL PERIOD 1981 TO 2010
CLIMATE RECORD PERIOD 1895 TO 2017


WEATHER ITEM   OBSERVED TIME   RECORD YEAR NORMAL DEPARTURE LAST
                VALUE   (LST)  VALUE       VALUE  FROM      YEAR
                                                  NORMAL
..................................................................
TEMPERATURE (F)
 TODAY
  MAXIMUM         85    257 PM  90    1990  76      9       86
                                      1934
                                      1910
  MINIMUM         57    649 AM  26    1955  47     10       53
  AVERAGE         71                        61     10       70

PRECIPITATION (IN)
  TODAY            0.00          0.41 1954   0.02  -0.02     0.00
  MONTH TO DATE    0.00                      0.55  -0.55     0.11
  SINCE OCT 1      3.06                      4.74  -1.68     4.70
  SINCE JAN 1      1.38                      2.35  -0.97     1.82

DEGREE DAYS
 HEATING
  TODAY            0                         5     -5        0
  MONTH TO DATE   27                       140   -113       33
  SINCE MAR 1     27                       140   -113       33
  SINCE JUL 1    908                      1407   -499     1161

 COOLING
  TODAY            6                         1      5        5
  MONTH TO DATE  137                        14    123       68
  SINCE MAR 1    137                        14    123       68
  SINCE JAN 1    146                        18    128      102
..................................................................


WIND (MPH)
  HIGHEST WIND SPEED    20   HIGHEST WIND DIRECTION    SW (240)
  HIGHEST GUST SPEED    27   HIGHEST GUST DIRECTION    NW (310)
  AVERAGE WIND SPEED     6.3


SKY COVER
  POSSIBLE SUNSHINE  MM
  AVERAGE SKY COVER 0.0


WEATHER CONDITIONS
 THE FOLLOWING WEATHER WAS RECORDED TODAY.
  NO SIGNIFICANT WEATHER WAS OBSERVED.


RELATIVE HUMIDITY (PERCENT)
 HIGHEST    43
 LOWEST     12
 AVERAGE    28

..........................................................


THE TUCSON AZ CLIMATE NORMALS FOR TOMORROW
                         NORMAL    RECORD    YEAR
 MAXIMUM TEMPERATURE (F)   76        92      1896
 MINIMUM TEMPERATURE (F)   47        25      1898


SUNRISE AND SUNSET
MARCH 22 2017.........SUNRISE   624 AM MST   SUNSET   637 PM MST
MARCH 23 2017.........SUNRISE   623 AM MST   SUNSET   638 PM MST


-  INDICATES NEGATIVE NUMBERS.
R  INDICATES RECORD WAS SET OR TIED.
MM INDICATES DATA IS MISSING.
T  INDICATES TRACE AMOUNT.




$$
